000
CXUS56 KPQR 251155
CF6SPB
PRELIMINARY LOCAL CLIMATOLOGICAL DATA (WS FORM: F-6)

                                          STATION:   SCAPPOOSE OR
                                          MONTH:     SEPTEMBER
                                          YEAR:      2022
                                          LATITUDE:   45 46 N
                                          LONGITUDE: 122 50 W

  TEMPERATURE IN F:       :PCPN:    SNOW:  WIND      :SUNSHINE: SKY     :PK WND
================================================================================
1   2   3   4   5  6A  6B    7    8   9   10  11  12  13   14  15   16   17  18
                                     12Z  AVG MX 2MIN
DY MAX MIN AVG DEP HDD CDD  WTR  SNW DPTH SPD SPD DIR MIN PSBL S-S WX    SPD DR
================================================================================

 1  91  52  72   6   0   7 0.00    M    M  3.6 13 340   M    M   0 1      16 340
 2  86  57  72   6   0   7 0.00    M    M  5.8 15 350   M    M   0        19 300
 3  77  57  67   1   0   2 0.00    M    M  3.3 12 140   M    M   7        14 140
 4  86  52  69   3   0   4 0.00    M    M  4.6 16 320   M    M   1        23 320
 5  81  52  67   1   0   2 0.00    M    M  8.8 17 350   M    M   0        24 320
 6  93  51  72   6   0   7    T    M    M  6.9 14 350   M    M   0        18  10
 7  83  59  71   6   0   6 0.00    M    M  7.8 20 360   M    M   0        25 360
 8  82  45  64  -1   1   0 0.00    M    M  7.0 16 360   M    M   0        21 330
 9  89  55  72   7   0   7 0.00    M    M  7.1 18  90   M    M   0        24  60
10  90  50  70   5   0   5 0.00    M    M  2.7  7 280   M    M   3 8       9 280
11  79  56  68   4   0   3 0.05    M    M  2.6  8 340   M    M   2 18     12 350
12  76  60  68   4   0   3    T    M    M  2.6 10 340   M    M   7 1      13 330
13  73  60  67   3   0   2 0.00    M    M  3.0  8 320   M    M  10        12 320
14  72  57  65   1   0   0 0.00    M    M  3.6  9 320   M    M  10        15  80
15  76  59  68   4   0   3 0.00    M    M  4.5 13 330   M    M   8        20 320
16  69  50  60  -3   5   0    T    M    M  3.5 12 360   M    M   7        14 360
17  73  45  59  -4   6   0 0.01    M    M  4.8 12 350   M    M   2        15 320
18  80  53  67   4   0   2 0.00    M    M  2.6 10 350   M    M   2        14 360
19  87  49  68   6   0   3 0.00    M    M  3.0 12  10   M    M   1        14  10
20  87  52  70   8   0   5 0.00    M    M  3.5  9 360   M    M   0        17 330
21  79  45  62   0   3   0 0.00    M    M  3.2  9  20   M    M   0        14 150
22  76  48  62   0   3   0 0.00    M    M  3.7 14 240   M    M   3        19 130
23  75  44  60  -1   5   0 0.00    M    M  3.9 14  20   M    M   0        18  10
24  80  48  64   3   1   0 0.00    M    M  5.1 12 330   M    M   0 1      16 330
================================================================================
SM 1940 1256        24  68  0.06    M    107.2          M       63
================================================================================
AV 80.8 52.3                               4.5 FASTST   M    M   3    MAX(MPH)
                                 MISC ---->    20 360                 25 360
================================================================================
NOTES:
# LAST OF SEVERAL OCCURRENCES

COLUMN 17 PEAK WIND IN M.P.H.

PRELIMINARY LOCAL CLIMATOLOGICAL DATA (WS FORM: F-6) , PAGE 2

                                          STATION:   SCAPPOOSE OR
                                          MONTH:     SEPTEMBER
                                          YEAR:      2022
                                          LATITUDE:   45 46 N
                                          LONGITUDE: 122 50 W

[TEMPERATURE DATA]      [PRECIPITATION DATA]       SYMBOLS USED IN COLUMN 16

AVERAGE MONTHLY: 66.6   TOTAL FOR MONTH:   0.06    1 = FOG OR MIST
DPTR FM NORMAL:   2.6   DPTR FM NORMAL:   -1.06    2 = FOG REDUCING VISIBILITY
HIGHEST:    93 ON  6    GRTST 24HR  0.05 ON 11-11      TO 1/4 MILE OR LESS
LOWEST:     44 ON 23                               3 = THUNDER
                        SNOW, ICE PELLETS, HAIL    4 = ICE PELLETS
                        TOTAL MONTH:  M            5 = HAIL
                        GRTST 24HR    M  ON   M    6 = FREEZING RAIN OR DRIZZLE
                        GRTST DEPTH:  M  ON   M    7 = DUSTSTORM OR SANDSTORM:
                                                       VSBY 1/2 MILE OR LESS
                                                   8 = SMOKE OR HAZE
[NO. OF DAYS WITH]      [WEATHER - DAYS WITH]      9 = BLOWING SNOW
                                                   X = TORNADO
MAX 32 OR BELOW:   0    0.01 INCH OR MORE:   2
MAX 90 OR ABOVE:   3    0.10 INCH OR MORE:   0
MIN 32 OR BELOW:   0    0.50 INCH OR MORE:   0
MIN  0 OR BELOW:   0    1.00 INCH OR MORE:   0

[HDD (BASE 65) ]
TOTAL THIS MO.    24    CLEAR  (SCALE 0-3)  18
DPTR FM NORMAL   -46    PTCLDY (SCALE 4-7)   4
TOTAL FM JUL 1    28    CLOUDY (SCALE 8-10)  2
DPTR FM NORMAL   -98

[CDD (BASE 65) ]
TOTAL THIS MO.    68
DPTR FM NORMAL    25    [PRESSURE DATA]
TOTAL FM JAN 1   571    HIGHEST SLP M ON M
DPTR FM NORMAL   241    LOWEST  SLP 29.68 ON 17

[REMARKS]
