000
CXUS54 KOUN 280810
CF6SPS
PRELIMINARY LOCAL CLIMATOLOGICAL DATA (WS FORM: F-6)

                                          STATION:   WICHITA FALLS
                                          MONTH:     SEPTEMBER
                                          YEAR:      2022
                                          LATITUDE:   33 58 N
                                          LONGITUDE:  98 29 W

  TEMPERATURE IN F:       :PCPN:    SNOW:  WIND      :SUNSHINE: SKY     :PK WND
================================================================================
1   2   3   4   5  6A  6B    7    8   9   10  11  12  13   14  15   16   17  18
                                     12Z  AVG MX 2MIN
DY MAX MIN AVG DEP HDD CDD  WTR  SNW DPTH SPD SPD DIR MIN PSBL S-S WX    SPD DR
================================================================================

 1  88  72  80  -1   0  15 0.06  0.0    0  9.5 18 200   M    M   5        22 220
 2  96  71  84   4   0  19 0.00  0.0    0  9.2 28 160   M    M   1        33 160
 3  97  70  84   4   0  19 0.00  0.0    0  5.5 16  50   M    M   0        20  40
 4  98  67  83   3   0  18 0.03  0.0    0  7.9 23 130   M    M   1 3      28 120
 5  97  64  81   1   0  16 0.00  0.0    0  5.6 15 100   M    M   0        20  70
 6  96  66  81   2   0  16 0.00  0.0    0  5.2 14  20   M    M   1        21  70
 7  95  65  80   1   0  15 0.00  0.0    0 10.9 20  50   M    M   1        28  70
 8  92  64  78  -1   0  13 0.00  0.0    0  7.0 15 130   M    M   2        18 110
 9  92  65  79   1   0  14 0.00  0.0    0  9.5 21 140   M    M   1        24 140
10  92  61  77  -1   0  12 0.00  0.0    0  9.0 29  20   M    M   0        37  20
11  82  62  72  -6   0   7 0.00  0.0    0 12.6 23  10   M    M   5        26 360
12  88  58  73  -4   0   8 0.00  0.0    0  6.0 13 170   M    M   3        18 190
13  97  64  81   4   0  16 0.00  0.0    0 10.4 20 170   M    M   2        25 160
14  95  66  81   4   0  16 0.00  0.0    0 12.7 22 120   M    M   3        27 140
15  93  61  77   1   0  12 0.00  0.0    0 11.7 22 130   M    M   1        27 170
16  96  68  82   6   0  17 0.00  0.0    0 14.7 22 130   M    M   1        29 180
17  99  73  86  10   0  21 0.00  0.0    0 15.2 24 200   M    M   0        30 200
18  99  73  86  11   0  21 0.00  0.0    0 13.3 22 170   M    M   1        27 180
19 100  68  84   9   0  19 0.00  0.0    0 11.2 20 140   M    M   2        24 180
20 100  69  85  10   0  20 0.00  0.0    0 11.9 18 180   M    M   2        25 200
21 100  74  87  13   0  22 0.00  0.0    0 11.5 20 200   M    M   5        35 180
22  94  66  80   6   0  15 0.00  0.0    M 10.9 20  20   M    M   2        23  30
23  98  58  78   4   0  13 0.00  0.0    M  9.1 20 190   M    M   1        24 210
24  98  70  84  11   0  19 0.00  0.0    M 10.8 21 200   M    M   0        28 200
25  98  63  81   8   0  16 0.00  0.0    M 11.3 28  20   M    M   1        34  20
26  89  55  72   0   0   7 0.00  0.0    M  6.7 16  50   M    M   0        23  50
27  94  56  75   3   0  10 0.00  0.0    M  8.4 20 200   M    M   0        30 190
================================================================================
SM 2563 1769         0 416  0.09  0.0    267.7          M       41
================================================================================
AV 94.9 65.5                               9.9 FASTST   M    M   2    MAX(MPH)
                                 MISC ---->    29  20                 37  20
================================================================================
NOTES:
# LAST OF SEVERAL OCCURRENCES

COLUMN 17 PEAK WIND IN M.P.H.

PRELIMINARY LOCAL CLIMATOLOGICAL DATA (WS FORM: F-6) , PAGE 2

                                          STATION:   WICHITA FALLS
                                          MONTH:     SEPTEMBER
                                          YEAR:      2022
                                          LATITUDE:   33 58 N
                                          LONGITUDE:  98 29 W

[TEMPERATURE DATA]      [PRECIPITATION DATA]       SYMBOLS USED IN COLUMN 16

AVERAGE MONTHLY: 80.2   TOTAL FOR MONTH:   0.09    1 = FOG OR MIST
DPTR FM NORMAL:   3.6   DPTR FM NORMAL:   -2.63    2 = FOG REDUCING VISIBILITY
HIGHEST:   100 ON 21,20  GRTST 24HR  0.06 ON  1- 1      TO 1/4 MILE OR LESS
LOWEST:     55 ON 26                               3 = THUNDER
                        SNOW, ICE PELLETS, HAIL    4 = ICE PELLETS
                        TOTAL MONTH:   0.0 INCH    5 = HAIL
                        GRTST 24HR  0.0            6 = FREEZING RAIN OR DRIZZLE
                        GRTST DEPTH:  0            7 = DUSTSTORM OR SANDSTORM:
                                                       VSBY 1/2 MILE OR LESS
                                                   8 = SMOKE OR HAZE
[NO. OF DAYS WITH]      [WEATHER - DAYS WITH]      9 = BLOWING SNOW
                                                   X = TORNADO
MAX 32 OR BELOW:   0    0.01 INCH OR MORE:   2
MAX 90 OR ABOVE:  23    0.10 INCH OR MORE:   0
MIN 32 OR BELOW:   0    0.50 INCH OR MORE:   0
MIN  0 OR BELOW:   0    1.00 INCH OR MORE:   0

[HDD (BASE 65) ]
TOTAL THIS MO.     0    CLEAR  (SCALE 0-3)  24
DPTR FM NORMAL    -2    PTCLDY (SCALE 4-7)   3
TOTAL FM JUL 1     0    CLOUDY (SCALE 8-10)  0
DPTR FM NORMAL    -2

[CDD (BASE 65) ]
TOTAL THIS MO.   416
DPTR FM NORMAL    95    [PRESSURE DATA]
TOTAL FM JAN 1  2925    HIGHEST SLP M ON M
DPTR FM NORMAL   616    LOWEST  SLP 29.72 ON  9

[REMARKS]
