000
CXUS53 KLSX 281400
CF6STL
PRELIMINARY LOCAL CLIMATOLOGICAL DATA (WS FORM: F-6)

                                          STATION:   ST. LOUIS
                                          MONTH:     SEPTEMBER
                                          YEAR:      2022
                                          LATITUDE:   38 45 N
                                          LONGITUDE:  90 23 W

  TEMPERATURE IN F:       :PCPN:    SNOW:  WIND      :SUNSHINE: SKY     :PK WND
================================================================================
1   2   3   4   5  6A  6B    7    8   9   10  11  12  13   14  15   16   17  18
                                     12Z  AVG MX 2MIN
DY MAX MIN AVG DEP HDD CDD  WTR  SNW DPTH SPD SPD DIR MIN PSBL S-S WX    SPD DR
================================================================================

 1  86  66  76   0   0  11 0.00  0.0    0  6.1 13 120   M    M   7        19 140
 2  83  71  77   1   0  12 0.03  0.0    0  3.9 10 250   M    M   9        14 150
 3  79  66  73  -2   0   8 0.19  0.0    0  4.1 13 110   M    M   8 18     17 210
 4  75  69  72  -3   0   7 0.51  0.0    0  5.8 10  30   M    M   9 1      14  10
 5  79  71  75   0   0  10 0.14  0.0    0  7.2 14  40   M    M  10 1      20  40
 6  81  70  76   2   0  11 0.00  0.0    0  5.2 10 350   M    M   8        14 330
 7  84  65  75   1   0  10 0.00  0.0    0  5.4 16 350   M    M   2        22 340
 8  83  63  73  -1   0   8 0.00  0.0    0  3.0 10  40   M    M   2        14  50
 9  85  63  74   1   0   9 0.00  0.0    0  4.6 12 110   M    M   2        15 120
10  87  65  76   3   0  11 0.33  0.0    0  4.1 36 210   M    M   7 138    47 200
11  75  57  66  -7   0   1 0.33  0.0    0  9.3 20 330   M    M   7 1      29 330
12  79  56  68  -4   0   3 0.00  0.0    0  9.6 25 280   M    M   4        35 290
13  82  55  69  -3   0   4 0.00  0.0    0  2.9 10 310   M    M   5        15 320
14  85  56  71  -1   0   6 0.00  0.0    0  3.8 10  90   M    M   3        14 120
15  84  63  74   3   0   9 0.00  0.0    0  6.3 13 130   M    M   3        20 120
16  87  64  76   5   0  11 0.00  0.0    0  6.4 14 190   M    M   4        20 220
17  89  71  80   9   0  15 0.00  0.0    0  9.1 18 220   M    M   2        25 190
18  88  69  79   9   0  14 0.08  0.0    0  9.4 18 220   M    M   6 13     23 240
19  95  74  85  15   0  20    T  0.0    0  6.9 15 280   M    M   6        24 220
20  97  74  86  16   0  21 0.00  0.0    M  6.6 15 250   M    M   3        19 240
21  96  69  83  14   0  18 0.06  0.0    0  8.6 21 330   M    M   5 38     30 330
22  73  56  65  -4   0   0    T  0.0    0  9.4 17  10   M    M   8        24 350
23  61  56  59  -9   6   0 0.06  0.0    0  9.7 17 120   M    M   9        22 130
24  87  54  71   3   0   6 0.00  0.0    0  4.6 20 280   M    M   1        24 290
25  81  60  71   3   0   6 0.00  0.0    0  9.8 23 280   M    M   2        30 290
26  74  53  64  -3   1   0 0.00  0.0    0  9.5 24 290   M    M   3        33 290
27  75  49  62  -5   3   0 0.00  0.0    0  7.3 16 330   M    M   2        23 340
================================================================================
SM 2230 1705        10 231  1.73  0.0    178.6          M      137
================================================================================
AV 82.6 63.1                               6.6 FASTST   M    M   5    MAX(MPH)
                                 MISC ---->    36 210                 47 200
================================================================================
NOTES:
# LAST OF SEVERAL OCCURRENCES

COLUMN 17 PEAK WIND IN M.P.H.

PRELIMINARY LOCAL CLIMATOLOGICAL DATA (WS FORM: F-6) , PAGE 2

                                          STATION:   ST. LOUIS
                                          MONTH:     SEPTEMBER
                                          YEAR:      2022
                                          LATITUDE:   38 45 N
                                          LONGITUDE:  90 23 W

[TEMPERATURE DATA]      [PRECIPITATION DATA]       SYMBOLS USED IN COLUMN 16

AVERAGE MONTHLY: 72.9   TOTAL FOR MONTH:   1.73    1 = FOG OR MIST
DPTR FM NORMAL:   1.3   DPTR FM NORMAL:   -0.96    2 = FOG REDUCING VISIBILITY
HIGHEST:    97 ON 20    GRTST 24HR  0.66 ON 10-11      TO 1/4 MILE OR LESS
LOWEST:     49 ON 27                               3 = THUNDER
                        SNOW, ICE PELLETS, HAIL    4 = ICE PELLETS
                        TOTAL MONTH:   0.0 INCH    5 = HAIL
                        GRTST 24HR  0.0            6 = FREEZING RAIN OR DRIZZLE
                        GRTST DEPTH:  0            7 = DUSTSTORM OR SANDSTORM:
                                                       VSBY 1/2 MILE OR LESS
                                                   8 = SMOKE OR HAZE
[NO. OF DAYS WITH]      [WEATHER - DAYS WITH]      9 = BLOWING SNOW
                                                   X = TORNADO
MAX 32 OR BELOW:   0    0.01 INCH OR MORE:   9
MAX 90 OR ABOVE:   3    0.10 INCH OR MORE:   5
MIN 32 OR BELOW:   0    0.50 INCH OR MORE:   1
MIN  0 OR BELOW:   0    1.00 INCH OR MORE:   0

[HDD (BASE 65) ]
TOTAL THIS MO.    10    CLEAR  (SCALE 0-3)   9
DPTR FM NORMAL   -11    PTCLDY (SCALE 4-7)  14
TOTAL FM JUL 1    10    CLOUDY (SCALE 8-10)  4
DPTR FM NORMAL   -12

[CDD (BASE 65) ]
TOTAL THIS MO.   231
DPTR FM NORMAL    30    [PRESSURE DATA]
TOTAL FM JAN 1  1925    HIGHEST SLP M ON M
DPTR FM NORMAL   274    LOWEST  SLP 29.81 ON 24

[REMARKS]
