000
CXUS53 KLSX 271400
CF6SUS
PRELIMINARY LOCAL CLIMATOLOGICAL DATA (WS FORM: F-6)

                                          STATION:   SPIRIT OF ST LOUIS MO
                                          MONTH:     SEPTEMBER
                                          YEAR:      2022
                                          LATITUDE:   38 39 N
                                          LONGITUDE:  90 38 W

  TEMPERATURE IN F:       :PCPN:    SNOW:  WIND      :SUNSHINE: SKY     :PK WND
================================================================================
1   2   3   4   5  6A  6B    7    8   9   10  11  12  13   14  15   16   17  18
                                     12Z  AVG MX 2MIN
DY MAX MIN AVG DEP HDD CDD  WTR  SNW DPTH SPD SPD DIR MIN PSBL S-S WX    SPD DR
================================================================================

 1  86  56  71  -3   0   6 0.00  0.0    0  2.6 10 100   M    M   0 12     18 100
 2  81  63  72  -1   0   7 0.09  0.0    0  1.9  9 210   M    M   3 18     13 200
 3  77  64  71  -2   0   6 0.14  0.0    0  2.8  8  60   M    M   7 18     11 140
 4  74  63  69  -4   0   4 0.17  0.0    0  4.8 12  40   M    M   9 128    16  30
 5  77  69  73   1   0   8 0.68  0.0    0  5.3 13  40   M    M   9 1      16  50
 6  79  64  72   0   0   7 0.00  0.0    0  3.0  8 300   M    M   7 1      11 330
 7  84  59  72   0   0   7 0.00  0.0    0  3.1 14 340   M    M   3 12     18  20
 8  82  56  69  -2   0   4 0.00  0.0    0  1.8  9  40   M    M   2 12     15  50
 9  83  55  69  -2   0   4 0.00  0.0    0  1.8  9 170   M    M   2 128    13 180
10  87  58  73   2   0   8 0.00  0.0    0  1.7 16 160   M    M   4 13     28 160
11  74  53  64  -6   1   0 0.18  0.0    0  8.9 20 320   M    M   7 1      29 310
12  79  50  65  -5   0   0 0.00  0.0    0  8.0 26 300   M    M   2        35 280
13  81  47  64  -6   1   0 0.00  0.0    0  2.0  8 280   M    M   1 12     12 240
14  85  49  67  -2   0   2 0.00  0.0    0  1.8  9  70   M    M   0 1      13  80
15  84  52  68  -1   0   3 0.00  0.0    0  2.6 10 160   M    M   0 1      16 160
16  85  55  70   1   0   5 0.00  0.0    0  3.1 13 250   M    M   2 128    17 220
17  88  62  75   7   0  10 0.00  0.0    0  5.2 15 200   M    M   1        25 220
18  85  65  75   7   0  10 0.31  0.0    0  5.6 17 200   M    M   2 13     23 200
19  94  71  83  15   0  18 0.00    M    M  5.3 14 250   M    M   0 1      21 260
20  96  66  81  14   0  16 0.00    M    M  2.8 13 250   M    M   1 12     18 250
21  95  67  81  14   0  16 0.26  0.0    0  5.4 30 220   M    M   3 13     45 230
22  72  51  62  -4   3   0    T  0.0    0  6.1 15  20   M    M   1        21  20
23  60  50  55 -11  10   0 0.06  0.0    0  4.9 13  90   M    M   6 1      19  80
24  85  49  67   1   0   2 0.00  0.0    0  2.9 14 290   M    M   0 1      19 280
25  79  53  66   1   0   1 0.00  0.0    0  8.6 23 310   M    M   0        33 270
26  72  45  59  -6   6   0 0.00  0.0    0  9.1 25 300   M    M   0        34 320
================================================================================
SM 2124 1492        21 144  1.89  0.0    111.1          M       72
================================================================================
AV 81.7 57.4                               4.3 FASTST   M    M   3    MAX(MPH)
                                 MISC ---->    30 220                 45 230
================================================================================
NOTES:
# LAST OF SEVERAL OCCURRENCES

COLUMN 17 PEAK WIND IN M.P.H.

PRELIMINARY LOCAL CLIMATOLOGICAL DATA (WS FORM: F-6) , PAGE 2

                                          STATION:   SPIRIT OF ST LOUIS MO
                                          MONTH:     SEPTEMBER
                                          YEAR:      2022
                                          LATITUDE:   38 39 N
                                          LONGITUDE:  90 38 W

[TEMPERATURE DATA]      [PRECIPITATION DATA]       SYMBOLS USED IN COLUMN 16

AVERAGE MONTHLY: 69.5   TOTAL FOR MONTH:   1.89    1 = FOG OR MIST
DPTR FM NORMAL:   0.1   DPTR FM NORMAL:   -0.75    2 = FOG REDUCING VISIBILITY
HIGHEST:    96 ON 20    GRTST 24HR  0.85 ON  4- 5      TO 1/4 MILE OR LESS
LOWEST:     45 ON 26                               3 = THUNDER
                        SNOW, ICE PELLETS, HAIL    4 = ICE PELLETS
                        TOTAL MONTH:   0.0 INCH    5 = HAIL
                        GRTST 24HR  0.0            6 = FREEZING RAIN OR DRIZZLE
                        GRTST DEPTH:  0            7 = DUSTSTORM OR SANDSTORM:
                                                       VSBY 1/2 MILE OR LESS
                                                   8 = SMOKE OR HAZE
[NO. OF DAYS WITH]      [WEATHER - DAYS WITH]      9 = BLOWING SNOW
                                                   X = TORNADO
MAX 32 OR BELOW:   0    0.01 INCH OR MORE:   8
MAX 90 OR ABOVE:   3    0.10 INCH OR MORE:   6
MIN 32 OR BELOW:   0    0.50 INCH OR MORE:   1
MIN  0 OR BELOW:   0    1.00 INCH OR MORE:   0

[HDD (BASE 65) ]
TOTAL THIS MO.    21    CLEAR  (SCALE 0-3)  19
DPTR FM NORMAL   -12    PTCLDY (SCALE 4-7)   5
TOTAL FM JUL 1    21    CLOUDY (SCALE 8-10)  2
DPTR FM NORMAL   -14

[CDD (BASE 65) ]
TOTAL THIS MO.   144
DPTR FM NORMAL    -7    [PRESSURE DATA]
TOTAL FM JAN 1  1487    HIGHEST SLP M ON M
DPTR FM NORMAL    86    LOWEST  SLP 29.82 ON 24

[REMARKS]
