000
CXUS54 KEPZ 281030
CF6SVC
PRELIMINARY LOCAL CLIMATOLOGICAL DATA (WS FORM: F-6)

                                          STATION:   SILVER CITY
                                          MONTH:     SEPTEMBER
                                          YEAR:      2022
                                          LATITUDE:   32 37 N
                                          LONGITUDE: 108 10 W

  TEMPERATURE IN F:       :PCPN:    SNOW:  WIND      :SUNSHINE: SKY     :PK WND
================================================================================
1   2   3   4   5  6A  6B    7    8   9   10  11  12  13   14  15   16   17  18
                                     12Z  AVG MX 2MIN
DY MAX MIN AVG DEP HDD CDD  WTR  SNW DPTH SPD SPD DIR MIN PSBL S-S WX    SPD DR
================================================================================

 1  84  60  72   M   0   7 0.00    M    M  6.0 17  90   M    M   4        22  90
 2  88  56  72   M   0   7 0.00  0.0    0  7.5 17 110   M    M   0        23 110
 3  87  62  75   M   0  10 0.01    M    M 12.0 21 110   M    M   2        36 100
 4  86  60  73   M   0   8 0.00    M    M 10.2 20 110   M    M   0        27 110
 5  87  57  72   M   0   7 0.00    M    M  6.9 13 120   M    M   0        20 150
 6  89  59  74   M   0   9 0.00    M    M  7.9 13 110   M    M   0        25 110
 7  88  55  72   M   0   7 0.00    M    M  7.4 12 110   M    M   0        21 110
 8  87  59  73   M   0   8 0.00    M    M  6.7 14 140   M    M   0        20 140
 9  89  59  74   M   0   9 0.00    M    M  7.6 12 290   M    M   0        17 300
10  89  59  74   M   0   9 0.03    M    M  8.6 16  10   M    M   4        21 340
11  85  64  75   M   0  10 0.00    M    M 12.3 17  80   M    M   3        26 130
12  85  58  72   M   0   7 0.08    M    M  9.0 21 280   M    M   5 3      29  10
13  83  55  69   M   0   4 0.00    M    M  5.2 25 290   M    M   2        30 290
14  82  51  67   M   0   2 0.01    M    M  6.3 13 290   M    M   2        21 290
15  86  52  69   M   0   4 0.00    M    M  7.2 14 180   M    M   1        18 200
16  88  54  71   M   0   6 0.00    M    M  7.7 14 210   M    M   2        21 230
17  90  59  75   M   0  10 0.00    M    M  6.9 13 180   M    M   5        20 190
18  89  57  73   M   0   8 0.14    M    M  7.6 21  90   M    M   6 3      28  90
19  87  59  73   M   0   8 0.00  0.0    0  7.3 14 120   M    M   4        20 110
20  87  63  75   M   0  10 0.32    M    M  7.5 16 290   M    M   7        24 290
21  85  61  73   M   0   8 0.08    M    M  5.8 12 150   M    M   4         M   M
22  88  62  75   M   0  10 0.00    M    M  7.2 15 150   M    M   5        18 150
23  88  60  74   M   0   9 0.00    M    M  8.0 12 350   M    M   8        21 340
24  87  58  73   M   0   8 0.00  0.0    0  6.6 13  80   M    M   6        27 100
25  88  57  73   M   0   8 0.00  0.0    0  9.1 23 110   M    M   5        29 110
26  81  58  70   M   0   5 0.00    M    M  9.4 18 140   M    M   5 3      23 140
27  82  56  69   M   0   4 0.00    M    M 10.2 20 130   M    M   0        24 110
================================================================================
SM 2335 1570         0 202  0.67  0.0    214.0          M       80
================================================================================
AV 86.5 58.1                               7.9 FASTST   M    M   3    MAX(MPH)
                                 MISC ---->    25 290                 36 100
================================================================================
NOTES:
# LAST OF SEVERAL OCCURRENCES

COLUMN 17 PEAK WIND IN M.P.H.

PRELIMINARY LOCAL CLIMATOLOGICAL DATA (WS FORM: F-6) , PAGE 2

                                          STATION:   SILVER CITY
                                          MONTH:     SEPTEMBER
                                          YEAR:      2022
                                          LATITUDE:   32 37 N
                                          LONGITUDE: 108 10 W

[TEMPERATURE DATA]      [PRECIPITATION DATA]       SYMBOLS USED IN COLUMN 16

AVERAGE MONTHLY: 72.3   TOTAL FOR MONTH:   0.67    1 = FOG OR MIST
DPTR FM NORMAL:   0.0   DPTR FM NORMAL:    0.67    2 = FOG REDUCING VISIBILITY
HIGHEST:    90 ON 17    GRTST 24HR  0.32 ON 20-20      TO 1/4 MILE OR LESS
LOWEST:     51 ON 14                               3 = THUNDER
                        SNOW, ICE PELLETS, HAIL    4 = ICE PELLETS
                        TOTAL MONTH:   0.0 INCH    5 = HAIL
                        GRTST 24HR  0.0            6 = FREEZING RAIN OR DRIZZLE
                        GRTST DEPTH:  0            7 = DUSTSTORM OR SANDSTORM:
                                                       VSBY 1/2 MILE OR LESS
                                                   8 = SMOKE OR HAZE
[NO. OF DAYS WITH]      [WEATHER - DAYS WITH]      9 = BLOWING SNOW
                                                   X = TORNADO
MAX 32 OR BELOW:   0    0.01 INCH OR MORE:   7
MAX 90 OR ABOVE:   1    0.10 INCH OR MORE:   2
MIN 32 OR BELOW:   0    0.50 INCH OR MORE:   0
MIN  0 OR BELOW:   0    1.00 INCH OR MORE:   0

[HDD (BASE 65) ]
TOTAL THIS MO.     0    CLEAR  (SCALE 0-3)  13
DPTR FM NORMAL     M    PTCLDY (SCALE 4-7)  14
TOTAL FM JUL 1     0    CLOUDY (SCALE 8-10)  0
DPTR FM NORMAL     M

[CDD (BASE 65) ]
TOTAL THIS MO.   202
DPTR FM NORMAL     M    [PRESSURE DATA]
TOTAL FM JAN 1  1510    HIGHEST SLP M ON M
DPTR FM NORMAL     M    LOWEST  SLP M ON M

[REMARKS]
