000
CXUS54 KFWD 280730
CF6T35
PRELIMINARY LOCAL CLIMATOLOGICAL DATA (WS FORM: F-6)

                                          STATION:   CAMERON
                                          MONTH:     SEPTEMBER
                                          YEAR:      2022
                                          LATITUDE:   30 52 N
                                          LONGITUDE:  96 58 W

  TEMPERATURE IN F:       :PCPN:    SNOW:  WIND      :SUNSHINE: SKY     :PK WND
================================================================================
1   2   3   4   5  6A  6B    7    8   9   10  11  12  13   14  15   16   17  18
                                     12Z  AVG MX 2MIN
DY MAX MIN AVG DEP HDD CDD  WTR  SNW DPTH SPD SPD DIR MIN PSBL S-S WX    SPD DR
================================================================================

 1  95  73  84   M   0  19 1.25    M    M  3.2 13  70   M    M   3 3      20  70
 2  90  73  82   M   0  17 0.00    M    M  2.2  8 170   M    M   3        17 100
 3  91  74  83   M   0  18 0.00    M    M  3.4  9 190   M    M   1 1       M   M
 4  91  71  81   M   0  16 0.09    M    M  4.3 16  20   M    M   1        30 200
 5  92  69  81   M   0  16 0.00    M    M  3.7  9 180   M    M   0         M   M
 6  92  73  83   M   0  18 0.00    M    M  6.3 10 200   M    M   0         M   M
 7  94  72  83   M   0  18 0.07    M    M  4.6 13 200   M    M   4 3      18 140
 8  91  70  81   M   0  16 0.00    M    M  2.3  9  70   M    M   3         M   M
 9  91  70  81   M   0  16 0.00    M    M  2.9  8 150   M    M   5         M   M
10  92  70  81   M   0  16 0.00    M    M  1.6  8 130   M    M   4         M   M
11  90  70  80   M   0  15 0.00    M    M  5.6 13 360   M    M   2        18  20
12  91  66  79   M   0  14 0.00    M    M  3.1  9 350   M    M   0         M   M
13  92  67  80   M   0  15 0.00    M    M  2.9  9 140   M    M   2         M   M
14  90  67  79   M   0  14 0.00    M    M  2.6  7  60   M    M   2         M   M
15  91  63  77   M   0  12 0.00    M    M  3.2  9 120   M    M   1         M   M
16  95  69  82   M   0  17 0.00    M    M  4.3  9 150   M    M   3         M   M
17  96  76  86   M   0  21 0.00    M    M  6.8 10 150   M    M   4        17 200
18  96  70  83   M   0  18 0.00    M    M  4.7  9 170   M    M   1 1       M   M
19  96  72  84   M   0  19 0.00    M    M  4.9 10 170   M    M   1         M   M
20  96  73  85   M   0  20 0.00    M    M  4.7 10 180   M    M   1         M   M
21  97  71  84   M   0  19 0.00    M    M  2.7  8 170   M    M   0        16 170
22  99  69  84   M   0  19 0.00    M    M  3.1  8 160   M    M   1        16 160
23  99  70  85   M   0  20 0.00    M    M  3.5 10 190   M    M   2        23 160
24  95  70  83   M   0  18 0.00    M    M  5.1 13 190   M    M   2        18 190
25  97  69  83   M   0  18 0.00    M    M  3.8 12 270   M    M   2         M   M
26  92  66  79   M   0  14 0.00    M    M  7.6 14  30   M    M   0        22  20
27  93  57  75   M   0  10 0.00    M    M  3.5  9  80   M    M   0        18  80
================================================================================
SM 2524 1880         0 453  1.41    M    106.4          M       48
================================================================================
AV 93.5 69.6                               3.9 FASTST   M    M   2    MAX(MPH)
                                 MISC ---->    16  20                 30 200
================================================================================
NOTES:
# LAST OF SEVERAL OCCURRENCES

COLUMN 17 PEAK WIND IN M.P.H.

PRELIMINARY LOCAL CLIMATOLOGICAL DATA (WS FORM: F-6) , PAGE 2

                                          STATION:   CAMERON
                                          MONTH:     SEPTEMBER
                                          YEAR:      2022
                                          LATITUDE:   30 52 N
                                          LONGITUDE:  96 58 W

[TEMPERATURE DATA]      [PRECIPITATION DATA]       SYMBOLS USED IN COLUMN 16

AVERAGE MONTHLY: 81.6   TOTAL FOR MONTH:   1.41    1 = FOG OR MIST
DPTR FM NORMAL:   0.0   DPTR FM NORMAL:    1.41    2 = FOG REDUCING VISIBILITY
HIGHEST:    99 ON 23,22  GRTST 24HR  1.25 ON  1- 1      TO 1/4 MILE OR LESS
LOWEST:     57 ON 27                               3 = THUNDER
                        SNOW, ICE PELLETS, HAIL    4 = ICE PELLETS
                        TOTAL MONTH:  M            5 = HAIL
                        GRTST 24HR    M  ON   M    6 = FREEZING RAIN OR DRIZZLE
                        GRTST DEPTH:  M  ON   M    7 = DUSTSTORM OR SANDSTORM:
                                                       VSBY 1/2 MILE OR LESS
                                                   8 = SMOKE OR HAZE
[NO. OF DAYS WITH]      [WEATHER - DAYS WITH]      9 = BLOWING SNOW
                                                   X = TORNADO
MAX 32 OR BELOW:   0    0.01 INCH OR MORE:   3
MAX 90 OR ABOVE:  27    0.10 INCH OR MORE:   1
MIN 32 OR BELOW:   0    0.50 INCH OR MORE:   1
MIN  0 OR BELOW:   0    1.00 INCH OR MORE:   1

[HDD (BASE 65) ]
TOTAL THIS MO.     0    CLEAR  (SCALE 0-3)  22
DPTR FM NORMAL     M    PTCLDY (SCALE 4-7)   5
TOTAL FM JUL 1     0    CLOUDY (SCALE 8-10)  0
DPTR FM NORMAL     M

[CDD (BASE 65) ]
TOTAL THIS MO.   453
DPTR FM NORMAL     M    [PRESSURE DATA]
TOTAL FM JAN 1  2933    HIGHEST SLP M ON M
DPTR FM NORMAL     M    LOWEST  SLP M ON M

[REMARKS]
