000
CXUS54 KEWX 281010
CF6T74
PRELIMINARY LOCAL CLIMATOLOGICAL DATA (WS FORM: F-6)

                                          STATION:   TAYLOR MUNICIPAL AIRPORT
                                          MONTH:     SEPTEMBER
                                          YEAR:      2022
                                          LATITUDE:   30 34 N
                                          LONGITUDE:  97 27 W

  TEMPERATURE IN F:       :PCPN:    SNOW:  WIND      :SUNSHINE: SKY     :PK WND
================================================================================
1   2   3   4   5  6A  6B    7    8   9   10  11  12  13   14  15   16   17  18
                                     12Z  AVG MX 2MIN
DY MAX MIN AVG DEP HDD CDD  WTR  SNW DPTH SPD SPD DIR MIN PSBL S-S WX    SPD DR
================================================================================

 1  93  73  83   M   0  18 0.87    M    M  4.9 18 110   M    M   4 13     25 110
 2  91  72  82   M   0  17 0.00    M    M  3.1  7 130   M    M   2 1       M   M
 3  86  72  79   M   0  14 0.11    M    M  3.1 12  90   M    M   3 1       M   M
 4  91  69  80   M   0  15 0.06    M    M  5.0 15 170   M    M   1 1      36 160
 5  92  65  79   M   0  14 0.00    M    M  4.2 12 170   M    M   1 1       M   M
 6  93  71  82   M   0  17 0.00    M    M  6.9 10 170   M    M   1        17 190
 7  95  72  84   M   0  19 0.00    M    M  4.4  9 150   M    M   4        17   0
 8  92  68  80   M   0  15 0.00    M    M  4.6 12  70   M    M   2         M   M
 9  92  66  79   M   0  14 0.00    M    M  3.1  8  70   M    M   4 8       M   M
10  93  68  81   M   0  16 0.00    M    M  3.8  8  80   M    M   5 1       M   M
11  89  69  79   M   0  14 0.00    M    M  7.0 15  10   M    M   4        20 360
12  89  64  77   M   0  12 0.00    M    M  4.4  7 310   M    M   3         M   M
13  92  63  78   M   0  13 0.00    M    M  3.9 10 110   M    M   4         M   M
14  91  63  77   M   0  12 0.00    M    M  4.3 10 120   M    M   2 18     18  80
15  91  59  75   M   0  10 0.00    M    M  5.2 12 120   M    M   4        18 120
16  94  69  82   M   0  17 0.00    M    M  5.0  9 140   M    M   5 12      M   M
17  97  74  86   M   0  21 0.00    M    M  8.8 17 140   M    M   6 1      26 140
18  96  70  83   M   0  18 0.00    M    M  6.4 12 120   M    M   3 1      20 130
19  96  69  83   M   0  18 0.00    M    M  5.4 10 160   M    M   4        21 100
20  97  71  84   M   0  19 0.00  0.0    M  6.2 12 100   M    M   1 8      16 120
21  96  68  82   M   0  17 0.00  0.0    M  4.0 12 130   M    M   0 8      17 130
22  97  64  81   M   0  16 0.00    M    M  3.1  9  30   M    M   1         M   M
23  98  65  82   M   0  17 0.00    M    M  4.1 10 170   M    M   2         M   M
24  96  67  82   M   0  17 0.00    M    M  6.6 12 140   M    M   2        25 140
25  95  69  82   M   0  17 0.00    M    M  3.0 10  90   M    M   2         M   M
26  92  58  75   M   0  10 0.00    M    M 10.5 17  10   M    M   1        25  30
27  91  50  71   M   0   6 0.00    M    M  3.4 10  70   M    M   0        18  30
================================================================================
SM 2515 1808         0 413  1.04  0.0    134.4          M       71
================================================================================
AV 93.1 67.0                               5.0 FASTST   M    M   3    MAX(MPH)
                                 MISC ---->    18 110                 36 160
================================================================================
NOTES:
# LAST OF SEVERAL OCCURRENCES

COLUMN 17 PEAK WIND IN M.P.H.

PRELIMINARY LOCAL CLIMATOLOGICAL DATA (WS FORM: F-6) , PAGE 2

                                          STATION:   TAYLOR MUNICIPAL AIRPORT
                                          MONTH:     SEPTEMBER
                                          YEAR:      2022
                                          LATITUDE:   30 34 N
                                          LONGITUDE:  97 27 W

[TEMPERATURE DATA]      [PRECIPITATION DATA]       SYMBOLS USED IN COLUMN 16

AVERAGE MONTHLY: 80.1   TOTAL FOR MONTH:   1.04    1 = FOG OR MIST
DPTR FM NORMAL:   0.0   DPTR FM NORMAL:    1.04    2 = FOG REDUCING VISIBILITY
HIGHEST:    98 ON 23    GRTST 24HR  0.87 ON  1- 1      TO 1/4 MILE OR LESS
LOWEST:     50 ON 27                               3 = THUNDER
                        SNOW, ICE PELLETS, HAIL    4 = ICE PELLETS
                        TOTAL MONTH:   0.0 INCH    5 = HAIL
                        GRTST 24HR  0.0            6 = FREEZING RAIN OR DRIZZLE
                        GRTST DEPTH:  M  ON   M    7 = DUSTSTORM OR SANDSTORM:
                                                       VSBY 1/2 MILE OR LESS
                                                   8 = SMOKE OR HAZE
[NO. OF DAYS WITH]      [WEATHER - DAYS WITH]      9 = BLOWING SNOW
                                                   X = TORNADO
MAX 32 OR BELOW:   0    0.01 INCH OR MORE:   3
MAX 90 OR ABOVE:  24    0.10 INCH OR MORE:   2
MIN 32 OR BELOW:   0    0.50 INCH OR MORE:   1
MIN  0 OR BELOW:   0    1.00 INCH OR MORE:   0

[HDD (BASE 65) ]
TOTAL THIS MO.     0    CLEAR  (SCALE 0-3)  16
DPTR FM NORMAL     M    PTCLDY (SCALE 4-7)  11
TOTAL FM JUL 1     0    CLOUDY (SCALE 8-10)  0
DPTR FM NORMAL     M

[CDD (BASE 65) ]
TOTAL THIS MO.   413
DPTR FM NORMAL     M    [PRESSURE DATA]
TOTAL FM JAN 1  3169    HIGHEST SLP M ON M
DPTR FM NORMAL     M    LOWEST  SLP M ON M

[REMARKS]
