000
CXUS52 KTBW 281000
CF6TBW
PRELIMINARY LOCAL CLIMATOLOGICAL DATA (WS FORM: F-6)

                                          STATION:   RUSKIN  WFO
                                          MONTH:     SEPTEMBER
                                          YEAR:      2022
                                          LATITUDE:   27 42 N
                                          LONGITUDE:  82 24 W

  TEMPERATURE IN F:       :PCPN:    SNOW:  WIND      :SUNSHINE: SKY     :PK WND
================================================================================
1   2   3   4   5  6A  6B    7    8   9   10  11  12  13   14  15   16   17  18
                                     12Z  AVG MX 2MIN
DY MAX MIN AVG DEP HDD CDD  WTR  SNW DPTH SPD SPD DIR MIN PSBL S-S WX    SPD DR
================================================================================

 1  92  74  83   1   0  18 1.02  0.0    0    M  M   M   M    M   M 123     M   M
 2  93  73  83   1   0  18 0.34  0.0    0    M  M   M   M    M   M 13      M   M
 3  93  73  83   1   0  18 0.01  0.0    0    M  M   M   M    M   M 3       M   M
 4  94  76  85   3   0  20 0.00  0.0    0    M  M   M   M    M   M         M   M
 5  94  75  85   3   0  20 1.07  0.0    0    M  M   M   M    M   M 3       M   M
 6  95  76  86   4   0  21 0.01  0.0    0    M  M   M   M    M   M 3       M   M
 7  93  72  83   1   0  18 1.24  0.0    0    M  M   M   M    M   M 123     M   M
 8  84  72  78  -4   0  13 1.35  0.0    0    M  M   M   M    M   M 123     M   M
 9  85  71  78  -4   0  13 0.36  0.0    0    M  M   M   M    M   M 13      M   M
10  86  74  80  -2   0  15 0.85  0.0    0    M  M   M   M    M   M 13      M   M
11  91  73  82   0   0  17 1.13  0.0    0    M  M   M   M    M   M 123     M   M
12  90  73  82   0   0  17 0.01  0.0    0    M  M   M   M    M   M 3       M   M
13  90  73  82   0   0  17    T  0.0    0    M  M   M   M    M   M 3       M   M
14  87  74  81  -1   0  16 0.06  0.0    0    M  M   M   M    M   M         M   M
15  90  73  82   1   0  17 0.00  0.0    0    M  M   M   M    M   M         M   M
16  88  72  80  -1   0  15 0.11  0.0    0    M  M   M   M    M   M 3       M   M
17  89  73  81   0   0  16 0.15  0.0    0    M  M   M   M    M   M 3       M   M
18  88  71  80  -1   0  15    T  0.0    0    M  M   M   M    M   M 3       M   M
19  89  73  81   0   0  16 0.01  0.0    0    M  M   M   M    M   M 3       M   M
20  91  73  82   1   0  17 0.58  0.0    0    M  M   M   M    M   M 3       M   M
21  91  74  83   2   0  18 0.10  0.0    0    M  M   M   M    M   M 3       M   M
22  92  74  83   2   0  18 0.00  0.0    0    M  M   M   M    M   M         M   M
23  93  72  83   2   0  18 0.01  0.0    0    M  M   M   M    M   M 3       M   M
24  91  74  83   3   0  18 0.00  0.0    0    M  M   M   M    M   M         M   M
25  90  73  82   2   0  17    T  0.0    0    M  M   M   M    M   M         M   M
26  93  73  83   3   0  18 1.91  0.0    0    M  M   M   M    M   M         M   M
27  81  73  77  -3   0  12 0.14  0.0    0    M  M   M   M    M   M         M   M
================================================================================
SM 2433 1977         0 456 10.46  0.0        M          M        M
================================================================================
AV 90.1 73.2                                 M FASTST   M    M   M    MAX(MPH)
                                 MISC ---->     M   M                  M   M
================================================================================
NOTES:
# LAST OF SEVERAL OCCURRENCES

COLUMN 17 PEAK WIND IN M.P.H.

PRELIMINARY LOCAL CLIMATOLOGICAL DATA (WS FORM: F-6) , PAGE 2

                                          STATION:   RUSKIN  WFO
                                          MONTH:     SEPTEMBER
                                          YEAR:      2022
                                          LATITUDE:   27 42 N
                                          LONGITUDE:  82 24 W

[TEMPERATURE DATA]      [PRECIPITATION DATA]       SYMBOLS USED IN COLUMN 16

AVERAGE MONTHLY: 81.7   TOTAL FOR MONTH:  10.46    1 = FOG OR MIST
DPTR FM NORMAL:   0.3   DPTR FM NORMAL:    3.35    2 = FOG REDUCING VISIBILITY
HIGHEST:    95 ON  6    GRTST 24HR  1.91 ON 26-26      TO 1/4 MILE OR LESS
LOWEST:     71 ON 18, 9                             3 = THUNDER
                        SNOW, ICE PELLETS, HAIL    4 = ICE PELLETS
                        TOTAL MONTH:   0.0 INCH    5 = HAIL
                        GRTST 24HR  0.0            6 = FREEZING RAIN OR DRIZZLE
                        GRTST DEPTH:  0            7 = DUSTSTORM OR SANDSTORM:
                                                       VSBY 1/2 MILE OR LESS
                                                   8 = SMOKE OR HAZE
[NO. OF DAYS WITH]      [WEATHER - DAYS WITH]      9 = BLOWING SNOW
                                                   X = TORNADO
MAX 32 OR BELOW:   0    0.01 INCH OR MORE:  20
MAX 90 OR ABOVE:  18    0.10 INCH OR MORE:  14
MIN 32 OR BELOW:   0    0.50 INCH OR MORE:   8
MIN  0 OR BELOW:   0    1.00 INCH OR MORE:   6

[HDD (BASE 65) ]
TOTAL THIS MO.     0    CLEAR  (SCALE 0-3)   0
DPTR FM NORMAL     0    PTCLDY (SCALE 4-7)   0
TOTAL FM JUL 1    15    CLOUDY (SCALE 8-10) 27
DPTR FM NORMAL    15

[CDD (BASE 65) ]
TOTAL THIS MO.   456
DPTR FM NORMAL    14    [PRESSURE DATA]
TOTAL FM JAN 1  3240    HIGHEST SLP M ON M
DPTR FM NORMAL   385    LOWEST  SLP M ON M

[REMARKS]
