000
CXUS54 KBMX 251010
CF6TOI
PRELIMINARY LOCAL CLIMATOLOGICAL DATA (WS FORM: F-6)

                                          STATION:   TROY
                                          MONTH:     SEPTEMBER
                                          YEAR:      2022
                                          LATITUDE:   31 51 N
                                          LONGITUDE:  86  1 W

  TEMPERATURE IN F:       :PCPN:    SNOW:  WIND      :SUNSHINE: SKY     :PK WND
================================================================================
1   2   3   4   5  6A  6B    7    8   9   10  11  12  13   14  15   16   17  18
                                     12Z  AVG MX 2MIN
DY MAX MIN AVG DEP HDD CDD  WTR  SNW DPTH SPD SPD DIR MIN PSBL S-S WX    SPD DR
================================================================================

 1  97  70  84   5   0  19 0.16  0.0    0  3.4 20 130   M    M   4 13     26 170
 2  92  72  82   3   0  17 0.08  0.0    0  4.7 17 160   M    M   5 1      22 170
 3  90  75  83   4   0  18 1.52  0.0    0  2.4 14  90   M    M   6 1      17  90
 4  90  74  82   4   0  17 0.23  0.0    0  1.2 13 240   M    M   7 1      17 230
 5  91  74  83   5   0  18 0.01  0.0    0  3.8 13 210   M    M   6 12     17 210
 6  91  72  82   4   0  17 0.00  0.0    0  2.4 12 310   M    M   2 1      17 290
 7  91  71  81   3   0  16 0.00  0.0    0  2.6 12 340   M    M   0 1      15 340
 8  92  69  81   3   0  16 0.19  0.0    0  3.0 10 200   M    M   3 138    13 180
 9  83  73  78   0   0  13 0.19  0.0    0  5.8 22 100   M    M   7 13     28 110
10  86  73  80   3   0  15    T  0.0    0  3.9 17 140   M    M   7 1      22 140
11  87  73  80   3   0  15 0.47  0.0    0  3.3 12 200   M    M   6 13     15 150
12  90  70  80   3   0  15 0.00  0.0    0  4.4 13 320   M    M   3 12     16 330
13  85  60  73  -4   0   8 0.00  0.0    0  3.7 13  10   M    M   0        19  30
14  89  56  73  -3   0   8 0.00  0.0    0  3.0 14  20   M    M   0        16  20
15  89  60  75  -1   0  10 0.00  0.0    0  2.6 12  80   M    M   1 1      16  80
16  88  60  74  -2   0   9 0.00  0.0    0  2.3 12  90   M    M   1 1      15  70
17  90  64  77   1   0  12 0.00  0.0    0  3.5 12  80   M    M   3 1      17 110
18  92  65  79   3   0  14 0.00  0.0    0  3.1 14  30   M    M   1 1      17  40
19  91  62  77   2   0  12 0.00  0.0    0  2.8 15 340   M    M   2 18     18 340
20  93  62  78   3   0  13    T  0.0    0  1.3 13  30   M    M   1 1      16  30
21  96  69  83   8   0  18 0.00  0.0    0  2.3 10  70   M    M   1 12     14  70
22  98  65  82   8   0  17 0.11  0.0    0  3.7 21 310   M    M   1 18     28 310
23  87  62  75   1   0  10 0.00  0.0    0  4.8 13  60   M    M   0 18     18  60
24  89  57  73  -1   0   8 0.00  0.0    0  2.1  9 120   M    M   0        12 110
================================================================================
SM 2167 1608         0 335  2.96  0.0     76.1          M       67
================================================================================
AV 90.3 67.0                               3.2 FASTST   M    M   3    MAX(MPH)
                                 MISC ---->    22 100               # 28 110
================================================================================
NOTES:
# LAST OF SEVERAL OCCURRENCES

COLUMN 17 PEAK WIND IN M.P.H.

PRELIMINARY LOCAL CLIMATOLOGICAL DATA (WS FORM: F-6) , PAGE 2

                                          STATION:   TROY
                                          MONTH:     SEPTEMBER
                                          YEAR:      2022
                                          LATITUDE:   31 51 N
                                          LONGITUDE:  86  1 W

[TEMPERATURE DATA]      [PRECIPITATION DATA]       SYMBOLS USED IN COLUMN 16

AVERAGE MONTHLY: 78.6   TOTAL FOR MONTH:   2.96    1 = FOG OR MIST
DPTR FM NORMAL:   2.0   DPTR FM NORMAL:    0.43    2 = FOG REDUCING VISIBILITY
HIGHEST:    98 ON 22    GRTST 24HR  1.60 ON  2- 3      TO 1/4 MILE OR LESS
LOWEST:     56 ON 14                               3 = THUNDER
                        SNOW, ICE PELLETS, HAIL    4 = ICE PELLETS
                        TOTAL MONTH:   0.0 INCH    5 = HAIL
                        GRTST 24HR  0.0            6 = FREEZING RAIN OR DRIZZLE
                        GRTST DEPTH:  0            7 = DUSTSTORM OR SANDSTORM:
                                                       VSBY 1/2 MILE OR LESS
                                                   8 = SMOKE OR HAZE
[NO. OF DAYS WITH]      [WEATHER - DAYS WITH]      9 = BLOWING SNOW
                                                   X = TORNADO
MAX 32 OR BELOW:   0    0.01 INCH OR MORE:   9
MAX 90 OR ABOVE:  15    0.10 INCH OR MORE:   7
MIN 32 OR BELOW:   0    0.50 INCH OR MORE:   1
MIN  0 OR BELOW:   0    1.00 INCH OR MORE:   1

[HDD (BASE 65) ]
TOTAL THIS MO.     0    CLEAR  (SCALE 0-3)  16
DPTR FM NORMAL     0    PTCLDY (SCALE 4-7)   8
TOTAL FM JUL 1     0    CLOUDY (SCALE 8-10)  0
DPTR FM NORMAL     0

[CDD (BASE 65) ]
TOTAL THIS MO.   335
DPTR FM NORMAL    56    [PRESSURE DATA]
TOTAL FM JAN 1  2539    HIGHEST SLP M ON M
DPTR FM NORMAL   583    LOWEST  SLP 29.71 ON  8

[REMARKS]
