000
CXUS55 KCYS 281610
CF6TOR
PRELIMINARY LOCAL CLIMATOLOGICAL DATA (WS FORM: F-6)

                                          STATION:   TORRINGTON WY AIRPORT
                                          MONTH:     SEPTEMBER
                                          YEAR:      2022
                                          LATITUDE:   42  3 N
                                          LONGITUDE: 104  9 W

  TEMPERATURE IN F:       :PCPN:    SNOW:  WIND      :SUNSHINE: SKY     :PK WND
================================================================================
1   2   3   4   5  6A  6B    7    8   9   10  11  12  13   14  15   16   17  18
                                     12Z  AVG MX 2MIN
DY MAX MIN AVG DEP HDD CDD  WTR  SNW DPTH SPD SPD DIR MIN PSBL S-S WX    SPD DR
================================================================================

 1  98  53  76   8   0  11 0.00    M    M  4.9 22  10   M    M   0        28  10
 2  93  59  76   8   0  11 0.00    M    M 10.4 21  60   M    M   0        30  50
 3  91  53  72   5   0   7 0.00    M    M  9.0 21 100   M    M   0        28 110
 4 101  56  79  12   0  14 0.00    M    M  9.2 15 120   M    M   0 8      20 120
 5  98  54  76   9   0  11 0.00    M    M  6.4 14  40   M    M   0        20 130
 6 100  57  79  13   0  14 0.00    M    M  7.4 16 100   M    M   0        24 100
 7 101  56  79  13   0  14 0.00    M    M  7.3 17 200   M    M   0        24 130
 8  97  53  75   9   0  10    T    M    M 11.2 37  40   M    M   1 3      51  30
 9  57  50  54 -11  11   0    T    M    M  8.3 23  30   M    M   9        29  40
10  62  42  52 -13  13   0    T    M    M  4.4 10 190   M    M   7 1      14  30
11  81  36  59  -5   6   0 0.00    M    M  4.3 10 130   M    M   2 12     13 120
12  92  40  66   2   0   1 0.00    M    M  7.0 16  30   M    M   0 8      22 350
13  90  44  67   3   0   2 0.00    M    M 10.1 23 120   M    M   0 8      31 120
14  88  53  71   8   0   6 0.00    M    M  6.9 22 320   M    M   1        30 310
15  78  55  67   4   0   2    T    M    M  7.3 15 310   M    M   4        22 260
16  75  47  61  -1   4   0    T    M    M  4.8 28 260   M    M   1 13     39 270
17  81  43  62   0   3   0    T    M    M  5.5 22 200   M    M   2 3      30 200
18  83  54  69   8   0   4    T    M    M  9.2 21 280   M    M   2 3      30 260
19  94  53  74  13   0   9 0.00    M    M  6.4 20 280   M    M   1 12     27 280
20  88  46  67   7   0   2    T    M    M  6.8 22  20   M    M   1        27  20
21  67  48  58  -2   7   0    T    M    M 10.0 20 170   M    M   6        25 180
22  61  47  54  -5  11   0    M    M    M 14.6 28 140   M    M   7 1      36 150
23  81  44  63   4   2   0 0.00    M    M 11.3 26 310   M    M   0        38 300
24  82  39  61   3   4   0 0.00    M    M  9.7 23 330   M    M   0        30 330
25  78  40  59   1   6   0 0.00    M    M  4.7 13 260   M    M   0        20 250
26  85  39  62   4   3   0 0.00    M    M  6.9 21 330   M    M   0        29 330
27  79  43  61   4   4   0 0.00    M    M  8.1 15 110   M    M   0        21 140
================================================================================
SM 2281 1304        74 118     T    M    212.1          M       44
================================================================================
AV 84.5 48.3                               7.9 FASTST   M    M   2    MAX(MPH)
                                 MISC ---->    37  40                 51  30
================================================================================
NOTES:
# LAST OF SEVERAL OCCURRENCES

COLUMN 17 PEAK WIND IN M.P.H.

PRELIMINARY LOCAL CLIMATOLOGICAL DATA (WS FORM: F-6) , PAGE 2

                                          STATION:   TORRINGTON WY AIRPORT
                                          MONTH:     SEPTEMBER
                                          YEAR:      2022
                                          LATITUDE:   42  3 N
                                          LONGITUDE: 104  9 W

[TEMPERATURE DATA]      [PRECIPITATION DATA]       SYMBOLS USED IN COLUMN 16

AVERAGE MONTHLY: 66.4   TOTAL FOR MONTH:      T    1 = FOG OR MIST
DPTR FM NORMAL:   3.5   DPTR FM NORMAL:   -0.99    2 = FOG REDUCING VISIBILITY
HIGHEST:   101 ON  7, 4  GRTST 24HR     T ON  8- 8      TO 1/4 MILE OR LESS
LOWEST:     36 ON 11                               3 = THUNDER
                        SNOW, ICE PELLETS, HAIL    4 = ICE PELLETS
                        TOTAL MONTH:  M            5 = HAIL
                        GRTST 24HR    M  ON   M    6 = FREEZING RAIN OR DRIZZLE
                        GRTST DEPTH:  M  ON   M    7 = DUSTSTORM OR SANDSTORM:
                                                       VSBY 1/2 MILE OR LESS
                                                   8 = SMOKE OR HAZE
[NO. OF DAYS WITH]      [WEATHER - DAYS WITH]      9 = BLOWING SNOW
                                                   X = TORNADO
MAX 32 OR BELOW:   0    0.01 INCH OR MORE:   0
MAX 90 OR ABOVE:  11    0.10 INCH OR MORE:   0
MIN 32 OR BELOW:   0    0.50 INCH OR MORE:   0
MIN  0 OR BELOW:   0    1.00 INCH OR MORE:   0

[HDD (BASE 65) ]
TOTAL THIS MO.    74    CLEAR  (SCALE 0-3)  22
DPTR FM NORMAL   -42    PTCLDY (SCALE 4-7)   4
TOTAL FM JUL 1    74    CLOUDY (SCALE 8-10)  1
DPTR FM NORMAL   -61

[CDD (BASE 65) ]
TOTAL THIS MO.   118
DPTR FM NORMAL    59    [PRESSURE DATA]
TOTAL FM JAN 1  1013    HIGHEST SLP M ON M
DPTR FM NORMAL   290    LOWEST  SLP 29.64 ON  8

[REMARKS]
