000
CXUS53 KOAX 260930
CF6TQE
PRELIMINARY LOCAL CLIMATOLOGICAL DATA (WS FORM: F-6)

                                          STATION:   TEKAMAH NE
                                          MONTH:     SEPTEMBER
                                          YEAR:      2022
                                          LATITUDE:   41 46 N
                                          LONGITUDE:  96 11 W

  TEMPERATURE IN F:       :PCPN:    SNOW:  WIND      :SUNSHINE: SKY     :PK WND
================================================================================
1   2   3   4   5  6A  6B    7    8   9   10  11  12  13   14  15   16   17  18
                                     12Z  AVG MX 2MIN
DY MAX MIN AVG DEP HDD CDD  WTR  SNW DPTH SPD SPD DIR MIN PSBL S-S WX    SPD DR
================================================================================

 1  92  63  78   8   0  13 0.00    M    M  6.5 17 170   M    M   0        24 170
 2  96  60  78   9   0  13 0.00    M    M  7.1 18 180   M    M   0        27 180
 3  83  53  68  -1   0   3 0.00    M    M  9.4 18 360   M    M   1        27 360
 4  84  51  68  -1   0   3 0.00    M    M  5.8 12 100   M    M   1        19  70
 5  84  53  69   1   0   4 0.00    M    M  5.0 14 140   M    M   5 12     19 150
 6  92  58  75   7   0  10 0.00    M    M  8.0 15 170   M    M   0 1      23 150
 7  90  57  74   6   0   9 0.00    M    M  4.5 13 150   M    M   2 12     18 170
 8  94  58  76   8   0  11 0.00    M    M 10.0 22 170   M    M   0        31 180
 9  79  59  69   2   0   4 0.02    M    M 11.6 25 360   M    M   5 3      33 340
10  72  46  59  -8   6   0 1.23    M    M  7.1 18 350   M    M   5 13     25 350
11  80  43  62  -5   3   0 0.00    M    M  4.0 14  30   M    M   0        21  20
12  83  41  62  -4   3   0 0.00    M    M  2.7  8  30   M    M   0        12  50
13  90  46  68   2   0   3 0.00    M    M  5.5 16 160   M    M   0        23 160
14  92  53  73   7   0   8 0.00    M    M  9.3 21 150   M    M   0 1      30 160
15  90  63  77  11   0  12    T    M    M 11.6 22 150   M    M   0 3      32 170
16  89  64  77  12   0  12 0.03    M    M  7.6 16 150   M    M   4 3      27 170
17  86  65  76  11   0  11 0.20    M    M  7.4 23 180   M    M   4 123    37 270
18  85  62  74  10   0   9 0.00    M    M  5.5 13  40   M    M   7 123    18  30
19  93  56  75  11   0  10 0.00    M    M  9.3 21 160   M    M   0 1      29 170
20 102  68  85  21   0  20 0.00    M    M  8.7 17 210   M    M   0        25 210
21  72  52  62  -1   3   0    T    M    M 10.7 20 360   M    M   2        31  10
22  67  49  58  -5   7   0    T    M    M  3.9 10 110   M    M   2        15 110
23  65  51  58  -4   7   0 0.10    M    M  9.4 22 150   M    M   8 13     31 150
24  88  48  68   6   0   3 0.00    M    M  8.6 22 320   M    M   2 12     33 260
25  81  42  62   0   3   0 0.00    M    M 12.1 30 310   M    M   0        43 330
================================================================================
SM 2129 1361        32 158  1.58    M    191.3          M       48
================================================================================
AV 85.2 54.4                               7.7 FASTST   M    M   2    MAX(MPH)
                                 MISC ---->    30 310                 43 330
================================================================================
NOTES:
# LAST OF SEVERAL OCCURRENCES

COLUMN 17 PEAK WIND IN M.P.H.

PRELIMINARY LOCAL CLIMATOLOGICAL DATA (WS FORM: F-6) , PAGE 2

                                          STATION:   TEKAMAH NE
                                          MONTH:     SEPTEMBER
                                          YEAR:      2022
                                          LATITUDE:   41 46 N
                                          LONGITUDE:  96 11 W

[TEMPERATURE DATA]      [PRECIPITATION DATA]       SYMBOLS USED IN COLUMN 16

AVERAGE MONTHLY: 69.8   TOTAL FOR MONTH:   1.58    1 = FOG OR MIST
DPTR FM NORMAL:   3.9   DPTR FM NORMAL:   -1.18    2 = FOG REDUCING VISIBILITY
HIGHEST:   102 ON 20    GRTST 24HR  1.25 ON  9-10      TO 1/4 MILE OR LESS
LOWEST:     41 ON 12                               3 = THUNDER
                        SNOW, ICE PELLETS, HAIL    4 = ICE PELLETS
                        TOTAL MONTH:  M            5 = HAIL
                        GRTST 24HR    M  ON   M    6 = FREEZING RAIN OR DRIZZLE
                        GRTST DEPTH:  M  ON   M    7 = DUSTSTORM OR SANDSTORM:
                                                       VSBY 1/2 MILE OR LESS
                                                   8 = SMOKE OR HAZE
[NO. OF DAYS WITH]      [WEATHER - DAYS WITH]      9 = BLOWING SNOW
                                                   X = TORNADO
MAX 32 OR BELOW:   0    0.01 INCH OR MORE:   5
MAX 90 OR ABOVE:  10    0.10 INCH OR MORE:   3
MIN 32 OR BELOW:   0    0.50 INCH OR MORE:   1
MIN  0 OR BELOW:   0    1.00 INCH OR MORE:   1

[HDD (BASE 65) ]
TOTAL THIS MO.    32    CLEAR  (SCALE 0-3)  18
DPTR FM NORMAL   -37    PTCLDY (SCALE 4-7)   7
TOTAL FM JUL 1    32    CLOUDY (SCALE 8-10)  0
DPTR FM NORMAL   -48

[CDD (BASE 65) ]
TOTAL THIS MO.   158
DPTR FM NORMAL    68    [PRESSURE DATA]
TOTAL FM JAN 1  1290    HIGHEST SLP M ON M
DPTR FM NORMAL   300    LOWEST  SLP 29.67 ON  8

[REMARKS]
