000
CXUS51 KPHI 260815
CF6TTN
PRELIMINARY LOCAL CLIMATOLOGICAL DATA (WS FORM: F-6)

                                          STATION:   TRENTON NJ
                                          MONTH:     SEPTEMBER
                                          YEAR:      2022
                                          LATITUDE:   40 16 N
                                          LONGITUDE:  74 49 W

  TEMPERATURE IN F:       :PCPN:    SNOW:  WIND      :SUNSHINE: SKY     :PK WND
================================================================================
1   2   3   4   5  6A  6B    7    8   9   10  11  12  13   14  15   16   17  18
                                     12Z  AVG MX 2MIN
DY MAX MIN AVG DEP HDD CDD  WTR  SNW DPTH SPD SPD DIR MIN PSBL S-S WX    SPD DR
================================================================================

 1  87  60  74   2   0   9 0.00  0.0    0  6.0 16 260   M    M   0        24 310
 2  81  58  70  -2   0   5 0.00  0.0    0  5.7 14 140   M    M   0        19 130
 3  84  60  72   1   0   7 0.00  0.0    0  4.3 14 170   M    M   2        17 180
 4  89  66  78   7   0  13 0.00  0.0    0  4.5 13 210   M    M   2        18 210
 5  88  70  79   8   0  14    T  0.0    0  4.2 15 180   M    M   4        21 210
 6  74  67  71   0   0   6 1.04  0.0    0  7.0 14  60   M    M  10 1      23 350
 7  72  65  69  -1   0   4    T  0.0    0  8.0 16  50   M    M  10 1      21  40
 8  79  60  70   0   0   5 0.00  0.0    0  6.3 16  30   M    M   3        19  10
 9  81  58  70   0   0   5 0.00  0.0    0  5.9 12  60   M    M   0        15  80
10  81  53  67  -2   0   2 0.00  0.0    0  2.4 13 160   M    M   0        14 140
11  72  68  70   1   0   5 0.36  0.0    0  3.5 10 120   M    M   9 1      13 110
12  83  68  76   7   0  11 0.20  0.0    0  3.7 17 140   M    M   9 13     21 140
13  81  64  73   5   0   8 0.62  0.0    0  4.7 15 270   M    M   5 13     23 290
14  79  58  69   1   0   4 0.00  0.0    0  6.3 14 320   M    M   0        19 270
15  73  53  63  -5   2   0 0.00  0.0    0  6.6 20 340   M    M   0        24 350
16  76  50  63  -5   2   0 0.00  0.0    0  4.3 10 320   M    M   0        14 310
17  79  60  70   3   0   5 0.00  0.0    0  5.1 12 150   M    M   4        18 200
18  82  59  71   4   0   6 0.00  0.0    0  5.2 15 210   M    M   0 1      21 210
19  85  63  74   8   0   9    T  0.0    0  5.1 21 300   M    M   5 3      30 310
20  79  62  71   5   0   6 0.00  0.0    0  5.4 15 340   M    M   2 1      20 290
21  81  58  70   4   0   5 0.00  0.0    0  4.8 12 220   M    M   0        21 270
22  79  55  67   2   0   2 0.09  0.0    0  8.5 21 330   M    M   3 1      32 340
23  64  47  56  -9   9   0    T  0.0    0 12.0 23 340   M    M   2        33 340
24  68  41  55  -9  10   0 0.00  0.0    0  5.8 13 250   M    M   1        25 320
25  73  57  65   1   0   0 0.12  0.0    0  5.3 20 290   M    M   5 13     32 290
================================================================================
SM 1970 1480        23 131  2.43  0.0    140.6          M       76
================================================================================
AV 78.8 59.2                               5.6 FASTST   M    M   3    MAX(MPH)
                                 MISC ---->    23 340                 33 340
================================================================================
NOTES:
# LAST OF SEVERAL OCCURRENCES

COLUMN 17 PEAK WIND IN M.P.H.

PRELIMINARY LOCAL CLIMATOLOGICAL DATA (WS FORM: F-6) , PAGE 2

                                          STATION:   TRENTON NJ
                                          MONTH:     SEPTEMBER
                                          YEAR:      2022
                                          LATITUDE:   40 16 N
                                          LONGITUDE:  74 49 W

[TEMPERATURE DATA]      [PRECIPITATION DATA]       SYMBOLS USED IN COLUMN 16

AVERAGE MONTHLY: 69.0   TOTAL FOR MONTH:   2.43    1 = FOG OR MIST
DPTR FM NORMAL:   0.7   DPTR FM NORMAL:   -0.96    2 = FOG REDUCING VISIBILITY
HIGHEST:    89 ON  4    GRTST 24HR  1.04 ON  6- 6      TO 1/4 MILE OR LESS
LOWEST:     41 ON 24                               3 = THUNDER
                        SNOW, ICE PELLETS, HAIL    4 = ICE PELLETS
                        TOTAL MONTH:   0.0 INCH    5 = HAIL
                        GRTST 24HR  0.0            6 = FREEZING RAIN OR DRIZZLE
                        GRTST DEPTH:  0            7 = DUSTSTORM OR SANDSTORM:
                                                       VSBY 1/2 MILE OR LESS
                                                   8 = SMOKE OR HAZE
[NO. OF DAYS WITH]      [WEATHER - DAYS WITH]      9 = BLOWING SNOW
                                                   X = TORNADO
MAX 32 OR BELOW:   0    0.01 INCH OR MORE:   6
MAX 90 OR ABOVE:   0    0.10 INCH OR MORE:   5
MIN 32 OR BELOW:   0    0.50 INCH OR MORE:   2
MIN  0 OR BELOW:   0    1.00 INCH OR MORE:   1

[HDD (BASE 65) ]
TOTAL THIS MO.    23    CLEAR  (SCALE 0-3)  14
DPTR FM NORMAL    -7    PTCLDY (SCALE 4-7)   7
TOTAL FM JUL 1    23    CLOUDY (SCALE 8-10)  4
DPTR FM NORMAL    -9

[CDD (BASE 65) ]
TOTAL THIS MO.   131
DPTR FM NORMAL    18    [PRESSURE DATA]
TOTAL FM JAN 1  1204    HIGHEST SLP M ON M
DPTR FM NORMAL   180    LOWEST  SLP 29.58 ON 22

[REMARKS]
