000
CXUS54 KTSA 260850
CF6TUL
PRELIMINARY LOCAL CLIMATOLOGICAL DATA (WS FORM: F-6)

                                          STATION:   TULSA OKLAHOMA
                                          MONTH:     SEPTEMBER
                                          YEAR:      2022
                                          LATITUDE:   36 12 N
                                          LONGITUDE:  95 54 W

  TEMPERATURE IN F:       :PCPN:    SNOW:  WIND      :SUNSHINE: SKY     :PK WND
================================================================================
1   2   3   4   5  6A  6B    7    8   9   10  11  12  13   14  15   16   17  18
                                     12Z  AVG MX 2MIN
DY MAX MIN AVG DEP HDD CDD  WTR  SNW DPTH SPD SPD DIR MIN PSBL S-S WX    SPD DR
================================================================================

 1  85  69  77  -2   0  12 0.43  0.0    0  6.2 17 220   M    M   8 13     24 220
 2  87  69  78   0   0  13 1.47  0.0    0  4.5 12 350   M    M   7 13     17 340
 3  92  66  79   1   0  14 0.00  0.0    0  4.2 12 350   M    M   4 1      16  10
 4  89  67  78   0   0  13 0.00  0.0    0  4.7 12 350   M    M   3        17 340
 5  90  67  79   1   0  14 0.00  0.0    0  5.6 13 130   M    M   5        17  50
 6  91  66  79   2   0  14 0.00  0.0    0  3.3 12 350   M    M   1        16 360
 7  88  66  77   0   0  12 0.00  0.0    0  5.8 15  40   M    M   1        20  30
 8  89  63  76  -1   0  11 0.00  0.0    0  3.9 12 120   M    M   1        17 120
 9  89  67  78   2   0  13 0.00  0.0    0  6.3 13 120   M    M   1        19 200
10  91  63  77   1   0  12 0.00  0.0    0  6.8 24 350   M    M   4        31 350
11  81  58  70  -6   0   5 0.00  0.0    0 10.1 20 340   M    M   4        29 340
12  85  53  69  -6   0   4 0.00  0.0    0  3.1 12 170   M    M   0        16 250
13  90  60  75   0   0  10 0.00  0.0    0  7.0 15 180   M    M   0        22 140
14  90  62  76   2   0  11 0.00  0.0    0  8.0 18 170   M    M   2        25 150
15  88  60  74   0   0   9 0.00  0.0    0  9.2 17 190   M    M   6        24 180
16  92  62  77   3   0  12 0.00  0.0    0 11.8 22 180   M    M   3        29 180
17  96  72  84  11   0  19 0.00  0.0    0 14.0 22 170   M    M   2        33 170
18  98  76  87  14   0  22 0.00  0.0    0 11.9 20 200   M    M   1        29 170
19  99  76  88  15   0  23 0.00  0.0    0  9.6 16 150   M    M   2        23 190
20  99  78  89  17   0  24 0.00  0.0    0  8.7 18 180   M    M   1        26 170
21  99  77  88  16   0  23    T  0.0    0  8.1 18 220   M    M   4        27 220
22  80  62  71  -1   0   6    T  0.0    0 10.6 21  10   M    M   7        31  10
23  94  57  76   5   0  11 0.00  0.0    0  7.2 20 170   M    M   2        24 160
24  87  72  80   9   0  15 0.01  0.0    0  5.8 15 200   M    M   7        23 190
25  88  61  75   5   0  10 0.00  0.0    0  9.1 24 360   M    M   1        32  20
================================================================================
SM 2257 1649         0 332  1.91  0.0    185.5          M       77
================================================================================
AV 90.3 66.0                               7.4 FASTST   M    M   3    MAX(MPH)
                                 MISC ---->  # 24 350                 33 170
================================================================================
NOTES:
# LAST OF SEVERAL OCCURRENCES

COLUMN 17 PEAK WIND IN M.P.H.

PRELIMINARY LOCAL CLIMATOLOGICAL DATA (WS FORM: F-6) , PAGE 2

                                          STATION:   TULSA OKLAHOMA
                                          MONTH:     SEPTEMBER
                                          YEAR:      2022
                                          LATITUDE:   36 12 N
                                          LONGITUDE:  95 54 W

[TEMPERATURE DATA]      [PRECIPITATION DATA]       SYMBOLS USED IN COLUMN 16

AVERAGE MONTHLY: 78.1   TOTAL FOR MONTH:   1.91    1 = FOG OR MIST
DPTR FM NORMAL:   3.4   DPTR FM NORMAL:   -1.32    2 = FOG REDUCING VISIBILITY
HIGHEST:    99 ON 21,20  GRTST 24HR  1.90 ON  1- 2      TO 1/4 MILE OR LESS
LOWEST:     53 ON 12                               3 = THUNDER
                        SNOW, ICE PELLETS, HAIL    4 = ICE PELLETS
                        TOTAL MONTH:   0.0 INCH    5 = HAIL
                        GRTST 24HR  0.0            6 = FREEZING RAIN OR DRIZZLE
                        GRTST DEPTH:  0            7 = DUSTSTORM OR SANDSTORM:
                                                       VSBY 1/2 MILE OR LESS
                                                   8 = SMOKE OR HAZE
[NO. OF DAYS WITH]      [WEATHER - DAYS WITH]      9 = BLOWING SNOW
                                                   X = TORNADO
MAX 32 OR BELOW:   0    0.01 INCH OR MORE:   3
MAX 90 OR ABOVE:  13    0.10 INCH OR MORE:   2
MIN 32 OR BELOW:   0    0.50 INCH OR MORE:   1
MIN  0 OR BELOW:   0    1.00 INCH OR MORE:   1

[HDD (BASE 65) ]
TOTAL THIS MO.     0    CLEAR  (SCALE 0-3)  14
DPTR FM NORMAL    -8    PTCLDY (SCALE 4-7)  11
TOTAL FM JUL 1     0    CLOUDY (SCALE 8-10)  0
DPTR FM NORMAL    -8

[CDD (BASE 65) ]
TOTAL THIS MO.   332
DPTR FM NORMAL    78    [PRESSURE DATA]
TOTAL FM JAN 1  2432    HIGHEST SLP M ON M
DPTR FM NORMAL   414    LOWEST  SLP 29.77 ON  9

[REMARKS]
