000
CXUS55 KTWC 210855
CF6TUS
PRELIMINARY LOCAL CLIMATOLOGICAL DATA (WS FORM: F-6)

                                          STATION:   TUCSON AZ
                                          MONTH:     SEPTEMBER
                                          YEAR:      2023
                                          LATITUDE:   32  7 N
                                          LONGITUDE: 110 56 W

  TEMPERATURE IN F:       :PCPN:    SNOW:  WIND      :SUNSHINE: SKY     :PK WND
================================================================================
1   2   3   4   5  6A  6B    7    8   9   10  11  12  13   14  15   16   17  18
                                     12Z  AVG MX 2MIN
DY MAX MIN AVG DEP HDD CDD  WTR  SNW DPTH SPD SPD DIR MIN PSBL S-S WX    SPD DR
================================================================================

 1  87  74  81  -5   0  16    T    M    M  6.8 18 230   M    M   3 3      26 230
 2  97  74  86   0   0  21 0.00    M    M  5.6 16 300   M    M   2        24 290
 3  98  76  87   1   0  22 0.00    M    M  5.7 15 350   M    M   0        21 320
 4  99  74  87   1   0  22 0.00    M    M  5.6 16 260   M    M   0        23 300
 5 101  71  86   0   0  21 0.00    M    M  6.5 16 190   M    M   0        22 140
 6 106  71  89   4   0  24 0.00    M    M  6.1 17 300   M    M   0        25 180
 7 105  73  89   4   0  24 0.00    M    M  5.8 16 340   M    M   0 8      23 340
 8 104  76  90   5   0  25 0.00    M    M  6.9 17 320   M    M   0        23 340
 9 108  77  93   8   0  28 0.00    M    M  5.3 12 350   M    M   0        16 310
10 111  80  96  12   0  31 0.00    M    M  6.6 21 250   M    M   0        36 260
11 103  82  93   9   0  28    T    M    M  9.7 21 310   M    M   1 3      31 300
12  94  76  85   1   0  20 0.01    M    M  8.6 22 190   M    M   3 3      31 190
13  93  73  83  -1   0  18 0.33    M    M 10.1 25 120   M    M   3 3      34 140
14  97  72  85   1   0  20 0.00    M    M  6.7 15 120   M    M   0        19 110
15  99  69  84   1   0  19 0.00    M    M  6.1 15 280   M    M   0        21 270
16 100  68  84   1   0  19 0.00    M    M  5.6 13 220   M    M   0        20 200
17 101  70  86   3   0  21 0.00    M    M  7.3 18 220   M    M   0        28 150
18  99  70  85   3   0  20 0.00    M    M  9.1 20 220   M    M   M        29 230
19  99  67  83   1   0  18 0.00    M    M    M 16 280   M    M   M        24 300
20  92  69  81  -1   0  16    T    M    M  8.9 21 210   M    M   M        28 200
================================================================================
SM 1993 1462         0 433  0.34    M    133.0          M       12
================================================================================
AV 99.7 73.1                               7.0 FASTST   M    M   1    MAX(MPH)
                                 MISC ---->    25 120                 36 260
================================================================================
NOTES:
# LAST OF SEVERAL OCCURRENCES

COLUMN 17 PEAK WIND IN M.P.H.

PRELIMINARY LOCAL CLIMATOLOGICAL DATA (WS FORM: F-6) , PAGE 2

                                          STATION:   TUCSON AZ
                                          MONTH:     SEPTEMBER
                                          YEAR:      2023
                                          LATITUDE:   32  7 N
                                          LONGITUDE: 110 56 W

[TEMPERATURE DATA]      [PRECIPITATION DATA]       SYMBOLS USED IN COLUMN 16

AVERAGE MONTHLY: 86.4   TOTAL FOR MONTH:   0.34    1 = FOG OR MIST
DPTR FM NORMAL:   2.1   DPTR FM NORMAL:   -0.68    2 = FOG REDUCING VISIBILITY
HIGHEST:   111 ON 10    GRTST 24HR  0.33 ON 13-13      TO 1/4 MILE OR LESS
LOWEST:     67 ON 19                               3 = THUNDER
                        SNOW, ICE PELLETS, HAIL    4 = ICE PELLETS
                        TOTAL MONTH:  M            5 = HAIL
                        GRTST 24HR    M  ON   M    6 = FREEZING RAIN OR DRIZZLE
                        GRTST DEPTH:  M  ON   M    7 = DUSTSTORM OR SANDSTORM:
                                                       VSBY 1/2 MILE OR LESS
                                                   8 = SMOKE OR HAZE
[NO. OF DAYS WITH]      [WEATHER - DAYS WITH]      9 = BLOWING SNOW
                                                   X = TORNADO
MAX 32 OR BELOW:   0    0.01 INCH OR MORE:   2
MAX 90 OR ABOVE:  19    0.10 INCH OR MORE:   1
MIN 32 OR BELOW:   0    0.50 INCH OR MORE:   0
MIN  0 OR BELOW:   0    1.00 INCH OR MORE:   0

[HDD (BASE 65) ]
TOTAL THIS MO.     0    CLEAR  (SCALE 0-3)  15
DPTR FM NORMAL     0    PTCLDY (SCALE 4-7)   2
TOTAL FM JUL 1     0    CLOUDY (SCALE 8-10)  3
DPTR FM NORMAL     0

[CDD (BASE 65) ]
TOTAL THIS MO.   433
DPTR FM NORMAL    49    [PRESSURE DATA]
TOTAL FM JAN 1  3300    HIGHEST SLP M ON M
DPTR FM NORMAL   327    LOWEST  SLP 29.68 ON  4

[REMARKS]
