000
CXUS53 KAPX 260730
CF6TVC
PRELIMINARY LOCAL CLIMATOLOGICAL DATA (WS FORM: F-6)

                                          STATION:   TRAVERSE CITY MI
                                          MONTH:     SEPTEMBER
                                          YEAR:      2022
                                          LATITUDE:   44 44 N
                                          LONGITUDE:  85 34 W

  TEMPERATURE IN F:       :PCPN:    SNOW:  WIND      :SUNSHINE: SKY     :PK WND
================================================================================
1   2   3   4   5  6A  6B    7    8   9   10  11  12  13   14  15   16   17  18
                                     12Z  AVG MX 2MIN
DY MAX MIN AVG DEP HDD CDD  WTR  SNW DPTH SPD SPD DIR MIN PSBL S-S WX    SPD DR
================================================================================

 1  87  53  70   3   0   5 0.00    M    M  4.3 13 260   M    M   1        21 220
 2  89  71  80  14   0  15    T    M    M  9.4 22 230   M    M   6        35 250
 3  75  65  70   4   0   5    T    M    M  8.4 17 360   M    M   6 3      25 360
 4  73  53  63  -3   2   0 0.00    M    M  6.7 14  10   M    M   3        23 360
 5  75  44  60  -6   5   0 0.00    M    M  4.7 14 360   M    M   4        23  30
 6  79  51  65   0   0   0 0.00    M    M  3.0 12  40   M    M   1        16 360
 7  80  50  65   0   0   0 0.00    M    M  3.0 10  30   M    M   1        16  30
 8  87  53  70   5   0   5 0.00    M    M  3.8  9 250   M    M   1         M   M
 9  87  62  75  11   0  10 0.00    M    M  6.7 12 220   M    M   1        23 220
10  86  60  73   9   0   8 0.00    M    M  6.3 14 220   M    M   4        23 220
11  70  65  68   4   0   3 0.33    M    M  8.9 15  40   M    M  10 1      26  20
12  67  62  65   2   0   0 1.52    M    M  3.8 12  50   M    M  10 1      16  60
13  75  57  66   3   0   1 1.38    M    M  4.6 12 340   M    M   7 1      17 360
14  68  50  59  -4   6   0 0.00    M    M  6.2 13 360   M    M   4        21 330
15  77  48  63   1   2   0 0.00    M    M  4.8 13 180   M    M   6        19 180
16  84  64  74  12   0   9 0.00    M    M  3.6 12 180   M    M   7        17 190
17  85  65  75  13   0  10    T    M    M  7.0 16 220   M    M   4        25 200
18  86  69  78  17   0  13 0.00    M    M  8.3 18 240   M    M   5        29 250
19  79  64  72  11   0   7 0.00    M    M  7.6 17 290   M    M   4        25 280
20  80  60  70  10   0   5 0.02    M    M  5.0 13 220   M    M   5        22 170
21  76  57  67   7   0   2    T    M    M  9.3 22 320   M    M   6 3      32 360
22  60  51  56  -4   9   0 0.08    M    M 13.4 20 330   M    M   8        35 320
23  65  39  52  -7  13   0 0.00    M    M  2.8  8 280   M    M   4         M   M
24  57  51  54  -5  11   0 0.04    M    M  3.5 10 160   M    M   8 18     16 170
25  60  54  57  -1   8   0 0.27    M    M  7.1 16 320   M    M  10 1      22 300
================================================================================
SM 1907 1418        56  98  3.64    M    152.2          M      126
================================================================================
AV 76.3 56.7                               6.1 FASTST   M    M   5    MAX(MPH)
                                 MISC ---->  # 22 230                 35 250
================================================================================
NOTES:
# LAST OF SEVERAL OCCURRENCES

COLUMN 17 PEAK WIND IN M.P.H.

PRELIMINARY LOCAL CLIMATOLOGICAL DATA (WS FORM: F-6) , PAGE 2

                                          STATION:   TRAVERSE CITY MI
                                          MONTH:     SEPTEMBER
                                          YEAR:      2022
                                          LATITUDE:   44 44 N
                                          LONGITUDE:  85 34 W

[TEMPERATURE DATA]      [PRECIPITATION DATA]       SYMBOLS USED IN COLUMN 16

AVERAGE MONTHLY: 66.5   TOTAL FOR MONTH:   3.64    1 = FOG OR MIST
DPTR FM NORMAL:   3.7   DPTR FM NORMAL:    0.83    2 = FOG REDUCING VISIBILITY
HIGHEST:    89 ON  2    GRTST 24HR  1.85 ON 11-12      TO 1/4 MILE OR LESS
LOWEST:     39 ON 23                               3 = THUNDER
                        SNOW, ICE PELLETS, HAIL    4 = ICE PELLETS
                        TOTAL MONTH:  M            5 = HAIL
                        GRTST 24HR    M  ON   M    6 = FREEZING RAIN OR DRIZZLE
                        GRTST DEPTH:  M  ON   M    7 = DUSTSTORM OR SANDSTORM:
                                                       VSBY 1/2 MILE OR LESS
                                                   8 = SMOKE OR HAZE
[NO. OF DAYS WITH]      [WEATHER - DAYS WITH]      9 = BLOWING SNOW
                                                   X = TORNADO
MAX 32 OR BELOW:   0    0.01 INCH OR MORE:   7
MAX 90 OR ABOVE:   0    0.10 INCH OR MORE:   4
MIN 32 OR BELOW:   0    0.50 INCH OR MORE:   2
MIN  0 OR BELOW:   0    1.00 INCH OR MORE:   2

[HDD (BASE 65) ]
TOTAL THIS MO.    56    CLEAR  (SCALE 0-3)   6
DPTR FM NORMAL   -54    PTCLDY (SCALE 4-7)  15
TOTAL FM JUL 1    64    CLOUDY (SCALE 8-10)  4
DPTR FM NORMAL   -91

[CDD (BASE 65) ]
TOTAL THIS MO.    98
DPTR FM NORMAL    45    [PRESSURE DATA]
TOTAL FM JAN 1   685    HIGHEST SLP M ON M
DPTR FM NORMAL   162    LOWEST  SLP 29.58 ON 25

[REMARKS]
