000
CXUS54 KJAN 281410
CF6TVR
PRELIMINARY LOCAL CLIMATOLOGICAL DATA (WS FORM: F-6)

                                          STATION:   VICKSBURG
                                          MONTH:     SEPTEMBER
                                          YEAR:      2022
                                          LATITUDE:   32 20 N
                                          LONGITUDE:  91  2 W

  TEMPERATURE IN F:       :PCPN:    SNOW:  WIND      :SUNSHINE: SKY     :PK WND
================================================================================
1   2   3   4   5  6A  6B    7    8   9   10  11  12  13   14  15   16   17  18
                                     12Z  AVG MX 2MIN
DY MAX MIN AVG DEP HDD CDD  WTR  SNW DPTH SPD SPD DIR MIN PSBL S-S WX    SPD DR
================================================================================

 1  92  73  83   2   0  18 0.00  0.0    M  2.8 13  20   M    M   0        18  20
 2  93  73  83   3   0  18 0.00  0.0    M  2.4 10  70   M    M   1        16 170
 3  91  74  83   3   0  18 0.04  0.0    M  2.1 17 150   M    M   1 3      23 130
 4  82  74  78  -2   0  13 0.00  0.0    M  1.0  8 180   M    M   5        14 180
 5  84  74  79  -1   0  14 0.01  0.0    0  1.7  9 180   M    M   4        13 160
 6  91  70  81   1   0  16 0.01  0.0    M  2.6 24  20   M    M   2 3      32  20
 7  91  69  80   0   0  15 0.59  0.0    M  2.4 30  10   M    M   1 3      40  20
 8  88  69  79   0   0  14 0.00  0.0    M  5.7 14  30   M    M   1        20  30
 9  91  67  79   0   0  14 0.12  0.0    0  3.6 22 110   M    M   2 3      36 110
10  88  71  80   1   0  15 0.02  0.0    0  2.3 12 180   M    M   6 3      16 180
11  89  69  79   0   0  14 0.01  0.0    0  3.0 13  10   M    M   2 1      19 340
12  84  61  73  -5   0   8 0.00  0.0    0  5.4 14  40   M    M   1        20  30
13  85  57  71  -7   0   6 0.00  0.0    0  2.7 12  20   M    M   0        16  20
14  87  56  72  -6   0   7 0.00  0.0    0  2.3 12  70   M    M   0        18  50
15  88  60  74  -4   0   9 0.00  0.0    0  1.7  9  50   M    M   M        14  40
16  89  64  77   0   0  12 0.00  0.0    0  2.9 10 130   M    M   0        18  60
17  90  66  78   1   0  13 0.00  0.0    0  3.5  9 140   M    M   0        17  60
18  94  67  81   4   0  16 0.00  0.0    0  2.1 12 130   M    M   1        20  50
19  95  70  83   7   0  18 0.00  0.0    0  1.4  9  70   M    M   0 1      13  30
20  95  69  82   6   0  17 0.00  0.0    M  1.1  9  60   M    M   0 1      12  50
21  97  69  83   7   0  18 0.00  0.0    M  2.4 10  30   M    M   0 1      16  50
22  98  69  84   8   0  19 0.00  0.0    0  5.5 14  10   M    M   0 1      20 360
23   M  64   M   M   M   M 0.00  0.0    0  7.3 10  10   M    M   3         M   M
24   M   M   M   M   M   M 0.00    M    0    M  M   M   M    M   M         M   M
25   M   M   M   M   M   M    M    M    M    M  M   M   M    M   M         M   M
26  88   M   M   M   M   M 0.00  0.0    M  5.5 15  10   M    M   0        23  10
27  84  52  68  -6   0   3 0.00  0.0    M  4.4 15  40   M    M   0        21  30
================================================================================
SM 2154 1607         0 315  0.80  0.0     77.8          M       30
================================================================================
AV 89.8 67.0                               3.1 FASTST   M    M   1    MAX(MPH)
                                 MISC ---->    30  10                 40  20
================================================================================
NOTES:
# LAST OF SEVERAL OCCURRENCES

COLUMN 17 PEAK WIND IN M.P.H.

PRELIMINARY LOCAL CLIMATOLOGICAL DATA (WS FORM: F-6) , PAGE 2

                                          STATION:   VICKSBURG
                                          MONTH:     SEPTEMBER
                                          YEAR:      2022
                                          LATITUDE:   32 20 N
                                          LONGITUDE:  91  2 W

[TEMPERATURE DATA]      [PRECIPITATION DATA]       SYMBOLS USED IN COLUMN 16

AVERAGE MONTHLY: 78.4   TOTAL FOR MONTH:   0.80    1 = FOG OR MIST
DPTR FM NORMAL:   0.7   DPTR FM NORMAL:   -1.91    2 = FOG REDUCING VISIBILITY
HIGHEST:    98 ON 22    GRTST 24HR  0.60 ON  6- 7      TO 1/4 MILE OR LESS
LOWEST:     52 ON 27                               3 = THUNDER
                        SNOW, ICE PELLETS, HAIL    4 = ICE PELLETS
                        TOTAL MONTH:   0.0 INCH    5 = HAIL
                        GRTST 24HR  0.0            6 = FREEZING RAIN OR DRIZZLE
                        GRTST DEPTH:  0            7 = DUSTSTORM OR SANDSTORM:
                                                       VSBY 1/2 MILE OR LESS
                                                   8 = SMOKE OR HAZE
[NO. OF DAYS WITH]      [WEATHER - DAYS WITH]      9 = BLOWING SNOW
                                                   X = TORNADO
MAX 32 OR BELOW:   0    0.01 INCH OR MORE:   7
MAX 90 OR ABOVE:  12    0.10 INCH OR MORE:   2
MIN 32 OR BELOW:   0    0.50 INCH OR MORE:   1
MIN  0 OR BELOW:   0    1.00 INCH OR MORE:   0

[HDD (BASE 65) ]
TOTAL THIS MO.     0    CLEAR  (SCALE 0-3)  21
DPTR FM NORMAL     0    PTCLDY (SCALE 4-7)   3
TOTAL FM JUL 1     0    CLOUDY (SCALE 8-10)  3
DPTR FM NORMAL     0

[CDD (BASE 65) ]
TOTAL THIS MO.   315
DPTR FM NORMAL   -29    [PRESSURE DATA]
TOTAL FM JAN 1  2580    HIGHEST SLP M ON M
DPTR FM NORMAL   230    LOWEST  SLP 29.76 ON  9

[REMARKS]
