000
CXUS54 KJAN 271410
CF6TVR
PRELIMINARY LOCAL CLIMATOLOGICAL DATA (WS FORM: F-6)

                                          STATION:   VICKSBURG
                                          MONTH:     SEPTEMBER
                                          YEAR:      2023
                                          LATITUDE:   32 20 N
                                          LONGITUDE:  91  2 W

  TEMPERATURE IN F:       :PCPN:    SNOW:  WIND      :SUNSHINE: SKY     :PK WND
================================================================================
1   2   3   4   5  6A  6B    7    8   9   10  11  12  13   14  15   16   17  18
                                     12Z  AVG MX 2MIN
DY MAX MIN AVG DEP HDD CDD  WTR  SNW DPTH SPD SPD DIR MIN PSBL S-S WX    SPD DR
================================================================================

 1  98  68  83   2   0  18 0.00  0.0    M  6.2 13  40   M    M   0        17  60
 2  99  74  87   7   0  22 0.00  0.0    M  5.3 15  90   M    M   2 3      20  90
 3  99  75  87   7   0  22 0.00  0.0    M  6.2 12 150   M    M   2        17 100
 4 100  74  87   7   0  22 1.71  0.0    M  7.4 18 170   M    M   2 3      30 300
 5  96  74  85   5   0  20    T  0.0    0  5.7 14 170   M    M   2        18 170
 6  99  74  87   7   0  22 0.00  0.0    0  2.3 14  40   M    M   1 3      23  50
 7 100  73  87   7   0  22    T  0.0    0  3.2 14  10   M    M   1        21  10
 8  86  70  78  -1   0  13 0.03  0.0    0  4.1 18 180   M    M   0 3      26 170
 9  92  65  79   0   0  14 0.00  0.0    0  6.2 16 360   M    M   0        23  10
10  90  62  76  -3   0  11 0.00  0.0    0  5.4 16  20   M    M   0        26  20
11  97  63  80   1   0  15 0.00  0.0    0  2.3  8 170   M    M   1        13 160
12  96  66  81   3   0  16 0.00  0.0    0  4.6 14 360   M    M   2        21 360
13  80  71  76  -2   0  11 1.22  0.0    0  3.2 12 360   M    M   8 3      15  20
14  84  71  78   0   0  13    T  0.0    0  5.1 10  10   M    M   7        14  10
15  90  67  79   1   0  14 0.00  0.0    0  3.2  9  50   M    M   4        12 360
16  93  62  78   1   0  13 0.00  0.0    0  4.1 15  10   M    M   0        22  10
17  92  59  76  -1   0  11 0.00  0.0    0  2.7 15 360   M    M   0 1      24 360
18  91  59  75  -2   0  10 0.00  0.0    0  3.0 13  10   M    M   0        17  30
19  91  57  74  -2   0   9 0.00  0.0    M  2.1  9  60   M    M   0 1      13  40
20  93  62  78   2   0  13 0.00  0.0    M  3.4 12 170   M    M   0 8      17 150
21  95  66  81   5   0  16 0.00  0.0    M  3.7  9 110   M    M   0        15  60
22  93  70  82   6   0  17    T  0.0    0  3.3 10 120   M    M   2        19 300
23  96  66  81   6   0  16 0.00  0.0    0  2.3  9  70   M    M   0        15  70
24  86  70  78   3   0  13 0.02  0.0    0  2.3 10 160   M    M   3 1      15 160
25  91  71  81   6   0  16 0.02  0.0    0  2.4 15 110   M    M   2 1      21 110
26  95  68  82   8   0  17 0.00  0.0    M  2.9 12  50   M    M   0 1      14  50
================================================================================
SM 2422 1757         0 406  3.00  0.0    102.6          M       39
================================================================================
AV 93.2 67.6                               3.9 FASTST   M    M   2    MAX(MPH)
                                 MISC ---->  # 18 170                 30 300
================================================================================
NOTES:
# LAST OF SEVERAL OCCURRENCES

COLUMN 17 PEAK WIND IN M.P.H.

PRELIMINARY LOCAL CLIMATOLOGICAL DATA (WS FORM: F-6) , PAGE 2

                                          STATION:   VICKSBURG
                                          MONTH:     SEPTEMBER
                                          YEAR:      2023
                                          LATITUDE:   32 20 N
                                          LONGITUDE:  91  2 W

[TEMPERATURE DATA]      [PRECIPITATION DATA]       SYMBOLS USED IN COLUMN 16

AVERAGE MONTHLY: 80.4   TOTAL FOR MONTH:   3.00    1 = FOG OR MIST
DPTR FM NORMAL:   2.6   DPTR FM NORMAL:    0.39    2 = FOG REDUCING VISIBILITY
HIGHEST:   100 ON  7, 4  GRTST 24HR  1.71 ON  4- 4      TO 1/4 MILE OR LESS
LOWEST:     57 ON 19                               3 = THUNDER
                        SNOW, ICE PELLETS, HAIL    4 = ICE PELLETS
                        TOTAL MONTH:   0.0 INCH    5 = HAIL
                        GRTST 24HR  0.0            6 = FREEZING RAIN OR DRIZZLE
                        GRTST DEPTH:  0            7 = DUSTSTORM OR SANDSTORM:
                                                       VSBY 1/2 MILE OR LESS
                                                   8 = SMOKE OR HAZE
[NO. OF DAYS WITH]      [WEATHER - DAYS WITH]      9 = BLOWING SNOW
                                                   X = TORNADO
MAX 32 OR BELOW:   0    0.01 INCH OR MORE:   5
MAX 90 OR ABOVE:  22    0.10 INCH OR MORE:   2
MIN 32 OR BELOW:   0    0.50 INCH OR MORE:   2
MIN  0 OR BELOW:   0    1.00 INCH OR MORE:   2

[HDD (BASE 65) ]
TOTAL THIS MO.     0    CLEAR  (SCALE 0-3)  23
DPTR FM NORMAL     0    PTCLDY (SCALE 4-7)   2
TOTAL FM JUL 1     0    CLOUDY (SCALE 8-10)  1
DPTR FM NORMAL     0

[CDD (BASE 65) ]
TOTAL THIS MO.   406
DPTR FM NORMAL    71    [PRESSURE DATA]
TOTAL FM JAN 1  2728    HIGHEST SLP M ON M
DPTR FM NORMAL   387    LOWEST  SLP 29.85 ON  4

[REMARKS]
