000
CXUS55 KBOI 281002
CF6TWF
PRELIMINARY LOCAL CLIMATOLOGICAL DATA (WS FORM: F-6)

                                          STATION:   TWIN FALLS ID
                                          MONTH:     SEPTEMBER
                                          YEAR:      2022
                                          LATITUDE:   42 28 N
                                          LONGITUDE: 114 29 W

  TEMPERATURE IN F:       :PCPN:    SNOW:  WIND      :SUNSHINE: SKY     :PK WND
================================================================================
1   2   3   4   5  6A  6B    7    8   9   10  11  12  13   14  15   16   17  18
                                     12Z  AVG MX 2MIN
DY MAX MIN AVG DEP HDD CDD  WTR  SNW DPTH SPD SPD DIR MIN PSBL S-S WX    SPD DR
================================================================================

 1  94  69  82  15   0  17 0.00    M    M 12.8 21 270   M    M   0        30 260
 2  94  53  74   8   0   9 0.00    M    M  7.4 16 200   M    M   0        22 210
 3  99  54  77  11   0  12 0.00    M    M  8.1 16 230   M    M   0 8      24 240
 4  94  68  81  15   0  16 0.00    M    M  8.3 15 230   M    M   0 8      21 250
 5  92  60  76  10   0  11 0.00    M    M  8.4 16 200   M    M   0        22 190
 6 102  58  80  15   0  15 0.00    M    M  8.3 16 170   M    M   0 8      22 190
 7 100  62  81  16   0  16    T    M    M  8.3 22 310   M    M   0        29 310
 8  83  56  70   5   0   5 0.00    M    M 15.3 26 300   M    M   1        35 290
 9  74  44  59  -5   6   0 0.00    M    M  7.1 16 220   M    M   2 8      24 220
10  80  46  63  -1   2   0 0.00    M    M 11.7 22  90   M    M   0 8      30  90
11  86  40  63  -1   2   0 0.00    M    M  5.0 13 210   M    M   0 8      16 210
12  88  48  68   5   0   3 0.00    M    M  7.3 16 280   M    M   0 8      22 270
13  73  54  64   1   1   0    T    M    M  8.5 18 290   M    M   4        24 290
14  78  51  65   3   0   0 0.00    M    M  6.8 18 200   M    M   1        27 200
15  77  48  63   1   2   0 0.01    M    M  8.0 23 220   M    M   3 3      36 230
16  76  47  62   0   3   0 0.04    M    M  8.6 26 230   M    M   1 38     41 220
17  73  45  59  -2   6   0    T    M    M 10.7 24 160   M    M   0        34 170
18  82  46  64   3   1   0    T    M    M 11.0 25 180   M    M   1        37 140
19  85  43  64   3   1   0 0.00    M    M  7.9 20 200   M    M   0        27 190
20  86  45  66   6   0   1    T    M    M  7.6 16 240   M    M   0        23 240
21  80  43  62   2   3   0 0.15    M    M 10.9 41 210   M    M   2 3      60 190
22  67  47  57  -2   8   0    T    M    M 12.1 24 300   M    M   3        31 290
23  73  48  61   2   4   0    T    M    M  9.9 17 200   M    M   0        25 200
24  78  48  63   4   2   0 0.00    M    M  8.1 14 210   M    M   0        19 200
25  82  48  65   7   0   0 0.00    M    M  7.3 14 210   M    M   0        18 200
26  85  43  64   6   1   0 0.00    M    M  7.7 14 200   M    M   0        19 200
27  89  48  69  12   0   4 0.00    M    M  7.6 20 190   M    M   0        27 200
================================================================================
SM 2270 1362        42 109  0.20    M    240.7          M       18
================================================================================
AV 84.1 50.4                               8.9 FASTST   M    M   1    MAX(MPH)
                                 MISC ---->    41 210                 60 190
================================================================================
NOTES:
# LAST OF SEVERAL OCCURRENCES

COLUMN 17 PEAK WIND IN M.P.H.

PRELIMINARY LOCAL CLIMATOLOGICAL DATA (WS FORM: F-6) , PAGE 2

                                          STATION:   TWIN FALLS ID
                                          MONTH:     SEPTEMBER
                                          YEAR:      2022
                                          LATITUDE:   42 28 N
                                          LONGITUDE: 114 29 W

[TEMPERATURE DATA]      [PRECIPITATION DATA]       SYMBOLS USED IN COLUMN 16

AVERAGE MONTHLY: 67.3   TOTAL FOR MONTH:   0.20    1 = FOG OR MIST
DPTR FM NORMAL:   4.9   DPTR FM NORMAL:   -0.27    2 = FOG REDUCING VISIBILITY
HIGHEST:   102 ON  6    GRTST 24HR  0.15 ON 21-21      TO 1/4 MILE OR LESS
LOWEST:     40 ON 11                               3 = THUNDER
                        SNOW, ICE PELLETS, HAIL    4 = ICE PELLETS
                        TOTAL MONTH:  M            5 = HAIL
                        GRTST 24HR    M  ON   M    6 = FREEZING RAIN OR DRIZZLE
                        GRTST DEPTH:  M  ON   M    7 = DUSTSTORM OR SANDSTORM:
                                                       VSBY 1/2 MILE OR LESS
                                                   8 = SMOKE OR HAZE
[NO. OF DAYS WITH]      [WEATHER - DAYS WITH]      9 = BLOWING SNOW
                                                   X = TORNADO
MAX 32 OR BELOW:   0    0.01 INCH OR MORE:   3
MAX 90 OR ABOVE:   7    0.10 INCH OR MORE:   1
MIN 32 OR BELOW:   0    0.50 INCH OR MORE:   0
MIN  0 OR BELOW:   0    1.00 INCH OR MORE:   0

[HDD (BASE 65) ]
TOTAL THIS MO.    42    CLEAR  (SCALE 0-3)  25
DPTR FM NORMAL   -82    PTCLDY (SCALE 4-7)   2
TOTAL FM JUL 1    42    CLOUDY (SCALE 8-10)  0
DPTR FM NORMAL  -109

[CDD (BASE 65) ]
TOTAL THIS MO.   109
DPTR FM NORMAL    56    [PRESSURE DATA]
TOTAL FM JAN 1   994    HIGHEST SLP M ON M
DPTR FM NORMAL   381    LOWEST  SLP 29.57 ON 18

[REMARKS]
