000
CXUS55 KSEW 280930
CF6UIL
PRELIMINARY LOCAL CLIMATOLOGICAL DATA (WS FORM: F-6)

                                          STATION:   QUILLAYUTE WA AIRPORT
                                          MONTH:     SEPTEMBER
                                          YEAR:      2022
                                          LATITUDE:   47 57 N
                                          LONGITUDE: 124 33 W

  TEMPERATURE IN F:       :PCPN:    SNOW:  WIND      :SUNSHINE: SKY     :PK WND
================================================================================
1   2   3   4   5  6A  6B    7    8   9   10  11  12  13   14  15   16   17  18
                                     12Z  AVG MX 2MIN
DY MAX MIN AVG DEP HDD CDD  WTR  SNW DPTH SPD SPD DIR MIN PSBL S-S WX    SPD DR
================================================================================

 1  67  55  61   2   4   0 0.00    M    M  4.0 12 240   M    M  10        15 250
 2  70  53  62   3   3   0 0.00    M    M  4.6 13 290   M    M   8 1      18 280
 3  73  57  65   6   0   0    T    M    M  5.2 15 220   M    M   8        25 240
 4  66  53  60   1   5   0 0.59    M    M  5.8 14 190   M    M   8 1      25 200
 5  72  49  61   2   4   0 0.00    M    M  5.4 16 330   M    M   3        22 330
 6   M   M   M   M   M   M    M    M    M    M  M   M   M    M   0         M   M
 7  68   M   M   M   M   M    M    M    M    M  M   M   M    M   2         M   M
 8  71  43  57  -1   8   0 0.00    M    M  5.3 14 320   M    M   0        20 330
 9  80  48  64   6   1   0 0.00    M    M 11.2 28  50   M    M   0        40  60
10  92  57  75  17   0  10 0.00    M    M  6.1 15  40   M    M   2        22  70
11  72  57  65   7   0   0    T    M    M  7.4 18 190   M    M   5        31 190
12  68  54  61   3   4   0 0.00    M    M  2.6 10 210   M    M   9        15 220
13  70  51  61   3   4   0 0.00    M    M  3.0 12 260   M    M   9 1      14 260
14  67  48  58   0   7   0 0.00    M    M  4.1 14 260   M    M   6        21 240
15  67  48  58   1   7   0 0.00    M    M  2.7 12 280   M    M   4        19 290
16  65  49  57   0   8   0 0.09    M    M  3.2 15 250   M    M   6        20 250
17  66  45  56  -1   9   0 0.00    M    M  4.6 13 350   M    M   1        18  40
18  79  44  62   5   3   0 0.00    M    M  7.4 18  40   M    M   0        28  50
19  75  41  58   1   7   0 0.00    M    M  3.3 13 240   M    M   0        15 250
20  80  46  63   7   2   0 0.00    M    M  8.4 20  50   M    M   0        30  70
21  78  42  60   4   5   0 0.00    M    M  3.9 15 230   M    M   3        19 250
22  69  49  59   3   6   0 0.00    M    M  4.9 15 210   M    M   7        24 180
23  66  55  61   5   4   0 0.07    M    M  2.8 13 200   M    M  10 1      22 180
24  68  50  59   3   6   0 0.00    M    M  3.4 12 250   M    M   4 1      16 310
25  78  45  62   6   3   0 0.00    M    M  2.8 12 250   M    M   0        14 250
26  74  47  61   6   4   0 0.00    M    M  2.5  9 220   M    M   2 1      13 250
27  61  44  53  -2  12   0 0.01    M    M  3.5 13 180   M    M  10 1      21 190
================================================================================
SM 1862 1230       116  10  0.76    M    118.1          M      117
================================================================================
AV 71.6 49.2                               4.7 FASTST   M    M   4    MAX(MPH)
                                 MISC ---->    28  50                 40  60
================================================================================
NOTES:
# LAST OF SEVERAL OCCURRENCES

COLUMN 17 PEAK WIND IN M.P.H.

PRELIMINARY LOCAL CLIMATOLOGICAL DATA (WS FORM: F-6) , PAGE 2

                                          STATION:   QUILLAYUTE WA AIRPORT
                                          MONTH:     SEPTEMBER
                                          YEAR:      2022
                                          LATITUDE:   47 57 N
                                          LONGITUDE: 124 33 W

[TEMPERATURE DATA]      [PRECIPITATION DATA]       SYMBOLS USED IN COLUMN 16

AVERAGE MONTHLY: 60.4   TOTAL FOR MONTH:   0.76    1 = FOG OR MIST
DPTR FM NORMAL:   3.0   DPTR FM NORMAL:   -3.17    2 = FOG REDUCING VISIBILITY
HIGHEST:    92 ON 10    GRTST 24HR  0.59 ON  4- 4      TO 1/4 MILE OR LESS
LOWEST:     41 ON 19                               3 = THUNDER
                        SNOW, ICE PELLETS, HAIL    4 = ICE PELLETS
                        TOTAL MONTH:  M            5 = HAIL
                        GRTST 24HR    M  ON   M    6 = FREEZING RAIN OR DRIZZLE
                        GRTST DEPTH:  M  ON   M    7 = DUSTSTORM OR SANDSTORM:
                                                       VSBY 1/2 MILE OR LESS
                                                   8 = SMOKE OR HAZE
[NO. OF DAYS WITH]      [WEATHER - DAYS WITH]      9 = BLOWING SNOW
                                                   X = TORNADO
MAX 32 OR BELOW:   0    0.01 INCH OR MORE:   4
MAX 90 OR ABOVE:   1    0.10 INCH OR MORE:   1
MIN 32 OR BELOW:   0    0.50 INCH OR MORE:   1
MIN  0 OR BELOW:   0    1.00 INCH OR MORE:   0

[HDD (BASE 65) ]
TOTAL THIS MO.   116    CLEAR  (SCALE 0-3)  13
DPTR FM NORMAL   -92    PTCLDY (SCALE 4-7)   7
TOTAL FM JUL 1   306    CLOUDY (SCALE 8-10)  7
DPTR FM NORMAL  -249

[CDD (BASE 65) ]
TOTAL THIS MO.    10
DPTR FM NORMAL    10    [PRESSURE DATA]
TOTAL FM JAN 1    40    HIGHEST SLP M ON M
DPTR FM NORMAL    21    LOWEST  SLP 29.73 ON 18

[REMARKS]
