000
CXUS53 KSGF 280710
CF6UNO
PRELIMINARY LOCAL CLIMATOLOGICAL DATA (WS FORM: F-6)

                                          STATION:   WEST PLAINS MO
                                          MONTH:     SEPTEMBER
                                          YEAR:      2022
                                          LATITUDE:   36 52 N
                                          LONGITUDE:  91 55 W

  TEMPERATURE IN F:       :PCPN:    SNOW:  WIND      :SUNSHINE: SKY     :PK WND
================================================================================
1   2   3   4   5  6A  6B    7    8   9   10  11  12  13   14  15   16   17  18
                                     12Z  AVG MX 2MIN
DY MAX MIN AVG DEP HDD CDD  WTR  SNW DPTH SPD SPD DIR MIN PSBL S-S WX    SPD DR
================================================================================

 1  84  59  72  -2   0   7 0.00    M    M  2.8 12 150   M    M   0        18 180
 2  72  67  70  -4   0   5 1.79    M    M  4.5 13 120   M    M   8 13     20 130
 3  81  66  74   1   0   9 0.66    M    M  4.7 20 110   M    M   8 123    29 130
 4  84  64  74   1   0   9 0.00    M    M  3.7 10  30   M    M   4 12     14  50
 5  83  67  75   2   0  10 0.15    M    M  3.5 10 340   M    M   7 1      13 320
 6  82  65  74   2   0   9 0.00    M    M  3.6  7  40   M    M   5 1       M   M
 7  86  65  76   4   0  11 0.00    M    M  5.4 12  20   M    M   3 1      23  40
 8  82  60  71  -1   0   6 0.00    M    M  3.0  6 110   M    M   1        14  30
 9  82  56  69  -3   0   4 0.00    M    M  2.3  9 130   M    M   0 1      14 100
10  83  64  74   3   0   9 0.00    M    M  3.0 10 170   M    M   4 12     14 150
11  76  56  66  -5   0   1 0.00    M    M  8.2 17 340   M    M   5 1      26 310
12  79  50  65  -5   0   0 0.00    M    M  5.3 15 330   M    M   0        23 320
13  84  56  70   0   0   5 0.00    M    M  3.8 12 270   M    M   0        20 280
14  84  55  70   0   0   5 0.00    M    M  1.8 10 150   M    M   0        16  80
15  81  54  68  -1   0   3 0.00    M    M  2.8 10 120   M    M   1        17 140
16  83  56  70   1   0   5 0.00    M    M  4.0 12 180   M    M   1 1      17 210
17  84  61  73   4   0   8 0.00    M    M  5.5 14 190   M    M   1        20 230
18  89  64  77   9   0  12 0.00    M    M  4.9 12 210   M    M   0        18 210
19  92  69  81  13   0  16 0.00    M    M  5.8 15 270   M    M   0        22 270
20  93  69  81  13   0  16 0.00    M    M  4.0 15 260   M    M   0        20 250
21  93  69  81  14   0  16 0.00    M    M  6.9 16  20   M    M   1        24  30
22  73  56  65  -2   0   0 0.29    M    M  7.7 18  20   M    M   5 1      30  10
23  73  57  65  -1   0   0 0.00    M    M  7.5 14 120   M    M   5        18 130
24  89  61  75   9   0  10 0.14    M    M  4.8 20 330   M    M   1        29 320
25  80  57  69   3   0   4 0.02    M    M  7.4 18 320   M    M   1 1      27 340
26  75  49  62  -3   3   0 0.00    M    M  5.6 17 320   M    M   0        26 330
27  79  46  63  -2   2   0 0.00    M    M  1.9  8 360   M    M   0 8      13 250
================================================================================
SM 2226 1618         5 180  3.05    M    124.4          M       61
================================================================================
AV 82.4 59.9                               4.6 FASTST   M    M   2    MAX(MPH)
                                 MISC ---->  # 20 110                 30  10
================================================================================
NOTES:
# LAST OF SEVERAL OCCURRENCES

COLUMN 17 PEAK WIND IN M.P.H.

PRELIMINARY LOCAL CLIMATOLOGICAL DATA (WS FORM: F-6) , PAGE 2

                                          STATION:   WEST PLAINS MO
                                          MONTH:     SEPTEMBER
                                          YEAR:      2022
                                          LATITUDE:   36 52 N
                                          LONGITUDE:  91 55 W

[TEMPERATURE DATA]      [PRECIPITATION DATA]       SYMBOLS USED IN COLUMN 16

AVERAGE MONTHLY: 71.2   TOTAL FOR MONTH:   3.05    1 = FOG OR MIST
DPTR FM NORMAL:   1.6   DPTR FM NORMAL:    0.28    2 = FOG REDUCING VISIBILITY
HIGHEST:    93 ON 21,20  GRTST 24HR  2.43 ON  2- 3      TO 1/4 MILE OR LESS
LOWEST:     46 ON 27                               3 = THUNDER
                        SNOW, ICE PELLETS, HAIL    4 = ICE PELLETS
                        TOTAL MONTH:  M            5 = HAIL
                        GRTST 24HR    M  ON   M    6 = FREEZING RAIN OR DRIZZLE
                        GRTST DEPTH:  M  ON   M    7 = DUSTSTORM OR SANDSTORM:
                                                       VSBY 1/2 MILE OR LESS
                                                   8 = SMOKE OR HAZE
[NO. OF DAYS WITH]      [WEATHER - DAYS WITH]      9 = BLOWING SNOW
                                                   X = TORNADO
MAX 32 OR BELOW:   0    0.01 INCH OR MORE:   6
MAX 90 OR ABOVE:   3    0.10 INCH OR MORE:   5
MIN 32 OR BELOW:   0    0.50 INCH OR MORE:   2
MIN  0 OR BELOW:   0    1.00 INCH OR MORE:   1

[HDD (BASE 65) ]
TOTAL THIS MO.     5    CLEAR  (SCALE 0-3)  18
DPTR FM NORMAL   -23    PTCLDY (SCALE 4-7)   8
TOTAL FM JUL 1     5    CLOUDY (SCALE 8-10)  1
DPTR FM NORMAL   -24

[CDD (BASE 65) ]
TOTAL THIS MO.   180
DPTR FM NORMAL    25    [PRESSURE DATA]
TOTAL FM JAN 1  1648    HIGHEST SLP M ON M
DPTR FM NORMAL   321    LOWEST  SLP 29.86 ON  9

[REMARKS]
