000
CXUS54 KMAF 281110
CF6VHN
PRELIMINARY LOCAL CLIMATOLOGICAL DATA (WS FORM: F-6)

                                          STATION:   CULBERSON COUNTY AIRPORT
                                          MONTH:     SEPTEMBER
                                          YEAR:      2022
                                          LATITUDE:   31  3 N
                                          LONGITUDE: 104-47 E

  TEMPERATURE IN F:       :PCPN:    SNOW:  WIND      :SUNSHINE: SKY     :PK WND
================================================================================
1   2   3   4   5  6A  6B    7    8   9   10  11  12  13   14  15   16   17  18
                                     12Z  AVG MX 2MIN
DY MAX MIN AVG DEP HDD CDD  WTR  SNW DPTH SPD SPD DIR MIN PSBL S-S WX    SPD DR
================================================================================

 1  73  66  70   M   0   5 0.13    M    M  5.7  9  30   M    M   9 1       M   M
 2  77  67  72   M   0   7    M    M    M  3.5  8  40   M    M   7         M   M
 3  83  66  75   M   0  10    M    M    M  8.3 15  70   M    M   5        22  80
 4  85  63  74   M   0   9    M    M    M  7.3 15 110   M    M   2        22 110
 5  89  60  75   M   0  10    M    M    M  5.2  9 150   M    M   0         M   M
 6  91  61  76   M   0  11    M    M    M  6.4 16  90   M    M   0        23  60
 7  87  60  74   M   0   9    M    M    M  6.5 16  60   M    M   0        21  60
 8  87  58  73   M   0   8    M    M    M  3.8 10 100   M    M   0        16  80
 9  91  63  77   M   0  12    M    M    M  7.6 12 190   M    M   0         M   M
10  91  62  77   M   0  12    M    M    M  6.7  9  90   M    M   1         M   M
11  75  62  69   M   0   4    M    M    M 11.3 20  40   M    M   3        25  40
12  86  60  73   M   0   8    M    M    M  6.0 10 210   M    M   0        18 280
13  90  64  77   M   0  12 0.14    M    M  6.4 17 120   M    M   4        26 120
14  87  64  76   M   0  11    M    M    M  6.8 15 130   M    M   2        24 130
15  90  62  76   M   0  11    M    M    M  7.8 13 180   M    M   0        22 220
16  92  65  79   M   0  14    M    M    M  8.5 13 220   M    M   1        20 210
17  92  64  78   M   0  13    M    M    M  7.7 14 210   M    M   1        17 200
18  92  66  79   M   0  14    M    M    M  7.6 14 190   M    M   1        20 100
19  92  68  80   M   0  15 0.12    M    M  6.8 13  90   M    M   3        33  90
20  91  66  79   M   0  14 0.01    M    M  5.9 15 120   M    M   1        31 240
21  92  63  78   M   0  13    M    M    M  5.8 10 200   M    M   0         M   M
22  88  61  75   M   0  10    M    M    M  5.6 12  40   M    M   1 8      16  60
23  90  61  76   M   0  11    M    M    M  5.1 12 200   M    M   0         M   M
24  94  60  77   M   0  12    M    M    M  7.5 13  40   M    M   0        18  30
25  88  61  75   M   0  10    M    M    M  8.7 16  70   M    M   1        21  20
26  85  64  75   M   0  10    M    M    M  9.7 17  90   M    M   0        25  90
27  85  55  70   M   0   5    M    M    M  5.4 13  90   M    M   3         M   M
================================================================================
SM 2363 1692         0 280  0.40    M    183.7          M       45
================================================================================
AV 87.5 62.7                               6.8 FASTST   M    M   2    MAX(MPH)
                                 MISC ---->    20  40                 33  90
================================================================================
NOTES:
# LAST OF SEVERAL OCCURRENCES

COLUMN 17 PEAK WIND IN M.P.H.

PRELIMINARY LOCAL CLIMATOLOGICAL DATA (WS FORM: F-6) , PAGE 2

                                          STATION:   CULBERSON COUNTY AIRPORT
                                          MONTH:     SEPTEMBER
                                          YEAR:      2022
                                          LATITUDE:   31  3 N
                                          LONGITUDE: 104-47 E

[TEMPERATURE DATA]      [PRECIPITATION DATA]       SYMBOLS USED IN COLUMN 16

AVERAGE MONTHLY: 75.1   TOTAL FOR MONTH:   0.40    1 = FOG OR MIST
DPTR FM NORMAL:   0.0   DPTR FM NORMAL:    0.40    2 = FOG REDUCING VISIBILITY
HIGHEST:    94 ON 24    GRTST 24HR  0.14 ON 13-13      TO 1/4 MILE OR LESS
LOWEST:     55 ON 27                               3 = THUNDER
                        SNOW, ICE PELLETS, HAIL    4 = ICE PELLETS
                        TOTAL MONTH:  M            5 = HAIL
                        GRTST 24HR    M  ON   M    6 = FREEZING RAIN OR DRIZZLE
                        GRTST DEPTH:  M  ON   M    7 = DUSTSTORM OR SANDSTORM:
                                                       VSBY 1/2 MILE OR LESS
                                                   8 = SMOKE OR HAZE
[NO. OF DAYS WITH]      [WEATHER - DAYS WITH]      9 = BLOWING SNOW
                                                   X = TORNADO
MAX 32 OR BELOW:   0    0.01 INCH OR MORE:   4
MAX 90 OR ABOVE:  13    0.10 INCH OR MORE:   3
MIN 32 OR BELOW:   0    0.50 INCH OR MORE:   0
MIN  0 OR BELOW:   0    1.00 INCH OR MORE:   0

[HDD (BASE 65) ]
TOTAL THIS MO.     0    CLEAR  (SCALE 0-3)  23
DPTR FM NORMAL     M    PTCLDY (SCALE 4-7)   3
TOTAL FM JUL 1     0    CLOUDY (SCALE 8-10)  1
DPTR FM NORMAL     M

[CDD (BASE 65) ]
TOTAL THIS MO.   280
DPTR FM NORMAL     M    [PRESSURE DATA]
TOTAL FM JAN 1  2435    HIGHEST SLP M ON M
DPTR FM NORMAL     M    LOWEST  SLP M ON M

[REMARKS]
