000
CXUS53 KSGF 260710
CF6VIH
PRELIMINARY LOCAL CLIMATOLOGICAL DATA (WS FORM: F-6)

                                          STATION:   VICHY-ROLLA MO
                                          MONTH:     SEPTEMBER
                                          YEAR:      2022
                                          LATITUDE:   38  7 N
                                          LONGITUDE:  91 46 W

  TEMPERATURE IN F:       :PCPN:    SNOW:  WIND      :SUNSHINE: SKY     :PK WND
================================================================================
1   2   3   4   5  6A  6B    7    8   9   10  11  12  13   14  15   16   17  18
                                     12Z  AVG MX 2MIN
DY MAX MIN AVG DEP HDD CDD  WTR  SNW DPTH SPD SPD DIR MIN PSBL S-S WX    SPD DR
================================================================================

 1  85  60  73   0   0   8 0.00    M    M  6.5 12 140   M    M   0        19 180
 2  72  66  69  -4   0   4 0.50    M    M  7.4 15 360   M    M   7 1      20 200
 3  83  63  73   0   0   8 0.00    M    M  4.9 12  90   M    M   4 1      17 110
 4  81  62  72   0   0   7 0.04    M    M  5.0 17  10   M    M   8 12     22  20
 5  79  68  74   2   0   9 0.19    M    M  7.2 14  20   M    M   8 1      18  30
 6  80  63  72   0   0   7 0.00    M    M  4.4 10  40   M    M   7 1       M   M
 7  83  60  72   1   0   7 0.00    M    M  5.0 14  20   M    M   2 12     17  30
 8  81  56  69  -2   0   4 0.00    M    M  3.2  7 140   M    M   1 1      15 110
 9  82  57  70  -1   0   5 0.00    M    M  5.7 10 150   M    M   1        15 140
10  85  60  73   3   0   8 0.93    M    M  3.8 15 360   M    M   4 13     20 340
11  72  56  64  -6   1   0 0.45    M    M  9.9 20 300   M    M   5 1      28 310
12  77  49  63  -7   2   0 0.00    M    M  7.5 21 270   M    M   1        29 290
13  82  52  67  -2   0   2 0.00    M    M  4.2  9 220   M    M   0        17 300
14  85  59  72   3   0   7 0.00    M    M  5.3  9 140   M    M   0        13 170
15  81  58  70   1   0   5 0.00    M    M  7.8 13 190   M    M   0        18 150
16  82  62  72   4   0   7 0.00    M    M  9.0 16 200   M    M   2        22 190
17  85  66  76   8   0  11 0.00    M    M 11.0 18 160   M    M   2        25 160
18  87  67  77   9   0  12 0.03    M    M 10.5 16 190   M    M   1 13     23 180
19  93  70  82  15   0  17 0.00    M    M  9.2 15 290   M    M   0        20 290
20  94  70  82  15   0  17 0.00    M    M  9.2 18 210   M    M   0        24 190
21  93  64  79  13   0  14 0.02    M    M 10.9 20 260   M    M   3 3      27 260
22  68  58  63  -3   2   0 0.03    M    M  8.4 15  20   M    M   2        21  10
23  67  55  61  -5   4   0    T    M    M  9.4 16 150   M    M   6        23 200
24  88  56  72   7   0   7 0.00    M    M  8.3 16 270   M    M   1        22 200
25  78  53  66   1   0   1 0.00    M    M  9.7 21 310   M    M   0        30 310
================================================================================
SM 2043 1510         9 167  2.19    M    183.4          M       65
================================================================================
AV 81.7 60.4                               7.3 FASTST   M    M   3    MAX(MPH)
                                 MISC ---->  # 21 270                 30 310
================================================================================
NOTES:
# LAST OF SEVERAL OCCURRENCES

COLUMN 17 PEAK WIND IN M.P.H.

PRELIMINARY LOCAL CLIMATOLOGICAL DATA (WS FORM: F-6) , PAGE 2

                                          STATION:   VICHY-ROLLA MO
                                          MONTH:     SEPTEMBER
                                          YEAR:      2022
                                          LATITUDE:   38  7 N
                                          LONGITUDE:  91 46 W

[TEMPERATURE DATA]      [PRECIPITATION DATA]       SYMBOLS USED IN COLUMN 16

AVERAGE MONTHLY: 71.1   TOTAL FOR MONTH:   2.19    1 = FOG OR MIST
DPTR FM NORMAL:   1.8   DPTR FM NORMAL:   -1.04    2 = FOG REDUCING VISIBILITY
HIGHEST:    94 ON 20    GRTST 24HR  1.38 ON 10-11      TO 1/4 MILE OR LESS
LOWEST:     49 ON 12                               3 = THUNDER
                        SNOW, ICE PELLETS, HAIL    4 = ICE PELLETS
                        TOTAL MONTH:  M            5 = HAIL
                        GRTST 24HR    M  ON   M    6 = FREEZING RAIN OR DRIZZLE
                        GRTST DEPTH:  M  ON   M    7 = DUSTSTORM OR SANDSTORM:
                                                       VSBY 1/2 MILE OR LESS
                                                   8 = SMOKE OR HAZE
[NO. OF DAYS WITH]      [WEATHER - DAYS WITH]      9 = BLOWING SNOW
                                                   X = TORNADO
MAX 32 OR BELOW:   0    0.01 INCH OR MORE:   8
MAX 90 OR ABOVE:   3    0.10 INCH OR MORE:   4
MIN 32 OR BELOW:   0    0.50 INCH OR MORE:   2
MIN  0 OR BELOW:   0    1.00 INCH OR MORE:   0

[HDD (BASE 65) ]
TOTAL THIS MO.     9    CLEAR  (SCALE 0-3)  17
DPTR FM NORMAL   -25    PTCLDY (SCALE 4-7)   7
TOTAL FM JUL 1     9    CLOUDY (SCALE 8-10)  1
DPTR FM NORMAL   -27

[CDD (BASE 65) ]
TOTAL THIS MO.   167
DPTR FM NORMAL    28    [PRESSURE DATA]
TOTAL FM JAN 1  1478    HIGHEST SLP M ON M
DPTR FM NORMAL   222    LOWEST  SLP 29.85 ON  9

[REMARKS]
