000
CXUS52 KTAE 280800
CF6VLD
PRELIMINARY LOCAL CLIMATOLOGICAL DATA (WS FORM: F-6)

                                          STATION:   VALDOSTA
                                          MONTH:     SEPTEMBER
                                          YEAR:      2022
                                          LATITUDE:   30 46 N
                                          LONGITUDE:  83 17 W

  TEMPERATURE IN F:       :PCPN:    SNOW:  WIND      :SUNSHINE: SKY     :PK WND
================================================================================
1   2   3   4   5  6A  6B    7    8   9   10  11  12  13   14  15   16   17  18
                                     12Z  AVG MX 2MIN
DY MAX MIN AVG DEP HDD CDD  WTR  SNW DPTH SPD SPD DIR MIN PSBL S-S WX    SPD DR
================================================================================

 1  86  73  80   0   0  15 0.19  0.0    0  2.3 10  70   M    M   4 138    15  60
 2  92  72  82   2   0  17 0.04  0.0    0  3.2 17 140   M    M   5 13     24 140
 3  91  73  82   2   0  17 0.06  0.0    0  3.5 15 100   M    M   2 1      20 110
 4  87  75  81   1   0  16 0.36  0.0    M  2.9 16  80   M    M   5 13     22  90
 5  93  73  83   4   0  18    T  0.0    0  2.0 10 190   M    M   1 13     14 200
 6  94  73  84   5   0  19 0.00  0.0    0  1.4  7 360   M    M   1 1      10  20
 7  91  74  83   4   0  18 0.00  0.0    M  0.3  8 360   M    M   1 1      13  10
 8  86  74  80   1   0  15    T    M    M  2.8 14  40   M    M   4 1      18  50
 9  87  73  80   1   0  15 0.59  0.0    0  3.9 12 110   M    M   8 13     16  50
10  85  73  79   1   0  14 0.63  0.0    0  3.8 13 180   M    M   6 123    17 140
11  90  73  82   4   0  17 0.10  0.0    0  2.8 12  10   M    M   4 13     18 180
12  85  73  79   1   0  14 0.12  0.0    0  3.2 10 190   M    M   4 12     13 210
13  90  70  80   2   0  15 0.00  0.0    0  2.6 10 360   M    M   4 1      13  10
14  89  63  76  -2   0  11 0.00  0.0    0  3.5 13  10   M    M   0        16 360
15  88  64  76  -1   0  11 0.00  0.0    0  4.9 15 360   M    M   0        20 360
16  89  69  79   2   0  14 0.00    M    M  5.3 13  60   M    M   4        17 110
17  91  71  81   4   0  16    T    M    M  5.7 16  40   M    M   1        20  30
18  90  70  80   3   0  15 0.01  0.0    0  7.9 22  10   M    M   2        27  10
19  91  71  81   5   0  16 0.00  0.0    0  6.7 17 360   M    M   2        22  10
20  92  68  80   4   0  15 0.00  0.0    M  3.5 12  10   M    M   0 1      16  30
21  93  67  80   4   0  15 0.00  0.0    0  2.8 12  50   M    M   1 1      18  30
22  96  66  81   5   0  16 0.00  0.0    0  1.0 10  10   M    M   0 1      13  10
23  85  68  77   1   0  12 0.00  0.0    0  6.6 16  50   M    M   1        23  40
24  87  58  73  -2   0   8 0.00  0.0    0  3.5  9 120   M    M   1        17  30
25  89  62  76   1   0  11 0.00  0.0    0  1.2  7 100   M    M   1        10  20
26  94  65  80   5   0  15 0.00  0.0    0  1.2 12  10   M    M   0 1      15  10
27  84  64  74  -1   0   9 0.00  0.0    0  7.6 18  10   M    M   0        22 360
================================================================================
SM 2415 1875         0 394  2.10  0.0     96.1          M       62
================================================================================
AV 89.4 69.4                               3.6 FASTST   M    M   2    MAX(MPH)
                                 MISC ---->    22  10                 27  10
================================================================================
NOTES:
# LAST OF SEVERAL OCCURRENCES

COLUMN 17 PEAK WIND IN M.P.H.

PRELIMINARY LOCAL CLIMATOLOGICAL DATA (WS FORM: F-6) , PAGE 2

                                          STATION:   VALDOSTA
                                          MONTH:     SEPTEMBER
                                          YEAR:      2022
                                          LATITUDE:   30 46 N
                                          LONGITUDE:  83 17 W

[TEMPERATURE DATA]      [PRECIPITATION DATA]       SYMBOLS USED IN COLUMN 16

AVERAGE MONTHLY: 79.4   TOTAL FOR MONTH:   2.10    1 = FOG OR MIST
DPTR FM NORMAL:   1.9   DPTR FM NORMAL:   -1.80    2 = FOG REDUCING VISIBILITY
HIGHEST:    96 ON 22    GRTST 24HR  1.20 ON  9-10      TO 1/4 MILE OR LESS
LOWEST:     58 ON 24                               3 = THUNDER
                        SNOW, ICE PELLETS, HAIL    4 = ICE PELLETS
                        TOTAL MONTH:   0.0 INCH    5 = HAIL
                        GRTST 24HR  0.0            6 = FREEZING RAIN OR DRIZZLE
                        GRTST DEPTH:  0            7 = DUSTSTORM OR SANDSTORM:
                                                       VSBY 1/2 MILE OR LESS
                                                   8 = SMOKE OR HAZE
[NO. OF DAYS WITH]      [WEATHER - DAYS WITH]      9 = BLOWING SNOW
                                                   X = TORNADO
MAX 32 OR BELOW:   0    0.01 INCH OR MORE:   9
MAX 90 OR ABOVE:  14    0.10 INCH OR MORE:   6
MIN 32 OR BELOW:   0    0.50 INCH OR MORE:   2
MIN  0 OR BELOW:   0    1.00 INCH OR MORE:   0

[HDD (BASE 65) ]
TOTAL THIS MO.     0    CLEAR  (SCALE 0-3)  17
DPTR FM NORMAL     0    PTCLDY (SCALE 4-7)  10
TOTAL FM JUL 1     0    CLOUDY (SCALE 8-10)  0
DPTR FM NORMAL     0

[CDD (BASE 65) ]
TOTAL THIS MO.   394
DPTR FM NORMAL    56    [PRESSURE DATA]
TOTAL FM JAN 1  2647    HIGHEST SLP M ON M
DPTR FM NORMAL   467    LOWEST  SLP 29.74 ON  8

[REMARKS]
