000
CXUS52 KFFC 271010
CF6VPC
PRELIMINARY LOCAL CLIMATOLOGICAL DATA (WS FORM: F-6)

                                          STATION:   CARTERSVILLE
                                          MONTH:     SEPTEMBER
                                          YEAR:      2022
                                          LATITUDE:   34  7 N
                                          LONGITUDE:  84 51 W

  TEMPERATURE IN F:       :PCPN:    SNOW:  WIND      :SUNSHINE: SKY     :PK WND
================================================================================
1   2   3   4   5  6A  6B    7    8   9   10  11  12  13   14  15   16   17  18
                                     12Z  AVG MX 2MIN
DY MAX MIN AVG DEP HDD CDD  WTR  SNW DPTH SPD SPD DIR MIN PSBL S-S WX    SPD DR
================================================================================

 1  90  61  76   0   0  11 0.00    M    M  0.8  6 110   M    M   1        12 240
 2  88  72  80   4   0  15 0.00    M    M  3.8  7  99   M    M   5        16 100
 3  90  73  82   6   0  17 0.00    M    M  4.2 10 160   M    M   5        16 100
 4  82  72  77   1   0  12 0.60    M    M  2.0  6 100   M    M   8 1      13   0
 5  81  72  77   2   0  12 0.32    M    M  0.7  5 180   M    M   8 12     17 180
 6  86  70  78   3   0  13 0.12    M    M  1.2  5  99   M    M   4 12     13   0
 7  84  68  76   1   0  11 0.00    M    M  2.2  8 340   M    M   2        16 340
 8  88  66  77   2   0  12 0.00    M    M  2.0 12  20   M    M   3        18   0
 9  81  70  76   2   0  11 0.00    M    M  6.2 15 110   M    M   7        23 110
10  75  68  72  -2   0   7 0.16    M    M  6.0 14 110   M    M  10 1      18  60
11  84  70  77   3   0  12 0.22    M    M  4.1 10 180   M    M   7 1      23   0
12  81  61  71  -3   0   6 0.73    M    M  3.5 12 270   M    M   6        16 270
13  79  54  67  -6   0   2 0.00    M    M  1.3  7  99   M    M   0 1      14  99
14  82  57  70  -3   0   5 0.00    M    M  1.3  8  10   M    M   1 1      13  30
15  84  59  72  -1   0   7 0.00  0.0    M  1.4  6  99   M    M   1        13  30
16  84  59  72   0   0   7 0.00  0.0    M  1.7 10 120   M    M   5        13 120
17  84  61  73   1   0   8 0.00  0.0    M  1.6  7  99   M    M   5 1      15  99
18  86  61  74   2   0   9 0.00  0.0    M  0.2  5  40   M    M   3         M   M
19  84  59  72   0   0   7 0.00  0.0    M  0.7  5 360   M    M   1 12     12  99
20  90  64  77   6   0  12 0.00    M    M  0.8  8 340   M    M   1 1      13  99
21  91  64  78   7   0  13 0.00  0.0    M  0.5  5 270   M    M   1 1       M   M
22  91  66  79   8   0  14 0.00    M    0  3.5 12 290   M    M   0 1      20 290
23  81  55  68  -2   0   3 0.00    M    M  1.0  6  99   M    M   0        13  99
24  82  52  67  -3   0   2 0.00    M    M  0.6  6  99   M    M   1         M   M
25  81  61  71   1   0   6 0.00    M    M  2.8 13 270   M    M   5        18 250
26  79  57  68  -1   0   3 0.00    M    M  2.6 12 290   M    M   2 12     18 190
================================================================================
SM 2188 1652         0 237  2.15  0.0     56.7          M       92
================================================================================
AV 84.2 63.5                               2.2 FASTST   M    M   4    MAX(MPH)
                                 MISC ---->    15 110               # 23 110
================================================================================
NOTES:
# LAST OF SEVERAL OCCURRENCES

COLUMN 17 PEAK WIND IN M.P.H.

PRELIMINARY LOCAL CLIMATOLOGICAL DATA (WS FORM: F-6) , PAGE 2

                                          STATION:   CARTERSVILLE
                                          MONTH:     SEPTEMBER
                                          YEAR:      2022
                                          LATITUDE:   34  7 N
                                          LONGITUDE:  84 51 W

[TEMPERATURE DATA]      [PRECIPITATION DATA]       SYMBOLS USED IN COLUMN 16

AVERAGE MONTHLY: 73.8   TOTAL FOR MONTH:   2.15    1 = FOG OR MIST
DPTR FM NORMAL:   0.8   DPTR FM NORMAL:   -0.97    2 = FOG REDUCING VISIBILITY
HIGHEST:    91 ON 22,21  GRTST 24HR  0.73 ON 12-12      TO 1/4 MILE OR LESS
LOWEST:     52 ON 24                               3 = THUNDER
                        SNOW, ICE PELLETS, HAIL    4 = ICE PELLETS
                        TOTAL MONTH:   0.0 INCH    5 = HAIL
                        GRTST 24HR  0.0            6 = FREEZING RAIN OR DRIZZLE
                        GRTST DEPTH:  0            7 = DUSTSTORM OR SANDSTORM:
                                                       VSBY 1/2 MILE OR LESS
                                                   8 = SMOKE OR HAZE
[NO. OF DAYS WITH]      [WEATHER - DAYS WITH]      9 = BLOWING SNOW
                                                   X = TORNADO
MAX 32 OR BELOW:   0    0.01 INCH OR MORE:   6
MAX 90 OR ABOVE:   5    0.10 INCH OR MORE:   6
MIN 32 OR BELOW:   0    0.50 INCH OR MORE:   2
MIN  0 OR BELOW:   0    1.00 INCH OR MORE:   0

[HDD (BASE 65) ]
TOTAL THIS MO.     0    CLEAR  (SCALE 0-3)  14
DPTR FM NORMAL    -5    PTCLDY (SCALE 4-7)  11
TOTAL FM JUL 1     0    CLOUDY (SCALE 8-10)  1
DPTR FM NORMAL    -5

[CDD (BASE 65) ]
TOTAL THIS MO.   237
DPTR FM NORMAL    19    [PRESSURE DATA]
TOTAL FM JAN 1  1884    HIGHEST SLP M ON M
DPTR FM NORMAL   329    LOWEST  SLP M ON M

[REMARKS]
