000
CXUS53 KLOT 260800
CF6VPZ
PRELIMINARY LOCAL CLIMATOLOGICAL DATA (WS FORM: F-6)

                                          STATION:   VALPARAISO IN
                                          MONTH:     SEPTEMBER
                                          YEAR:      2022
                                          LATITUDE:   41 27 N
                                          LONGITUDE:  87  0 W

  TEMPERATURE IN F:       :PCPN:    SNOW:  WIND      :SUNSHINE: SKY     :PK WND
================================================================================
1   2   3   4   5  6A  6B    7    8   9   10  11  12  13   14  15   16   17  18
                                     12Z  AVG MX 2MIN
DY MAX MIN AVG DEP HDD CDD  WTR  SNW DPTH SPD SPD DIR MIN PSBL S-S WX    SPD DR
================================================================================

 1  88  62  75   4   0  10 0.00    M    M  5.7 15 220   M    M   0        20 210
 2  86  63  75   5   0  10 0.00    M    M  4.7 16 200   M    M   0 12     23 200
 3  88  66  77   7   0  12 0.00    M    M  5.2 10 220   M    M   2 3      15 210
 4  75   M   M   M   M   M    M    M    M  4.8  9  30   M    M   7 1      16  99
 5   M   M   M   M   M   M    M    M    M    M  M   M   M    M   M         M   M
 6   M  65   M   M   M   M    M    M    M    M  M   M   M    M   M         M   M
 7  80  57  69   0   0   4 0.00    M    M  3.6 15 350   M    M   4 12     23 360
 8  85  54  70   1   0   5 0.00    M    M  2.0  9 170   M    M   1 12     14 160
 9  84  52  68   0   0   3 0.00    M    M  5.0 16 170   M    M   1        22 230
10  86  56  71   3   0   6 0.00    M    M  3.4 13 230   M    M   1 12     18 240
11  72  59  66  -2   0   1 0.72    M    M  8.8 21 250   M    M   9 138    31 240
12  60  50  55 -13  10   0 0.13    M    M  8.9 21 240   M    M   9 1      29 230
13  73  49  61  -6   4   0 0.00    M    M  4.0 13 350   M    M   5 1      21 350
14  80  50  65  -2   0   0 0.00    M    M  3.5  9 270   M    M   1 12     14  20
15  82  54  68   1   0   3 0.00    M    M  3.3 12 230   M    M   4 12     17 220
16  84  53  69   3   0   4 0.00    M    M  5.1 14 200   M    M   2 12     21 200
17  86  60  73   7   0   8 0.00    M    M  8.5 22 220   M    M   1        29 210
18  85  65  75   9   0  10 0.00    M    M  7.8 18 220   M    M   2        28 240
19  78  52  65   0   0   0 0.00    M    M  5.1 15 260   M    M   5 123    22 260
20  90  51  71   6   0   6 0.01    M    M  7.5 28 240   M    M   4 12     43 230
21  89  63  76  12   0  11 0.00    M    M  7.9 16 330   M    M   1        28 340
22  65  46  56  -8   9   0 0.00    M    M 10.2 22 330   M    M   5        35 320
23  65  39  52 -12  13   0 0.00    M    M  4.3 10 210   M    M   3        14 210
24  76  53  65   2   0   0 0.00    M    M  7.0 18 260   M    M   7        26 270
25  70  52  61  -2   4   0 0.03    M    M 12.2 24 280   M    M   7 18     34 250
================================================================================
SM 1827 1271        40  93  0.89    M    138.5          M       81
================================================================================
AV 79.4 55.3                               6.0 FASTST   M    M   4    MAX(MPH)
                                 MISC ---->    28 240                 43 230
================================================================================
NOTES:
# LAST OF SEVERAL OCCURRENCES

COLUMN 17 PEAK WIND IN M.P.H.

PRELIMINARY LOCAL CLIMATOLOGICAL DATA (WS FORM: F-6) , PAGE 2

                                          STATION:   VALPARAISO IN
                                          MONTH:     SEPTEMBER
                                          YEAR:      2022
                                          LATITUDE:   41 27 N
                                          LONGITUDE:  87  0 W

[TEMPERATURE DATA]      [PRECIPITATION DATA]       SYMBOLS USED IN COLUMN 16

AVERAGE MONTHLY: 67.3   TOTAL FOR MONTH:   0.89    1 = FOG OR MIST
DPTR FM NORMAL:   0.3   DPTR FM NORMAL:   -1.19    2 = FOG REDUCING VISIBILITY
HIGHEST:    90 ON 20    GRTST 24HR  0.72 ON 11-11      TO 1/4 MILE OR LESS
LOWEST:     39 ON 23                               3 = THUNDER
                        SNOW, ICE PELLETS, HAIL    4 = ICE PELLETS
                        TOTAL MONTH:  M            5 = HAIL
                        GRTST 24HR    M  ON   M    6 = FREEZING RAIN OR DRIZZLE
                        GRTST DEPTH:  M  ON   M    7 = DUSTSTORM OR SANDSTORM:
                                                       VSBY 1/2 MILE OR LESS
                                                   8 = SMOKE OR HAZE
[NO. OF DAYS WITH]      [WEATHER - DAYS WITH]      9 = BLOWING SNOW
                                                   X = TORNADO
MAX 32 OR BELOW:   0    0.01 INCH OR MORE:   4
MAX 90 OR ABOVE:   1    0.10 INCH OR MORE:   2
MIN 32 OR BELOW:   0    0.50 INCH OR MORE:   1
MIN  0 OR BELOW:   0    1.00 INCH OR MORE:   0

[HDD (BASE 65) ]
TOTAL THIS MO.    40    CLEAR  (SCALE 0-3)  12
DPTR FM NORMAL   -10    PTCLDY (SCALE 4-7)   9
TOTAL FM JUL 1    40    CLOUDY (SCALE 8-10)  4
DPTR FM NORMAL   -17

[CDD (BASE 65) ]
TOTAL THIS MO.    93
DPTR FM NORMAL    -8    [PRESSURE DATA]
TOTAL FM JAN 1   897    HIGHEST SLP M ON M
DPTR FM NORMAL   -48    LOWEST  SLP 29.69 ON 25

[REMARKS]
