000
CXUS56 KPQR 281155
CF6VUO
PRELIMINARY LOCAL CLIMATOLOGICAL DATA (WS FORM: F-6)

                                          STATION:   VANCOUVER WA
                                          MONTH:     SEPTEMBER
                                          YEAR:      2022
                                          LATITUDE:   45 37 N
                                          LONGITUDE: 122 39 W

  TEMPERATURE IN F:       :PCPN:    SNOW:  WIND      :SUNSHINE: SKY     :PK WND
================================================================================
1   2   3   4   5  6A  6B    7    8   9   10  11  12  13   14  15   16   17  18
                                     12Z  AVG MX 2MIN
DY MAX MIN AVG DEP HDD CDD  WTR  SNW DPTH SPD SPD DIR MIN PSBL S-S WX    SPD DR
================================================================================

 1  91  60  76   9   0  11 0.00    M    M  4.3 12 320   M    M   3 18     17 330
 2  88  60  74   7   0   9 0.00    M    M  3.7 10 330   M    M   0        17 310
 3  77  61  69   2   0   4 0.00    M    M  2.3  8  90   M    M   6        11 100
 4  85  56  71   4   0   6 0.00    M    M  3.6 15 320   M    M   1        23 330
 5  81  55  68   1   0   3 0.00    M    M  7.2 15 320   M    M   0        22 310
 6  92  54  73   7   0   8 0.00    M    M  4.9 12 330   M    M   0        17 310
 7  83  59  71   5   0   6 0.00    M    M  6.1 15 300   M    M   0        22 290
 8  81  51  66   0   0   1 0.00    M    M  6.0 16 300   M    M   0        21 290
 9  87  50  69   3   0   4 0.00    M    M 11.0 26  90   M    M   0 8      36  80
10  89  61  75   9   0  10 0.00    M    M  6.6 20 100   M    M   5 8      30 130
11  79  60  70   5   0   5    T    M    M  1.7  9 300   M    M   1 38     13  10
12  76  61  69   4   0   4 0.06    M    M  2.9  9 290   M    M   6 1      12 300
13  73  63  68   3   0   3 0.00    M    M  4.0 10 290   M    M  10        15 290
14  75  63  69   4   0   4 0.00    M    M  3.3  9 310   M    M   9        17 310
15  76  61  69   5   0   4 0.00    M    M  5.3 14 280   M    M   7        19 290
16  69  55  62  -2   3   0    T    M    M  4.4 13 320   M    M   9        18 330
17  71  51  61  -3   4   0 0.01    M    M  4.7 13 320   M    M   4        19 310
18  79  55  67   4   0   2 0.00    M    M  3.4 10 120   M    M   2        14 120
19  84  52  68   5   0   3 0.00    M    M  2.3 10 300   M    M   0        12 270
20  85  53  69   6   0   4 0.00    M    M  2.5 10 260   M    M   0        16 280
21  78  51  65   3   0   0 0.00    M    M  3.4 10 270   M    M   0         M   M
22  74  51  63   1   2   0 0.00    M    M  2.6 12 270   M    M   5        16 230
23  75  46  61  -1   4   0 0.00    M    M  3.3 10 330   M    M   0        14 330
24  80  49  65   3   0   0 0.00    M    M  3.7 12 300   M    M   0 18     18 290
25  88  50  69   8   0   4 0.00    M    M  2.7 10 290   M    M   0        15 290
26  89  53  71  10   0   6 0.00    M    M  1.6  8 360   M    M   0        12 310
27  83  55  69   8   0   4 0.00    M    M  2.7  8 160   M    M   0 8      10 150
================================================================================
SM 2188 1496        13 105  0.07    M    110.2          M       68
================================================================================
AV 81.0 55.4                               4.1 FASTST   M    M   3    MAX(MPH)
                                 MISC ---->    26  90                 36  80
================================================================================
NOTES:
# LAST OF SEVERAL OCCURRENCES

COLUMN 17 PEAK WIND IN M.P.H.

PRELIMINARY LOCAL CLIMATOLOGICAL DATA (WS FORM: F-6) , PAGE 2

                                          STATION:   VANCOUVER WA
                                          MONTH:     SEPTEMBER
                                          YEAR:      2022
                                          LATITUDE:   45 37 N
                                          LONGITUDE: 122 39 W

[TEMPERATURE DATA]      [PRECIPITATION DATA]       SYMBOLS USED IN COLUMN 16

AVERAGE MONTHLY: 68.2   TOTAL FOR MONTH:   0.07    1 = FOG OR MIST
DPTR FM NORMAL:   3.9   DPTR FM NORMAL:   -1.14    2 = FOG REDUCING VISIBILITY
HIGHEST:    92 ON  6    GRTST 24HR  0.06 ON 11-12      TO 1/4 MILE OR LESS
LOWEST:     46 ON 23                               3 = THUNDER
                        SNOW, ICE PELLETS, HAIL    4 = ICE PELLETS
                        TOTAL MONTH:  M            5 = HAIL
                        GRTST 24HR    M  ON   M    6 = FREEZING RAIN OR DRIZZLE
                        GRTST DEPTH:  M  ON   M    7 = DUSTSTORM OR SANDSTORM:
                                                       VSBY 1/2 MILE OR LESS
                                                   8 = SMOKE OR HAZE
[NO. OF DAYS WITH]      [WEATHER - DAYS WITH]      9 = BLOWING SNOW
                                                   X = TORNADO
MAX 32 OR BELOW:   0    0.01 INCH OR MORE:   2
MAX 90 OR ABOVE:   2    0.10 INCH OR MORE:   0
MIN 32 OR BELOW:   0    0.50 INCH OR MORE:   0
MIN  0 OR BELOW:   0    1.00 INCH OR MORE:   0

[HDD (BASE 65) ]
TOTAL THIS MO.    13    CLEAR  (SCALE 0-3)  18
DPTR FM NORMAL   -54    PTCLDY (SCALE 4-7)   6
TOTAL FM JUL 1    13    CLOUDY (SCALE 8-10)  3
DPTR FM NORMAL   -83

[CDD (BASE 65) ]
TOTAL THIS MO.   105
DPTR FM NORMAL    55    [PRESSURE DATA]
TOTAL FM JAN 1   675    HIGHEST SLP M ON M
DPTR FM NORMAL   279    LOWEST  SLP 29.69 ON 17

[REMARKS]
