000
CXUS56 KLOX 271155
CF6WJF
PRELIMINARY LOCAL CLIMATOLOGICAL DATA (WS FORM: F-6)

                                          STATION:   LANCASTER FOX FIELD CA
                                          MONTH:     SEPTEMBER
                                          YEAR:      2022
                                          LATITUDE:   34 43 N
                                          LONGITUDE: 118 13 W

  TEMPERATURE IN F:       :PCPN:    SNOW:  WIND      :SUNSHINE: SKY     :PK WND
================================================================================
1   2   3   4   5  6A  6B    7    8   9   10  11  12  13   14  15   16   17  18
                                     12Z  AVG MX 2MIN
DY MAX MIN AVG DEP HDD CDD  WTR  SNW DPTH SPD SPD DIR MIN PSBL S-S WX    SPD DR
================================================================================

 1 112  76  94  15   0  29 0.00    M    M  7.2 23 270   M    M   0        27 270
 2 113  72  93  15   0  28 0.00    M    M  8.5 32 270   M    M   0        39 270
 3 109  73  91  13   0  26 0.15    M    M  6.2 26  90   M    M   0 3      35  90
 4 106  69  88  10   0  23 0.05    M    M  4.9 24 210   M    M   0        32 190
 5 110  71  91  13   0  26 0.00    M    M  6.7 21  50   M    M   0        25  50
 6 110  69  90  13   0  25 0.00    M    M  7.4 24 240   M    M   0        30 240
 7 108  75  92  15   0  27 0.00    M    M  9.5 24 240   M    M   0        30 240
 8 103  74  89  12   0  24    T    M    M  5.6 18 170   M    M   0 3      24 170
 9 101  69  85   9   0  20    T    M    M  9.8 28  70   M    M   1 8      38  60
10  84  71  78   2   0  13 0.02    M    M  3.9 17 200   M    M   6        22 190
11  93  69  81   5   0  16 0.22    M    M  7.5 35 150   M    M   2 13     42 150
12  86  67  77   1   0  12 0.00    M    M  7.5 20 280   M    M   4        23 250
13  88  69  79   4   0  14 0.00    M    M 15.0 25 260   M    M   2        33 250
14  83  60  72  -3   0   7 0.00    M    M 13.6 22 250   M    M   0        28 210
15  85  57  71  -3   0   6 0.00    M    M 13.3 23 280   M    M   0        29 260
16  89  59  74   0   0   9 0.00    M    M  8.8 25 270   M    M   0        30 270
17  82  57  70  -4   0   5 0.00    M    M 16.1 25 240   M    M   0        33 220
18  77  59  68  -6   0   3 0.00    M    M 14.8 26 250   M    M   0        35 240
19  83  56  70  -3   0   5 0.00    M    M 11.0 25 250   M    M   0        32 240
20  81  55  68  -5   0   3 0.00    M    M 12.4 23 250   M    M   0        31 250
21  82  52  67  -5   0   2 0.00    M    M 13.7 22 250   M    M   0        29 240
22  87  56  72   0   0   7 0.00    M    M  6.0 20 290   M    M   0        25 290
23  94  48  71  -1   0   6 0.00    M    M  5.7 17 260   M    M   0        19 250
24  97  61  79   8   0  14 0.00    M    M  6.5 18 260   M    M   0        23 250
25  99  63  81  10   0  16 0.00    M    M  5.1 18 230   M    M   0        24 220
26 101  63  82  12   0  17 0.00    M    M  3.9 14 250   M    M   0        16 250
================================================================================
SM 2463 1670         0 383  0.44    M    230.6          M       15
================================================================================
AV 94.7 64.2                               8.9 FASTST   M    M   1    MAX(MPH)
                                 MISC ---->    35 150                 42 150
================================================================================
NOTES:
# LAST OF SEVERAL OCCURRENCES

COLUMN 17 PEAK WIND IN M.P.H.

PRELIMINARY LOCAL CLIMATOLOGICAL DATA (WS FORM: F-6) , PAGE 2

                                          STATION:   LANCASTER FOX FIELD CA
                                          MONTH:     SEPTEMBER
                                          YEAR:      2022
                                          LATITUDE:   34 43 N
                                          LONGITUDE: 118 13 W

[TEMPERATURE DATA]      [PRECIPITATION DATA]       SYMBOLS USED IN COLUMN 16

AVERAGE MONTHLY: 79.5   TOTAL FOR MONTH:   0.44    1 = FOG OR MIST
DPTR FM NORMAL:   4.6   DPTR FM NORMAL:    0.34    2 = FOG REDUCING VISIBILITY
HIGHEST:   113 ON  2    GRTST 24HR  0.22 ON 10-11      TO 1/4 MILE OR LESS
LOWEST:     48 ON 23                               3 = THUNDER
                        SNOW, ICE PELLETS, HAIL    4 = ICE PELLETS
                        TOTAL MONTH:  M            5 = HAIL
                        GRTST 24HR    M  ON   M    6 = FREEZING RAIN OR DRIZZLE
                        GRTST DEPTH:  M  ON   M    7 = DUSTSTORM OR SANDSTORM:
                                                       VSBY 1/2 MILE OR LESS
                                                   8 = SMOKE OR HAZE
[NO. OF DAYS WITH]      [WEATHER - DAYS WITH]      9 = BLOWING SNOW
                                                   X = TORNADO
MAX 32 OR BELOW:   0    0.01 INCH OR MORE:   4
MAX 90 OR ABOVE:  14    0.10 INCH OR MORE:   2
MIN 32 OR BELOW:   0    0.50 INCH OR MORE:   0
MIN  0 OR BELOW:   0    1.00 INCH OR MORE:   0

[HDD (BASE 65) ]
TOTAL THIS MO.     0    CLEAR  (SCALE 0-3)  24
DPTR FM NORMAL    -3    PTCLDY (SCALE 4-7)   2
TOTAL FM JUL 1     0    CLOUDY (SCALE 8-10)  0
DPTR FM NORMAL    -3

[CDD (BASE 65) ]
TOTAL THIS MO.   383
DPTR FM NORMAL   122    [PRESSURE DATA]
TOTAL FM JAN 1  2364    HIGHEST SLP M ON M
DPTR FM NORMAL   537    LOWEST  SLP 29.58 ON  9

[REMARKS]
