000
CXUS56 KTFX 240915
CF6WYS
23
PRELIMINARY LOCAL CLIMATOLOGICAL DATA (WS FORM: F-6)

                                          STATION:   WEST YELLOWSTO MT
                                          MONTH:     August
                                          YEAR:      2022
                                          LATITUDE:   44.68  N
                                          LONGITUDE: 111.12  W

  TEMPERATURE IN F:       :PCPN:    SNOW:  WIND      :SUNSHINE: SKY     :PK WND
================================================================================
1   2   3   4   5  6A  6B    7    8   9   10  11  12  13   14  15   16   17  18
                                     12Z  AVG MX 2MIN
DY MAX MIN AVG DEP HDD CDD  WTR  SNW DPTH SPD SPD DIR MIN PSBL S-S WX    SPD DR
================================================================================

01  86  41  63   4   2   0  0.00  M    M  3.5  M   M   M    M   M        32  280
02  75  52  63   4   2   0  0.00  M    M 10.5  M   M   M    M   M        35  340
03  75  41  58  -1   7   0  0.00  M    M  4.9  M   M   M    M   M        25  270
04  82  41  61   2   4   0  0.00  M    M  8.5  M   M   M    M   M        38  240
05  64  48  56  -3   9   0  0.00  M    M  7.2  M   M   M    M   M        33  310
06  63  48  55  -4  10   0  0.00  M    M  1.8  M   M   M    M   M        21  360
07  72  46  59   0   6   0  0.00  M    M  4.9  M   M   M    M   M        22  240
08  79  37  58  -1   7   0  0.00  M    M  5.1  M   M   M    M   M        30  240
09  84  36  60   2   5   0  0.00  M    M  0.6  M   M   M    M   M        13  260
10  81  39  60   2   5   0  0.00  M    M  2.8  M   M   M    M   M        28  320
11  81  55  68  10   0   3  0.00  M    M  3.5  M   M   M    M   M        33  270
12  84  48  66   8   0   1  0.00  M    M  2.6  M   M   M    M   M        24  350
13  81  52  66   8   0   1  0.00  M    M  3.5  M   M   M    M   M        22  350
14  77  46  61   3   4   0  0.00  M    M  1.3  M   M   M    M   M        28  310
15  81  39  60   2   5   0  0.00  M    M  3.8  M   M   M    M   M        24  310
16  82  39  60   3   5   0  0.00  M    M  2.3  M   M   M    M   M        17  360
17  84  39  61   4   4   0  0.00  M    M  1.6  M   M   M    M   M        17  360
18  86  37  61   4   4   0  0.00  M    M  1.9  M   M   M    M   M        M     M
19  82  41  61   4   4   0  0.00  M    M  3.8  M   M   M    M   M        17  330
20  82  43  62   5   3   0  0.00  M    M  3.4  M   M   M    M   M        29  300
21  79  46  62   5   3   0  0.00  M    M  2.4  M   M   M    M   M        18  360
22  81  41  61   5   4   0  0.00  M    M  3.2  M   M   M    M   M        23  360
23  81  37  59   3   6   0  0.00  M    M  3.5  M   M   M    M   M        26  360
================================================================================
SM 1822 992         99  5  0         86.6
================================================================================
AV 79.2 43.1                              3.8                        MAX(MPH)
                                                                      38

[TEMPERATURE DATA]      [PRECIPITATION DATA]

Average Monthly:  61.2  Total for Month:  0
Dptr fm Normal:    3.0  Dptr fm Normal:  -0.84
