000
CXUS54 KFWD 280730
CF6XBP
PRELIMINARY LOCAL CLIMATOLOGICAL DATA (WS FORM: F-6)

                                          STATION:   BRIDGEPORT
                                          MONTH:     SEPTEMBER
                                          YEAR:      2022
                                          LATITUDE:   33 10 N
                                          LONGITUDE:  96 30 W

  TEMPERATURE IN F:       :PCPN:    SNOW:  WIND      :SUNSHINE: SKY     :PK WND
================================================================================
1   2   3   4   5  6A  6B    7    8   9   10  11  12  13   14  15   16   17  18
                                     12Z  AVG MX 2MIN
DY MAX MIN AVG DEP HDD CDD  WTR  SNW DPTH SPD SPD DIR MIN PSBL S-S WX    SPD DR
================================================================================

 1  83  72  78  -2   0  13 0.02    M    M  3.0  9 170   M    M   4        17   0
 2  87  70  79  -1   0  14 0.00    M    M  2.7 13 180   M    M   3        21 180
 3  94  69  82   3   0  17 0.02    M    M  2.0  7 190   M    M   1         M   M
 4  94  67  81   2   0  16 0.16    M    M  2.9 16  60   M    M   0 3      30  60
 5  91  65  78  -1   0  13 0.00    M    M  1.8  6 120   M    M   0         M   M
 6  93  64  79   1   0  14 0.00    M    M  0.9  6  10   M    M   1         M   M
 7  93  66  80   2   0  15 0.00    M    M  2.7  9  30   M    M   1         M   M
 8  89  63  76  -2   0  11 0.00    M    M  2.9  8  80   M    M   1         M   M
 9  88  62  75  -2   0  10 0.00    M    M  4.3 10 100   M    M   1        20 100
10  88  58  73  -4   0   8 0.00    M    M  1.9  8 100   M    M   0         M   M
11  81  60  71  -6   0   6 0.00    M    M  6.9 12 350   M    M   3        18 360
12  86  56  71  -5   0   6 0.00    M    M  2.1  6 150   M    M   1         M   M
13  91  61  76   0   0  11 0.00    M    M  4.6 12 180   M    M   1        17 170
14  90  62  76   1   0  11 0.00    M    M  5.7 12 140   M    M   0        16 140
15  88  56  72  -3   0   7 0.00    M    M  5.2 12 130   M    M   0        20 140
16  92  62  77   2   0  12 0.00    M    M  6.4 13 130   M    M   1        20 110
17  95  73  84  10   0  19 0.00    M    M  8.1 15 170   M    M   1        22 170
18  96  71  84  10   0  19 0.00    M    M  6.8 12 180   M    M   0        17 170
19  96  64  80   7   0  15 0.00    M    M  3.9 10 150   M    M   1        17 150
20  96  68  82   9   0  17 0.00    M    M  5.0  9 180   M    M   1        16 180
21  97  68  83  10   0  18 0.00    M    M  5.5 12 140   M    M   1        16 130
22  97  62  80   8   0  15 0.00    M    M  1.0  7 350   M    M   1         M   M
23  98  60  79   7   0  14 0.00    M    M  4.0 10 170   M    M   0        18 210
24  97  74  86  15   0  21 0.00    M    M  8.0 12 200   M    M   0        22 130
25  98  66  82  11   0  17 0.00    M    M  5.6 14  10   M    M   2        23  30
26  87  54  71   0   0   6 0.00    M    M  3.9 13  20   M    M   0        28  20
27  92  50  71   1   0   6 0.00    M    M  4.0  8 160   M    M   0         M   M
================================================================================
SM 2477 1723         0 351  0.20    M    111.7          M       25
================================================================================
AV 91.7 63.8                               4.1 FASTST   M    M   1    MAX(MPH)
                                 MISC ---->    16  60                 30  60
================================================================================
NOTES:
# LAST OF SEVERAL OCCURRENCES

COLUMN 17 PEAK WIND IN M.P.H.

PRELIMINARY LOCAL CLIMATOLOGICAL DATA (WS FORM: F-6) , PAGE 2

                                          STATION:   BRIDGEPORT
                                          MONTH:     SEPTEMBER
                                          YEAR:      2022
                                          LATITUDE:   33 10 N
                                          LONGITUDE:  96 30 W

[TEMPERATURE DATA]      [PRECIPITATION DATA]       SYMBOLS USED IN COLUMN 16

AVERAGE MONTHLY: 77.8   TOTAL FOR MONTH:   0.20    1 = FOG OR MIST
DPTR FM NORMAL:   2.5   DPTR FM NORMAL:   -2.62    2 = FOG REDUCING VISIBILITY
HIGHEST:    98 ON 25,23  GRTST 24HR  0.16 ON  4- 4      TO 1/4 MILE OR LESS
LOWEST:     50 ON 27                               3 = THUNDER
                        SNOW, ICE PELLETS, HAIL    4 = ICE PELLETS
                        TOTAL MONTH:  M            5 = HAIL
                        GRTST 24HR    M  ON   M    6 = FREEZING RAIN OR DRIZZLE
                        GRTST DEPTH:  M  ON   M    7 = DUSTSTORM OR SANDSTORM:
                                                       VSBY 1/2 MILE OR LESS
                                                   8 = SMOKE OR HAZE
[NO. OF DAYS WITH]      [WEATHER - DAYS WITH]      9 = BLOWING SNOW
                                                   X = TORNADO
MAX 32 OR BELOW:   0    0.01 INCH OR MORE:   3
MAX 90 OR ABOVE:  18    0.10 INCH OR MORE:   1
MIN 32 OR BELOW:   0    0.50 INCH OR MORE:   0
MIN  0 OR BELOW:   0    1.00 INCH OR MORE:   0

[HDD (BASE 65) ]
TOTAL THIS MO.     0    CLEAR  (SCALE 0-3)  25
DPTR FM NORMAL   -10    PTCLDY (SCALE 4-7)   2
TOTAL FM JUL 1     0    CLOUDY (SCALE 8-10)  0
DPTR FM NORMAL   -10

[CDD (BASE 65) ]
TOTAL THIS MO.   351
DPTR FM NORMAL    63    [PRESSURE DATA]
TOTAL FM JAN 1  2637    HIGHEST SLP M ON M
DPTR FM NORMAL   589    LOWEST  SLP M ON M

[REMARKS]
