000
CXAK56 PAJK 281310
CF6YAK
PRELIMINARY LOCAL CLIMATOLOGICAL DATA (WS FORM: F-6)

                                          STATION:   YAKUTAT
                                          MONTH:     SEPTEMBER
                                          YEAR:      2022
                                          LATITUDE:   59 31 N
                                          LONGITUDE: 139 40 W

  TEMPERATURE IN F:       :PCPN:    SNOW:  WIND      :SUNSHINE: SKY     :PK WND
================================================================================
1   2   3   4   5  6A  6B    7    8   9   10  11  12  13   14  15   16   17  18
                                     12Z  AVG MX 2MIN
DY MAX MIN AVG DEP HDD CDD  WTR  SNW DPTH SPD SPD DIR MIN PSBL S-S WX    SPD DR
================================================================================

 1  55  50  53   1  12   0 4.18    M    M 12.5 26 120   M    M  10 1      39 130
 2  58  50  54   2  11   0 3.46    M    M 16.7 31 120   M    M  10 1      48 110
 3  59  49  54   2  11   0 0.79    M    M  6.0 23 120   M    M  10 1      37 120
 4  60  43  52   0  13   0 0.24    M    M  2.7  9 160   M    M   8 1      11 170
 5  62  37  50  -1  15   0 0.00    M    M  2.1  9 360   M    M   5 1      12 310
 6  60  47  54   3  11   0 0.23    M    M  5.8 14 300   M    M   3 1      18 300
 7  59  48  54   3  11   0 0.06    M    M  4.3 12 210   M    M   7 1      16 270
 8  57  50  54   3  11   0 1.78    M    M  8.5 18 120   M    M  10 1      30 120
 9  57  49  53   2  12   0 1.29    M    M  9.7 24 190   M    M  10 18     34 160
10  57  45  51   1  14   0 0.30    M    M  3.2 10 160   M    M   6 1      17 220
11  58  39  49  -1  16   0 0.00    M    M  1.3  9 230   M    M   4 1      11 220
12  56  47  52   2  13   0 0.27    M    M  3.8 10 110   M    M  10 1      14 110
13  56  51  54   4  11   0 2.32    M    M  9.2 21 120   M    M  10 1      30 110
14  56  44  50   0  15   0 0.99    M    M  2.9 16 120   M    M   9 1      27 160
15  55  43  49  -1  16   0 0.06    M    M  3.3 10  80   M    M  10 1      12  80
16  61  40  51   2  14   0 0.19    M    M  4.2 12  60   M    M   5 1      15  70
17  56  37  47  -2  18   0 0.05    M    M  2.1  8  80   M    M   8 1       9  80
18  57  43  50   1  15   0    T    M    M  2.2 12 320   M    M   9 12     15 330
19  54  41  48  -1  17   0 0.38    M    M  3.8  9  90   M    M   9 1      13 120
20  57  51  54   5  11   0 1.98    M    M  9.0 18 120   M    M  10 1      29 120
21  56  45  51   3  14   0 0.52    M    M 13.1 24 120   M    M  10 1      35 110
22  50  43  47  -1  18   0 2.27    M    M  7.6 21  80   M    M   9 1      26  80
23  56  45  51   3  14   0 1.05    M    M 10.4 23  90   M    M  10 1      32 110
24  52  46  49   1  16   0 1.56    M    M  6.9 15  70   M    M  10 1      21  80
25  53  42  48   0  17   0 0.99    M    M  3.9 18 300   M    M   5 1      22 300
26  58  48  53   6  12   0 1.25    M    M  9.7 28 130   M    M   9 1      42 130
27  57  37  47   0  18   0 0.08    M    M  2.9 12 310   M    M   3 1      14 320
================================================================================
SM 1532 1210       376   0 26.29    M    167.8          M      219
================================================================================
AV 56.7 44.8                               6.2 FASTST   M    M   8    MAX(MPH)
                                 MISC ---->    31 120                 48 110
================================================================================
NOTES:
# LAST OF SEVERAL OCCURRENCES

COLUMN 17 PEAK WIND IN M.P.H.

PRELIMINARY LOCAL CLIMATOLOGICAL DATA (WS FORM: F-6) , PAGE 2

                                          STATION:   YAKUTAT
                                          MONTH:     SEPTEMBER
                                          YEAR:      2022
                                          LATITUDE:   59 31 N
                                          LONGITUDE: 139 40 W

[TEMPERATURE DATA]      [PRECIPITATION DATA]       SYMBOLS USED IN COLUMN 16

AVERAGE MONTHLY: 50.8   TOTAL FOR MONTH:  26.29    1 = FOG OR MIST
DPTR FM NORMAL:   1.1   DPTR FM NORMAL:    9.29    2 = FOG REDUCING VISIBILITY
HIGHEST:    62 ON  5    GRTST 24HR  4.49 ON  1- 2      TO 1/4 MILE OR LESS
LOWEST:     37 ON 27,17                             3 = THUNDER
                        SNOW, ICE PELLETS, HAIL    4 = ICE PELLETS
                        TOTAL MONTH:  M            5 = HAIL
                        GRTST 24HR    M  ON   M    6 = FREEZING RAIN OR DRIZZLE
                        GRTST DEPTH:  M  ON   M    7 = DUSTSTORM OR SANDSTORM:
                                                       VSBY 1/2 MILE OR LESS
                                                   8 = SMOKE OR HAZE
[NO. OF DAYS WITH]      [WEATHER - DAYS WITH]      9 = BLOWING SNOW
                                                   X = TORNADO
MAX 32 OR BELOW:   0    0.01 INCH OR MORE:  24
MAX 90 OR ABOVE:   0    0.10 INCH OR MORE:  20
MIN 32 OR BELOW:   0    0.50 INCH OR MORE:  14
MIN  0 OR BELOW:   0    1.00 INCH OR MORE:  10

[HDD (BASE 65) ]
TOTAL THIS MO.   376    CLEAR  (SCALE 0-3)   1
DPTR FM NORMAL   -38    PTCLDY (SCALE 4-7)   9
TOTAL FM JUL 1   918    CLOUDY (SCALE 8-10) 17
DPTR FM NORMAL  -115

[CDD (BASE 65) ]
TOTAL THIS MO.     0
DPTR FM NORMAL     0    [PRESSURE DATA]
TOTAL FM JAN 1     0    HIGHEST SLP M ON M
DPTR FM NORMAL     0    LOWEST  SLP 29.17 ON 23

[REMARKS]
