000
CXUS56 KPDT 280833
CF6YKM
PRELIMINARY LOCAL CLIMATOLOGICAL DATA (WS FORM: F-6)

                                          STATION:   YAKIMA WA
                                          MONTH:     SEPTEMBER
                                          YEAR:      2022
                                          LATITUDE:   46 34 N
                                          LONGITUDE: 120 32 W

  TEMPERATURE IN F:       :PCPN:    SNOW:  WIND      :SUNSHINE: SKY     :PK WND
================================================================================
1   2   3   4   5  6A  6B    7    8   9   10  11  12  13   14  15   16   17  18
                                     12Z  AVG MX 2MIN
DY MAX MIN AVG DEP HDD CDD  WTR  SNW DPTH SPD SPD DIR MIN PSBL S-S WX    SPD DR
================================================================================

 1  97  59  78  11   0  13 0.00    M    M  4.7 13 260   M    M   0        14 270
 2  97  53  75   9   0  10 0.00    M    M  6.1 10 250   M    M   0        13 230
 3  89  59  74   8   0   9 0.00    M    M  7.2 18 340   M    M   0        23 340
 4  90  49  70   4   0   5 0.00    M    M  6.1 12 350   M    M   0        16  80
 5  85  51  68   2   0   3 0.00    M    M  3.5 13 330   M    M   0        16 340
 6  88  48  68   3   0   3 0.00    M    M  4.9 12 260   M    M   0        14 260
 7  94  50  72   7   0   7 0.00    M    M  8.5 24 330   M    M   0        32 320
 8  82  49  66   1   0   1 0.00    M    M  6.9 23 330   M    M   0        31 330
 9  82  43  63  -1   2   0 0.00    M    M  7.9 15  60   M    M   0        26  60
10  85  47  66   2   0   1 0.00    M    M  5.8 13  40   M    M   0        17  40
11  87  48  68   4   0   3    T    M    M  4.7 13 270   M    M   0 8      16 270
12  78  56  67   3   0   2 0.05    M    M  4.1 13 180   M    M   3 18     16 180
13  80  52  66   3   0   1 0.00    M    M  5.5 13 320   M    M   1 18     19 320
14  78  52  65   2   0   0 0.00    M    M  4.7  9 320   M    M   4 8      14 100
15  78  51  65   3   0   0 0.00    M    M  6.6 18 320   M    M   2 8      25 330
16  77  45  61  -1   4   0 0.00    M    M  5.3 18 320   M    M   1        27 340
17  72  38  55  -7  10   0    T    M    M  6.2 14  30   M    M   2        17 250
18  75  49  62   0   3   0 0.08    M    M  4.2 12 200   M    M   2        18 190
19  79  42  61   0   4   0 0.00    M    M  4.6 13 330   M    M   0        19 320
20  79  46  63   2   2   0 0.00    M    M  9.9 20  60   M    M   0        30  20
21  75  42  59  -1   6   0 0.00    M    M  5.2 14  50   M    M   0        18  50
22  75  47  61   1   4   0 0.00    M    M  9.3 25 300   M    M   0        34 270
23  77  42  60   0   5   0 0.00    M    M  4.0 10 280   M    M   0        14 290
24  80  46  63   4   2   0 0.00    M    M  4.6 10 270   M    M   0        12 110
25  83  46  65   6   0   0 0.00    M    M  5.6 12 260   M    M   0        14 270
26  87  46  67   9   0   2 0.00    M    M  5.8 13 270   M    M   0 8      14 270
27  86  49  68  10   0   3 0.00    M    M  4.9 12 260   M    M   0        13 180
================================================================================
SM 2235 1305        42  63  0.13    M    156.8          M       15
================================================================================
AV 82.8 48.3                               5.8 FASTST   M    M   1    MAX(MPH)
                                 MISC ---->    25 300                 34 270
================================================================================
NOTES:
# LAST OF SEVERAL OCCURRENCES

COLUMN 17 PEAK WIND IN M.P.H.

PRELIMINARY LOCAL CLIMATOLOGICAL DATA (WS FORM: F-6) , PAGE 2

                                          STATION:   YAKIMA WA
                                          MONTH:     SEPTEMBER
                                          YEAR:      2022
                                          LATITUDE:   46 34 N
                                          LONGITUDE: 120 32 W

[TEMPERATURE DATA]      [PRECIPITATION DATA]       SYMBOLS USED IN COLUMN 16

AVERAGE MONTHLY: 65.6   TOTAL FOR MONTH:   0.13    1 = FOG OR MIST
DPTR FM NORMAL:   2.9   DPTR FM NORMAL:   -0.07    2 = FOG REDUCING VISIBILITY
HIGHEST:    97 ON  2, 1  GRTST 24HR  0.08 ON 17-18      TO 1/4 MILE OR LESS
LOWEST:     38 ON 17                               3 = THUNDER
                        SNOW, ICE PELLETS, HAIL    4 = ICE PELLETS
                        TOTAL MONTH:  M            5 = HAIL
                        GRTST 24HR    M  ON   M    6 = FREEZING RAIN OR DRIZZLE
                        GRTST DEPTH:  M  ON   M    7 = DUSTSTORM OR SANDSTORM:
                                                       VSBY 1/2 MILE OR LESS
                                                   8 = SMOKE OR HAZE
[NO. OF DAYS WITH]      [WEATHER - DAYS WITH]      9 = BLOWING SNOW
                                                   X = TORNADO
MAX 32 OR BELOW:   0    0.01 INCH OR MORE:   2
MAX 90 OR ABOVE:   4    0.10 INCH OR MORE:   0
MIN 32 OR BELOW:   0    0.50 INCH OR MORE:   0
MIN  0 OR BELOW:   0    1.00 INCH OR MORE:   0

[HDD (BASE 65) ]
TOTAL THIS MO.    42    CLEAR  (SCALE 0-3)  26
DPTR FM NORMAL   -65    PTCLDY (SCALE 4-7)   1
TOTAL FM JUL 1    42    CLOUDY (SCALE 8-10)  0
DPTR FM NORMAL   -98

[CDD (BASE 65) ]
TOTAL THIS MO.    63
DPTR FM NORMAL    20    [PRESSURE DATA]
TOTAL FM JAN 1   786    HIGHEST SLP M ON M
DPTR FM NORMAL   184    LOWEST  SLP 29.70 ON 13

[REMARKS]
