000
CDUS41 KBTV 010530
CLI1V4

CLIMATE REPORT
NATIONAL WEATHER SERVICE BURLINGTON VT
130 AM EDT SAT OCT 01 2022

...................................

...THE SAINT JOHNSBURY VT ASOS CLIMATE SUMMARY FOR SEPTEMBER 30 2022...

CLIMATE NORMAL PERIOD: 1991 TO 2020
CLIMATE RECORD PERIOD: 1998 TO 2022


WEATHER ITEM   OBSERVED TIME   RECORD YEAR NORMAL DEPARTURE LAST
                VALUE   (LST)  VALUE       VALUE  FROM      YEAR
                                                  NORMAL
...................................................................
TEMPERATURE (F)
 YESTERDAY
  MAXIMUM         63        MM  74    2010  64     -1       54
  MINIMUM         34        MM  30    2000  43     -9       41
  AVERAGE         49                        53     -4       48

PRECIPITATION (IN)
  YESTERDAY        0.00          2.29 1916   0.12  -0.12     0.02
                                      2010
                                      2015
  MONTH TO DATE    0.00                      3.32  -3.32     2.17
  SINCE SEP 1      0.00                      3.32  -3.32     2.17
  SINCE JAN 1     16.49                     29.49 -13.00    23.03

DEGREE DAYS
 HEATING
  YESTERDAY       16                        12      4       17
  MONTH TO DATE  127                       213    -86      138
  SINCE SEP 1    127                       213    -86      138
  SINCE JUL 1    133                       281   -148      192

 COOLING
  YESTERDAY        0                         0      0        0
  MONTH TO DATE    0                        28    -28       18
  SINCE SEP 1      0                        28    -28       18
  SINCE JAN 1    100                       329   -229      469
...................................................................


RELATIVE HUMIDITY (PERCENT)
 HIGHEST    96           2:00 AM
 LOWEST     35           2:00 PM
 AVERAGE    66

..........................................................


THE SAINT JOHNSBURY VT ASOS CLIMATE NORMALS FOR TODAY
                         NORMAL    RECORD    YEAR
 MAXIMUM TEMPERATURE (F)   63        78      2002
 MINIMUM TEMPERATURE (F)   42        33      2017


SUNRISE AND SUNSET
OCTOBER  1 2022.......SUNRISE   6:46 AM EDT   SUNSET   6:29 PM EDT
OCTOBER  2 2022.......SUNRISE   6:47 AM EDT   SUNSET   6:27 PM EDT


-  INDICATES NEGATIVE NUMBERS.
R  INDICATES RECORD WAS SET OR TIED.
MM INDICATES DATA IS MISSING.
T  INDICATES TRACE AMOUNT.




$$
