000
CDUS43 KUNR 020836
CLI2WX

CLIMATE REPORT
NATIONAL WEATHER SERVICE RAPID CITY SD
236 AM MDT SUN OCT 02 2022

...................................

...THE BUFFALO SD CLIMATE SUMMARY FOR OCTOBER 1 2022...

CLIMATE NORMAL PERIOD 1991 TO 2020
CLIMATE RECORD PERIOD 9999 TO 9999


WEATHER ITEM   OBSERVED TIME   NORMAL DEPARTURE LAST
                VALUE   (LST)  VALUE  FROM      YEAR
                                      NORMAL
.......................................................
TEMPERATURE (F)
 YESTERDAY
  MAXIMUM         68    454 PM  66      2       76
  MINIMUM         52    807 AM  40     12       41
  AVERAGE         60            53      7       59

PRECIPITATION (IN)
  YESTERDAY        0.05          0.04   0.01     0.00
  MONTH TO DATE    0.05          0.04   0.01     0.00
  SINCE SEP 1      0.48          1.17  -0.69     0.21
  SINCE JAN 1     10.54         11.73  -1.19     7.75

DEGREE DAYS
 HEATING
  YESTERDAY        5            12     -7        6
  MONTH TO DATE    5            12     -7        6
  SINCE SEP 1     72           202   -130       66
  SINCE JUL 1     78           245   -167       80

 COOLING
  YESTERDAY        0             0      0        0
  MONTH TO DATE    0             0      0        0
  SINCE SEP 1    125            58     67      103
  SINCE JAN 1    841           576    265     1000
.......................................................


WIND (MPH)
  HIGHEST WIND SPEED    23   HIGHEST WIND DIRECTION     N (20)
  HIGHEST GUST SPEED    27   HIGHEST GUST DIRECTION     N (20)
  AVERAGE WIND SPEED    11.4


RELATIVE HUMIDITY (PERCENT)
 HIGHEST    93           800 AM
 LOWEST     51           500 PM
 AVERAGE    72

..........................................................



SUNRISE AND SUNSET
OCTOBER  2 2022.......SUNRISE   654 AM MDT   SUNSET   632 PM MDT
OCTOBER  3 2022.......SUNRISE   655 AM MDT   SUNSET   630 PM MDT


-  INDICATES NEGATIVE NUMBERS.
R  INDICATES RECORD WAS SET OR TIED.
MM INDICATES DATA IS MISSING.
T  INDICATES TRACE AMOUNT.




$$
