000
CDUS41 KPHI 260606
CLI55N

CLIMATE REPORT
NATIONAL WEATHER SERVICE MOUNT HOLLY NJ
206 AM EDT MON SEP 26 2022

...................................

...THE ATLANTIC CITY MARINA CLIMATE SUMMARY FOR SEPTEMBER 25 2022...

CLIMATE NORMAL PERIOD: 1991 TO 2020
CLIMATE RECORD PERIOD: 1873 TO 2022


WEATHER ITEM   OBSERVED TIME   RECORD YEAR NORMAL DEPARTURE LAST
                VALUE   (LST)  VALUE       VALUE  FROM      YEAR
                                                  NORMAL
...................................................................
TEMPERATURE (F)
 YESTERDAY
  MAXIMUM         74   8:45 PM  85    1930  72      2       72
                                      1933
  MINIMUM         63  12:33 AM  40    1887  62      1       59
  AVERAGE         69                        66      3       66

PRECIPITATION (IN)
  YESTERDAY        0.04          2.40 2014   0.12  -0.08     0.00
  MONTH TO DATE    3.61                      2.92   0.69     2.70
  SINCE SEP 1      3.61                      2.92   0.69     2.70
  SINCE JAN 1     24.87                     31.12  -6.25    41.06

DEGREE DAYS
 HEATING
  YESTERDAY        0                         1     -1        0
  MONTH TO DATE   13                        10      3        0
  SINCE SEP 1     13                        10      3        0
  SINCE JUL 1     13                        10      3        0

 COOLING
  YESTERDAY        4                         3      1        1
  MONTH TO DATE  172                       139     33      192
  SINCE SEP 1    172                       139     33      192
  SINCE JAN 1   1087                       962    125     1113
...................................................................


WIND (MPH)
  HIGHEST WIND SPEED    21   HIGHEST WIND DIRECTION    SW (220)
  HIGHEST GUST SPEED    36   HIGHEST GUST DIRECTION    SW (220)
  AVERAGE WIND SPEED    10.8

..........................................................


THE ATLANTIC CITY MARINA CLIMATE NORMALS FOR TODAY
                         NORMAL    RECORD    YEAR
 MAXIMUM TEMPERATURE (F)   71        85      1968
 MINIMUM TEMPERATURE (F)   61        40      1887


SUNRISE AND SUNSET
SEPTEMBER 26 2022.....SUNRISE   6:49 AM EDT   SUNSET   6:48 PM EDT
SEPTEMBER 27 2022.....SUNRISE   6:50 AM EDT   SUNSET   6:47 PM EDT


-  INDICATES NEGATIVE NUMBERS.
R  INDICATES RECORD WAS SET OR TIED.
MM INDICATES DATA IS MISSING.
T  INDICATES TRACE AMOUNT.




$$
