000
CDUS43 KABR 290735
CLI8D3

CLIMATE REPORT
NATIONAL WEATHER SERVICE ABERDEEN SD
235 AM CDT THU SEP 29 2022

...................................

...THE SISSETON SD CLIMATE SUMMARY FOR SEPTEMBER 28 2022...

CLIMATE NORMAL PERIOD 1991 TO 2020
CLIMATE RECORD PERIOD 1900 TO 2022


WEATHER ITEM   OBSERVED TIME   RECORD YEAR NORMAL DEPARTURE LAST
                VALUE   (LST)  VALUE       VALUE  FROM      YEAR
                                                  NORMAL
...................................................................
TEMPERATURE (F)
 YESTERDAY
  MAXIMUM         72    403 PM  91    2021  68      4       91
  MINIMUM         30    624 AM  23    1942  43    -13       53
  AVERAGE         51                        56     -5       72

PRECIPITATION (IN)
  YESTERDAY        0.00          1.09 2013   0.09  -0.09     0.00
  MONTH TO DATE    0.08                      2.28  -2.20     3.14
  SINCE SEP 1      0.08                      2.28  -2.20     3.14
  SINCE JAN 1     17.83                     19.20  -1.37    20.44

SNOWFALL (IN)
  YESTERDAY        0.0           0.0    MM   0.0    0.0      0.0
  MONTH TO DATE    0.0                       0.0    0.0      0.0
  SINCE OCT 1     50.8                      36.3   14.5     23.7
  SINCE JUL 1      0.0                       0.0    0.0      0.0
  SNOW DEPTH       0

DEGREE DAYS
 HEATING
  YESTERDAY       14                        10      4        0
  MONTH TO DATE   93                       159    -66       64
  SINCE SEP 1     93                       159    -66       64
  SINCE JUL 1     98                       198   -100       71

 COOLING
  YESTERDAY        0                         0      0        7
  MONTH TO DATE   77                        53     24       55
  SINCE SEP 1     77                        53     24       55
  SINCE JAN 1    913                       562    351      885
...................................................................


WIND (MPH)
  HIGHEST WIND SPEED    20   HIGHEST WIND DIRECTION    SE (150)
  HIGHEST GUST SPEED    30   HIGHEST GUST DIRECTION    SE (130)
  AVERAGE WIND SPEED     9.9


RELATIVE HUMIDITY (PERCENT)
 HIGHEST    81           300 AM
 LOWEST     18           100 PM
 AVERAGE    50

..........................................................


THE SISSETON SD CLIMATE NORMALS FOR TODAY
                         NORMAL    RECORD    YEAR
 MAXIMUM TEMPERATURE (F)   68        92      1933
 MINIMUM TEMPERATURE (F)   43        23      1939


SUNRISE AND SUNSET
SEPTEMBER 29 2022.....SUNRISE   724 AM CDT   SUNSET   712 PM CDT
SEPTEMBER 30 2022.....SUNRISE   725 AM CDT   SUNSET   710 PM CDT


-  INDICATES NEGATIVE NUMBERS.
R  INDICATES RECORD WAS SET OR TIED.
MM INDICATES DATA IS MISSING.
T  INDICATES TRACE AMOUNT.




$$
