000
CDUS42 KTAE 052133
CLIAAF

CLIMATE REPORT
NATIONAL WEATHER SERVICE TALLAHASSEE FL
533 PM EDT WED OCT 05 2022

...................................

...THE APALACHICOLA CLIMATE SUMMARY FOR OCTOBER 5 2022...
VALID TODAY AS OF 0500 PM LOCAL TIME.

CLIMATE NORMAL PERIOD 1991 TO 2020
CLIMATE RECORD PERIOD 1931 TO 2022


WEATHER ITEM   OBSERVED TIME   RECORD YEAR NORMAL DEPARTURE LAST
                VALUE   (LST)  VALUE       VALUE  FROM      YEAR
                                                  NORMAL
...................................................................
TEMPERATURE (F)
 TODAY
  MAXIMUM         81   1130 AM  91    1986  83     -2       79
  MINIMUM         55    506 AM  49    2014  67    -12       71
  AVERAGE         68                        75     -7       75

PRECIPITATION (IN)
  TODAY            0.00          3.20 1982   0.15  -0.15     1.38
  MONTH TO DATE    0.00                      0.72  -0.72     2.15
  SINCE SEP 1     10.19                      6.10   4.09    12.23
  SINCE JAN 1     56.14                     42.84  13.30    68.94

SNOWFALL (IN)
  TODAY            0.0                      MM     MM

DEGREE DAYS
 HEATING
  TODAY            0                                0
  MONTH TO DATE    0                                0
  SINCE SEP 1      0                                0
  SINCE JUL 1      0                                0

 COOLING
  TODAY            3                               -7
  MONTH TO DATE   26                              -27
  SINCE SEP 1    461                              -16
  SINCE JAN 1   2605                              114
...................................................................


WIND (MPH)
  HIGHEST WIND SPEED    14   HIGHEST WIND DIRECTION     S (190)
  HIGHEST GUST SPEED    17   HIGHEST GUST DIRECTION     S (190)
  AVERAGE WIND SPEED     4.4


RELATIVE HUMIDITY (PERCENT)
 HIGHEST   100
 LOWEST     42
 AVERAGE    71

..........................................................


THE APALACHICOLA CLIMATE NORMALS FOR TOMORROW
                         NORMAL    RECORD    YEAR
 MAXIMUM TEMPERATURE (F)   83        90      1986
 MINIMUM TEMPERATURE (F)   66        49      1932


SUNRISE AND SUNSET
OCTOBER  5 2022.......SUNRISE   736 AM EDT   SUNSET   721 PM EDT
OCTOBER  6 2022.......SUNRISE   736 AM EDT   SUNSET   720 PM EDT


-  INDICATES NEGATIVE NUMBERS.
R  INDICATES RECORD WAS SET OR TIED.
MM INDICATES DATA IS MISSING.
T  INDICATES TRACE AMOUNT.




$$
