000
CDUS46 KMFR 010121
CLIAAT

CLIMATE REPORT
NATIONAL WEATHER SERVICE MEDFORD, OR
621 PM PDT FRI SEP 30 2022

...................................

...THE ALTURAS CA CLIMATE SUMMARY FOR SEPTEMBER 30 2022...
VALID TODAY AS OF 0500 PM LOCAL TIME.

CLIMATE NORMAL PERIOD 1991 TO 2020
CLIMATE RECORD PERIOD 1905 TO 2022


WEATHER ITEM   OBSERVED TIME   RECORD YEAR NORMAL DEPARTURE LAST
                VALUE   (LST)  VALUE       VALUE  FROM      YEAR
                                                  NORMAL
...................................................................
TEMPERATURE (F)
 TODAY
  MAXIMUM         74    304 PM  93    2010  74      0       73
  MINIMUM         32    624 AM  15    1950  33     -1       28
  AVERAGE         53                        54     -1       51

PRECIPITATION (IN)
  TODAY            0.00          0.73 1971   0.02  -0.02     0.00
  MONTH TO DATE    0.93                      0.35   0.58     1.26
  SINCE OCT 1      8.48                     11.68  -3.20     6.94
  SINCE JAN 1      4.77                      8.12  -3.35     5.53

SNOWFALL (IN)
  TODAY           MM                        MM     MM       MM
  MONTH TO DATE   MM                        MM     MM       MM
  SINCE JUL 1     MM                        MM     MM       MM
  SNOW DEPTH      MM

DEGREE DAYS
 HEATING
  TODAY           12                        12      0       14
  MONTH TO DATE  151                       211    -60      207
  SINCE SEP 1    151                       211    -60      207
  SINCE JUL 1    179                       286   -107      271

 COOLING
  TODAY            0                         0      0        0
  MONTH TO DATE   58                        13     45       15
  SINCE SEP 1     58                        13     45       15
  SINCE JAN 1    399                       235    164      478
...................................................................


WIND (MPH)
  HIGHEST WIND SPEED    12   HIGHEST WIND DIRECTION    NE (60)
  HIGHEST GUST SPEED    17   HIGHEST GUST DIRECTION    NE (50)
  AVERAGE WIND SPEED     2.6


SKY COVER
  POSSIBLE SUNSHINE  MM
  AVERAGE SKY COVER 0.0


WEATHER CONDITIONS
THE FOLLOWING WEATHER WAS RECORDED TODAY.
  NO SIGNIFICANT WEATHER WAS OBSERVED.


RELATIVE HUMIDITY (PERCENT)
 HIGHEST    88           500 AM
 LOWEST     22           100 PM
 AVERAGE    55

..........................................................


THE ALTURAS CA CLIMATE NORMALS FOR TOMORROW
                         NORMAL    RECORD    YEAR
 MAXIMUM TEMPERATURE (F)   73        91      2010
                                             2020
 MINIMUM TEMPERATURE (F)   33        17      1950


SUNRISE AND SUNSET
SEPTEMBER 30 2022.....SUNRISE   658 AM PDT   SUNSET   645 PM PDT
OCTOBER  1 2022.......SUNRISE   659 AM PDT   SUNSET   644 PM PDT


-  INDICATES NEGATIVE NUMBERS.
R  INDICATES RECORD WAS SET OR TIED.
MM INDICATES DATA IS MISSING.
T  INDICATES TRACE AMOUNT.




$$
