000
CDUS41 KPHI 052132
CLIABE

CLIMATE REPORT
NATIONAL WEATHER SERVICE MOUNT HOLLY NJ
532 PM EDT WED OCT 05 2022

...................................

...THE ALLENTOWN PA CLIMATE SUMMARY FOR OCTOBER 5 2022...
VALID TODAY AS OF 0500 PM LOCAL TIME.

CLIMATE NORMAL PERIOD: 1991 TO 2020
CLIMATE RECORD PERIOD: 1922 TO 2022


WEATHER ITEM   OBSERVED TIME   RECORD YEAR NORMAL DEPARTURE LAST
                VALUE   (LST)  VALUE       VALUE  FROM      YEAR
                                                  NORMAL
...................................................................
TEMPERATURE (F)
 TODAY
  MAXIMUM         62   3:57 PM  92    1941  70     -8       65
  MINIMUM         52   1:14 AM  31    1996  48      4       59
  AVERAGE         57                        59     -2       62

PRECIPITATION (IN)
  TODAY            0.27          2.76 1995   0.15   0.12     0.00
  MONTH TO DATE    2.94                      0.76   2.18     0.22
  SINCE SEP 1      6.41                      5.60   0.81     8.34
  SINCE JAN 1     37.14                     36.88   0.26    38.34

SNOWFALL (IN)
  TODAY            0.0           0.0    MM   0.0    0.0      0.0
  MONTH TO DATE    0.0                       0.0    0.0      0.0
  SINCE SEP 1      0.0                       0.0    0.0      0.0
  SINCE JUL 1      0.0                       0.0    0.0      0.0
  SNOW DEPTH       0

DEGREE DAYS
 HEATING
  TODAY            8                         7      1        3
  MONTH TO DATE   61                        32     29       21
  SINCE SEP 1    145                       101     44       58
  SINCE JUL 1    145                       105     40       62

 COOLING
  TODAY            0                         1     -1        0
  MONTH TO DATE    0                         5     -5        5
  SINCE SEP 1     90                       113    -23       94
  SINCE JAN 1    982                       973      9      989
...................................................................


WIND (MPH)
  HIGHEST WIND SPEED    16   HIGHEST WIND DIRECTION    NE (50)
  HIGHEST GUST SPEED    22   HIGHEST GUST DIRECTION    NE (60)
  AVERAGE WIND SPEED     8.4


SKY COVER
  POSSIBLE SUNSHINE  MM
  AVERAGE SKY COVER 1.0


WEATHER CONDITIONS
THE FOLLOWING WEATHER WAS RECORDED TODAY.
  RAIN
  LIGHT RAIN
  FOG


RELATIVE HUMIDITY (PERCENT)
 HIGHEST    93           6:00 AM
 LOWEST     83          10:00 AM
 AVERAGE    88

..........................................................


THE ALLENTOWN PA CLIMATE NORMALS FOR TOMORROW
                         NORMAL    RECORD    YEAR
 MAXIMUM TEMPERATURE (F)   69        89      1941
 MINIMUM TEMPERATURE (F)   47        31      1958
                                             1968
                                             1996


SUNRISE AND SUNSET
OCTOBER  5 2022.......SUNRISE   7:02 AM EDT   SUNSET   6:37 PM EDT
OCTOBER  6 2022.......SUNRISE   7:03 AM EDT   SUNSET   6:36 PM EDT


-  INDICATES NEGATIVE NUMBERS.
R  INDICATES RECORD WAS SET OR TIED.
MM INDICATES DATA IS MISSING.
T  INDICATES TRACE AMOUNT.




$$
