000
CDUS44 KSJT 260632
CLIABI

CLIMATE REPORT
NATIONAL WEATHER SERVICE SAN ANGELO TX
132 AM CDT MON SEP 26 2022

...................................

...THE ABILENE CLIMATE SUMMARY FOR SEPTEMBER 25 2022...

CLIMATE NORMAL PERIOD: 1991 TO 2020
CLIMATE RECORD PERIOD: 1886 TO 2022


WEATHER ITEM   OBSERVED TIME   RECORD YEAR NORMAL DEPARTURE LAST
                VALUE   (LST)  VALUE       VALUE  FROM      YEAR
                                                  NORMAL
...................................................................
TEMPERATURE (F)
 YESTERDAY
  MAXIMUM         95   3:02 PM 104    1977  86      9       90
                                      2005
  MINIMUM         71   5:26 AM  40    1975  62      9       57
  AVERAGE         83                        74      9       74

PRECIPITATION (IN)
  YESTERDAY        0.03          2.30 1893   0.08  -0.05     0.00
  MONTH TO DATE    1.03                      2.25  -1.22     0.11
  SINCE SEP 1      1.03                      2.25  -1.22     0.11
  SINCE JAN 1      8.75                     19.33 -10.58    20.19

DEGREE DAYS
 HEATING
  YESTERDAY        0                         0      0        0
  MONTH TO DATE    0                         0      0        0
  SINCE SEP 1      0                         0      0        0
  SINCE JUL 1      0                         0      0        0

 COOLING
  YESTERDAY       18                        10      8        9
  MONTH TO DATE  406                       319     87      390
  SINCE SEP 1    406                       319     87      390
  SINCE JAN 1   3268                      2482    786     2295
...................................................................


WIND (MPH)
  HIGHEST WIND SPEED    25   HIGHEST WIND DIRECTION     N (10)
  HIGHEST GUST SPEED    37   HIGHEST GUST DIRECTION     N (10)
  AVERAGE WIND SPEED     6.7


SKY COVER
  POSSIBLE SUNSHINE  MM
  AVERAGE SKY COVER 0.1


WEATHER CONDITIONS
THE FOLLOWING WEATHER WAS RECORDED YESTERDAY.
  LIGHT RAIN


RELATIVE HUMIDITY (PERCENT)
 HIGHEST    55           7:00 AM
 LOWEST     29           3:00 PM
 AVERAGE    42

..........................................................


THE ABILENE CLIMATE NORMALS FOR TODAY
                         NORMAL    RECORD    YEAR
 MAXIMUM TEMPERATURE (F)   86       105      1977
 MINIMUM TEMPERATURE (F)   62        39      2000


SUNRISE AND SUNSET
SEPTEMBER 26 2022.....SUNRISE   7:30 AM CDT   SUNSET   7:30 PM CDT
SEPTEMBER 27 2022.....SUNRISE   7:30 AM CDT   SUNSET   7:29 PM CDT


-  INDICATES NEGATIVE NUMBERS.
R  INDICATES RECORD WAS SET OR TIED.
MM INDICATES DATA IS MISSING.
T  INDICATES TRACE AMOUNT.




$$
