000
CDUS45 KABQ 060019
CLIABQ

CLIMATE REPORT
NATIONAL WEATHER SERVICE ALBUQUERQUE NM
619 PM MDT WED OCT 05 2022

...................................

...THE ALBUQUERQUE  NM CLIMATE SUMMARY FOR OCTOBER 5 2022...
VALID TODAY AS OF 0500 PM LOCAL TIME.

CLIMATE NORMAL PERIOD 1991 TO 2020
CLIMATE RECORD PERIOD 1891 TO 2022


WEATHER ITEM   OBSERVED TIME   RECORD YEAR NORMAL DEPARTURE LAST
                VALUE   (LST)  VALUE       VALUE  FROM      YEAR
                                                  NORMAL
...................................................................
TEMPERATURE (F)
 TODAY
  MAXIMUM         61    411 PM  91    1979  75    -14       79
  MINIMUM         55   1249 PM  34    1902  51      4       54
                                      1932
  AVERAGE         58                        63     -5       67

PRECIPITATION (IN)
  TODAY            0.17          0.80 1901   0.03   0.14
  MONTH TO DATE    0.40                      0.17   0.23
  SINCE SEP 1      0.63                      1.32  -0.69
  SINCE JAN 1      7.35                      7.04   0.31

SNOWFALL (IN)
  TODAY            0.0                       0.0    0.0
  MONTH TO DATE    0.0                       0.0    0.0
  SINCE SEP 1      0.0                       0.0    0.0
  SINCE JUL 1      0.0                       0.0    0.0
  SNOW DEPTH       0

DEGREE DAYS
 HEATING
  TODAY            7                         3      4        0
  MONTH TO DATE   11                        13     -2       16
  SINCE SEP 1     11                        33    -22       30
  SINCE JUL 1     11                        33    -22       30

 COOLING
  TODAY            0                         1     -1        2
  MONTH TO DATE    9                         7      2        3
  SINCE SEP 1    264                       186     78      273
  SINCE JAN 1   1641                      1430    211     1619
...................................................................


WIND (MPH)
  HIGHEST WIND SPEED    13   HIGHEST WIND DIRECTION     N (10)
  HIGHEST GUST SPEED    16   HIGHEST GUST DIRECTION    NE (40)
  AVERAGE WIND SPEED     6.7


SKY COVER
  POSSIBLE SUNSHINE  MM
  AVERAGE SKY COVER 0.9


RELATIVE HUMIDITY (PERCENT)
 HIGHEST    96           700 AM
 LOWEST     69           400 PM
 AVERAGE    83

..........................................................


THE ALBUQUERQUE  NM CLIMATE NORMALS FOR TOMORROW
                         NORMAL    RECORD    YEAR
 MAXIMUM TEMPERATURE (F)   75        87      1956
                                             1979
 MINIMUM TEMPERATURE (F)   50        29      1915


SUNRISE AND SUNSET
OCTOBER  5 2022.......SUNRISE   704 AM MDT   SUNSET   645 PM MDT
OCTOBER  6 2022.......SUNRISE   705 AM MDT   SUNSET   643 PM MDT


-  INDICATES NEGATIVE NUMBERS.
R  INDICATES RECORD WAS SET OR TIED.
MM INDICATES DATA IS MISSING.
T  INDICATES TRACE AMOUNT.




$$
