000
CDUS43 KABR 260653
CLIABR

CLIMATE REPORT
NATIONAL WEATHER SERVICE ABERDEEN SD
153 AM CDT MON SEP 26 2022

...................................

...THE ABERDEEN SD CLIMATE SUMMARY FOR SEPTEMBER 25 2022...

CLIMATE NORMAL PERIOD 1991 TO 2020
CLIMATE RECORD PERIOD 1893 TO 2022


WEATHER ITEM   OBSERVED TIME   RECORD YEAR NORMAL DEPARTURE LAST
                VALUE   (LST)  VALUE       VALUE  FROM      YEAR
                                                  NORMAL
...................................................................
TEMPERATURE (F)
 YESTERDAY
  MAXIMUM         73    259 PM  95    1938  71      2       80
  MINIMUM         43   1159 PM  19    1926  43      0       31
  AVERAGE         58                        57      1       56

PRECIPITATION (IN)
  YESTERDAY        0.00          1.26 1927   0.07  -0.07     0.00
  MONTH TO DATE    0.11                      1.66  -1.55     2.05
  SINCE SEP 1      0.11                      1.66  -1.55     2.05
  SINCE JAN 1     18.90                     18.00   0.90    13.83

SNOWFALL (IN)
  YESTERDAY        0.0           T    1965   0.0    0.0      0.0
  MONTH TO DATE    0.0                       0.0    0.0      0.0
  SINCE OCT 1     29.3                      42.7  -13.4     31.7
  SINCE JUL 1      T                         0.0    0.0      0.0
  SNOW DEPTH       0

DEGREE DAYS
 HEATING
  YESTERDAY        7                         9     -2        9
  MONTH TO DATE   75                       129    -54       74
  SINCE SEP 1     75                       129    -54       74
  SINCE JUL 1     84                       165    -81       75

 COOLING
  YESTERDAY        0                         1     -1        0
  MONTH TO DATE   83                        52     31       44
  SINCE SEP 1     83                        52     31       44
  SINCE JAN 1    823                       622    201      948
...................................................................


WIND (MPH)
  HIGHEST WIND SPEED    30   HIGHEST WIND DIRECTION     N (350)
  HIGHEST GUST SPEED    44   HIGHEST GUST DIRECTION    NW (320)
  AVERAGE WIND SPEED    15.0


SKY COVER
  AVERAGE SKY COVER 0.0


WEATHER CONDITIONS
THE FOLLOWING WEATHER WAS RECORDED YESTERDAY.
  NO SIGNIFICANT WEATHER WAS OBSERVED.


RELATIVE HUMIDITY (PERCENT)
 HIGHEST    74           600 AM
 LOWEST     24           300 PM
 AVERAGE    49

..........................................................


THE ABERDEEN SD CLIMATE NORMALS FOR TODAY
                         NORMAL    RECORD    YEAR
 MAXIMUM TEMPERATURE (F)   71        97      1974
 MINIMUM TEMPERATURE (F)   43        17      1939


SUNRISE AND SUNSET
SEPTEMBER 26 2022.....SUNRISE   726 AM CDT   SUNSET   723 PM CDT
SEPTEMBER 27 2022.....SUNRISE   727 AM CDT   SUNSET   721 PM CDT


-  INDICATES NEGATIVE NUMBERS.
R  INDICATES RECORD WAS SET OR TIED.
MM INDICATES DATA IS MISSING.
T  INDICATES TRACE AMOUNT.




$$
