000
CDUS42 KTAE 260637
CLIABY

CLIMATE REPORT
NATIONAL WEATHER SERVICE TALLAHASSEE FL
237 AM EDT MON SEP 26 2022

...................................

...THE ALBANY CLIMATE SUMMARY FOR SEPTEMBER 25 2022...

CLIMATE NORMAL PERIOD 1991 TO 2020
CLIMATE RECORD PERIOD 1930 TO 2022


WEATHER ITEM   OBSERVED TIME   RECORD YEAR NORMAL DEPARTURE LAST
                VALUE   (LST)  VALUE       VALUE  FROM      YEAR
                                                  NORMAL
...................................................................
TEMPERATURE (F)
 YESTERDAY
  MAXIMUM         89    355 PM 100    2019  86      3       87
  MINIMUM         59    625 AM  44    1990  66     -7       60
  AVERAGE         74                        76     -2       74

PRECIPITATION (IN)
  YESTERDAY        0.00                      0.09  -0.09     0.00
  MONTH TO DATE    2.05                      3.00  -0.95     5.02
  SINCE SEP 1      2.05                      3.00  -0.95     5.02
  SINCE JAN 1     33.96                     36.67  -2.71    45.85

SNOWFALL (IN)
  YESTERDAY        0.0

DEGREE DAYS
 HEATING
  YESTERDAY        0                                0
  MONTH TO DATE    0                                0
  SINCE SEP 1      0                                0
  SINCE JUL 1      0                                0

 COOLING
  YESTERDAY        9                               -2
  MONTH TO DATE  325                              -18
  SINCE SEP 1    325                              -18
  SINCE JAN 1   2743                              314
...................................................................


WIND (MPH)
  HIGHEST WIND SPEED     9   HIGHEST WIND DIRECTION    NW (300)
  HIGHEST GUST SPEED    14   HIGHEST GUST DIRECTION     W (290)
  AVERAGE WIND SPEED     1.9

..........................................................


THE ALBANY CLIMATE NORMALS FOR TODAY
                         NORMAL    RECORD    YEAR
 MAXIMUM TEMPERATURE (F)   86       101      2019
 MINIMUM TEMPERATURE (F)   65        44      1990


SUNRISE AND SUNSET
SEPTEMBER 26 2022.....SUNRISE   727 AM EDT   SUNSET   728 PM EDT
SEPTEMBER 27 2022.....SUNRISE   728 AM EDT   SUNSET   727 PM EDT


-  INDICATES NEGATIVE NUMBERS.
R  INDICATES RECORD WAS SET OR TIED.
MM INDICATES DATA IS MISSING.
T  INDICATES TRACE AMOUNT.




$$
