000
CDUS44 KFWD 290636
CLIACT

CLIMATE REPORT
NATIONAL WEATHER SERVICE FORT WORTH TX
136 AM CDT THU SEP 29 2022

...................................

...THE WACO CLIMATE SUMMARY FOR SEPTEMBER 28 2022...

CLIMATE NORMAL PERIOD 1991 TO 2020
CLIMATE RECORD PERIOD 1901 TO 2022


WEATHER ITEM   OBSERVED TIME   RECORD YEAR NORMAL DEPARTURE LAST
                VALUE   (LST)  VALUE       VALUE  FROM      YEAR
                                                  NORMAL
...................................................................
TEMPERATURE (F)
 YESTERDAY
  MAXIMUM         92    412 PM 103    2005  87      5       96
  MINIMUM         60    648 AM  44    1909  63     -3       69
                                      1996
  AVERAGE         76                        75      1       83

PRECIPITATION (IN)
  YESTERDAY        0.00          2.25 1936   0.10  -0.10     0.17
  MONTH TO DATE    0.41                      2.67  -2.26     0.17
  SINCE SEP 1      0.41                      2.67  -2.26     0.17
  SINCE JAN 1     11.81                     26.21 -14.40    27.07

DEGREE DAYS
 HEATING
  YESTERDAY        0                         0      0        0
  MONTH TO DATE    0                         0      0        0
  SINCE SEP 1      0                         0      0        0
  SINCE JUL 1      0                         0      0        0

 COOLING
  YESTERDAY       11                        10      1       18
  MONTH TO DATE  479                       396     83      424
  SINCE SEP 1    479                       396     83      424
  SINCE JAN 1   3356                      2637    719     2508
...................................................................


WIND (MPH)
  HIGHEST WIND SPEED    15   HIGHEST WIND DIRECTION     S (180)
  HIGHEST GUST SPEED    22   HIGHEST GUST DIRECTION     S (180)
  AVERAGE WIND SPEED     6.1


SKY COVER
  POSSIBLE SUNSHINE  MM
  AVERAGE SKY COVER 0.0


WEATHER CONDITIONS
THE FOLLOWING WEATHER WAS RECORDED YESTERDAY.
  NO SIGNIFICANT WEATHER WAS OBSERVED.


RELATIVE HUMIDITY (PERCENT)
 HIGHEST    64           200 AM
 LOWEST     16           300 PM
 AVERAGE    40

..........................................................


THE WACO CLIMATE NORMALS FOR TODAY
                         NORMAL    RECORD    YEAR
 MAXIMUM TEMPERATURE (F)   87       101      2011
 MINIMUM TEMPERATURE (F)   62        45      1908
                                             1909
                                             2020


SUNRISE AND SUNSET
SEPTEMBER 29 2022.....SUNRISE   721 AM CDT   SUNSET   716 PM CDT
SEPTEMBER 30 2022.....SUNRISE   722 AM CDT   SUNSET   715 PM CDT


-  INDICATES NEGATIVE NUMBERS.
R  INDICATES RECORD WAS SET OR TIED.
MM INDICATES DATA IS MISSING.
T  INDICATES TRACE AMOUNT.




$$
