000
CDUS41 KPHI 060551
CLIACY

CLIMATE REPORT
NATIONAL WEATHER SERVICE MOUNT HOLLY NJ
151 AM EDT THU OCT 06 2022

...................................

...THE ATLANTIC CITY NJ CLIMATE SUMMARY FOR OCTOBER 5 2022...

CLIMATE NORMAL PERIOD: 1991 TO 2020
CLIMATE RECORD PERIOD: 1943 TO 2022


WEATHER ITEM   OBSERVED TIME   RECORD YEAR NORMAL DEPARTURE LAST
                VALUE   (LST)  VALUE       VALUE  FROM      YEAR
                                                  NORMAL
...................................................................
TEMPERATURE (F)
 YESTERDAY
  MAXIMUM         65  11:35 AM  90    1959  72     -7       69
  MINIMUM         56  12:58 AM  29    1965  51      5       65
  AVERAGE         61                        61      0       67

PRECIPITATION (IN)
  YESTERDAY        0.16          1.74 1948   0.13   0.03     0.79
  MONTH TO DATE    5.88                      0.63   5.25     0.79
  SINCE SEP 1      9.39                      4.18   5.21     4.20
  SINCE JAN 1     41.57                     34.61   6.96    41.98

SNOWFALL (IN)
  YESTERDAY        0.0           0.0    MM   0.0    0.0      0.0
  MONTH TO DATE    0.0                       0.0    0.0      0.0
  SINCE SEP 1      0.0                       0.0    0.0      0.0
  SINCE JUL 1      0.0                       0.0    0.0      0.0
  SNOW DEPTH       0

DEGREE DAYS
 HEATING
  YESTERDAY        4                         5     -1        0
  MONTH TO DATE   42                        23     19       11
  SINCE SEP 1     79                        66     13       19
  SINCE JUL 1     79                        67     12       19

 COOLING
  YESTERDAY        0                         2     -2        2
  MONTH TO DATE    0                        10    -10       18
  SINCE SEP 1    139                       154    -15      188
  SINCE JAN 1   1263                      1122    141     1294
...................................................................


WIND (MPH)
  HIGHEST WIND SPEED    18   HIGHEST WIND DIRECTION     N (10)
  HIGHEST GUST SPEED    27   HIGHEST GUST DIRECTION     N (360)
  AVERAGE WIND SPEED     9.2


SKY COVER
  POSSIBLE SUNSHINE  MM
  AVERAGE SKY COVER 1.0


WEATHER CONDITIONS
THE FOLLOWING WEATHER WAS RECORDED YESTERDAY.
  HEAVY RAIN
  RAIN
  LIGHT RAIN
  FOG


RELATIVE HUMIDITY (PERCENT)
 HIGHEST    97           6:00 AM
 LOWEST     84          12:00 PM
 AVERAGE    91

..........................................................


THE ATLANTIC CITY NJ CLIMATE NORMALS FOR TODAY
                         NORMAL    RECORD    YEAR
 MAXIMUM TEMPERATURE (F)   71        87      1951
                                             1997
 MINIMUM TEMPERATURE (F)   50        27      1965


SUNRISE AND SUNSET
OCTOBER  6 2022.......SUNRISE   6:59 AM EDT   SUNSET   6:33 PM EDT
OCTOBER  7 2022.......SUNRISE   7:00 AM EDT   SUNSET   6:31 PM EDT


-  INDICATES NEGATIVE NUMBERS.
R  INDICATES RECORD WAS SET OR TIED.
MM INDICATES DATA IS MISSING.
T  INDICATES TRACE AMOUNT.




$$
