000
CDAK48 PAFC 260953
CLIADQ

CLIMATE REPORT
NATIONAL WEATHER SERVICE ANCHORAGE, AK
153 AM AKDT MON SEP 26 2022

...................................

...THE KODIAK CLIMATE SUMMARY FOR SEPTEMBER 25 2022...

CLIMATE NORMAL PERIOD: 1991 TO 2020
CLIMATE RECORD PERIOD: 1913 TO 2022


WEATHER ITEM   OBSERVED TIME   RECORD YEAR NORMAL DEPARTURE LAST
                VALUE   (LST)  VALUE       VALUE  FROM      YEAR
                                                  NORMAL
...................................................................
TEMPERATURE (F)
 YESTERDAY
  MAXIMUM         54   2:25 PM  61    1915  54      0       MM
  MINIMUM         34   7:38 AM  27    1992  41     -7       MM
  AVERAGE         44                        48     -4       MM

PRECIPITATION (IN)
  YESTERDAY        0.04          2.00 1934   0.28  -0.24    MM
  MONTH TO DATE    1.60                      6.14  -4.54     2.20
  SINCE SEP 1      1.60                      6.14  -4.54     2.20
  SINCE JAN 1     54.51                     52.19   2.32    48.32

DEGREE DAYS
 HEATING
  YESTERDAY       21                        17      4       MM
  MONTH TO DATE  307                       340    -33       72
  SINCE SEP 1    307                       340    -33       72
  SINCE JUL 1    793                       882    -89      472

 COOLING
  YESTERDAY        0                         0      0       MM
  MONTH TO DATE    0                         0      0        0
  SINCE SEP 1      0                         0      0        0
  SINCE JAN 1      5                         7     -2        0
...................................................................


WIND (MPH)
  RESULTANT WIND SPEED   1   RESULTANT WIND DIRECTION   E (70)
  HIGHEST WIND SPEED    15   HIGHEST WIND DIRECTION     E (90)
  HIGHEST GUST SPEED    17   HIGHEST GUST DIRECTION     E (90)
  AVERAGE WIND SPEED     4.9


SKY COVER
  AVERAGE SKY COVER 0.5


WEATHER CONDITIONS
THE FOLLOWING WEATHER WAS RECORDED YESTERDAY.
  RAIN
  LIGHT RAIN


RELATIVE HUMIDITY (PERCENT)
 HIGHEST    93
 LOWEST     73
 AVERAGE    83

..........................................................


THE KODIAK CLIMATE NORMALS FOR TODAY
                         NORMAL    RECORD    YEAR
 MAXIMUM TEMPERATURE (F)   54        62      1993
 MINIMUM TEMPERATURE (F)   41        26      1992


SUNRISE AND SUNSET
SEPTEMBER 26 2022.....SUNRISE   8:04 AM AKDT  SUNSET   7:57 PM AKDT
SEPTEMBER 27 2022.....SUNRISE   8:06 AM AKDT  SUNSET   7:54 PM AKDT


-  INDICATES NEGATIVE NUMBERS.
R  INDICATES RECORD WAS SET OR TIED.
MM INDICATES DATA IS MISSING.
T  INDICATES TRACE AMOUNT.




$$
