000
CDUS44 KLCH 260905
CLIAEX

CLIMATE REPORT
NATIONAL WEATHER SERVICE LAKE CHARLES, LA
405 AM CDT MON SEP 26 2022

...................................

...THE ALEXANDRIA CLIMATE SUMMARY FOR SEPTEMBER 25 2022...

CLIMATE NORMAL PERIOD: 1991 TO 2020
CLIMATE RECORD PERIOD: 1892 TO 2022


WEATHER ITEM   OBSERVED TIME   RECORD YEAR NORMAL DEPARTURE LAST
                VALUE   (LST)  VALUE       VALUE  FROM      YEAR
                                                  NORMAL
...................................................................
TEMPERATURE (F)
 YESTERDAY
  MAXIMUM         98   3:40 PM  99    1905  87     11       85
  MINIMUM         71   5:51 AM  48    1897  64      7       54
  AVERAGE         85                        75     10       70

PRECIPITATION (IN)
  YESTERDAY        0.00          1.42 2007   0.11  -0.11     0.00
  MONTH TO DATE    2.90                      2.82   0.08     5.91
  SINCE SEP 1      2.90                      2.82   0.08     5.91
  SINCE JAN 1     35.10                     39.37  -4.27    47.63

DEGREE DAYS
 HEATING
  YESTERDAY        0                         0      0        0
  MONTH TO DATE    0                         0      0        0
  SINCE SEP 1      0                         0      0        0
  SINCE JUL 1      0                         0      0        0

 COOLING
  YESTERDAY       20                        10     10        5
  MONTH TO DATE  397                       338     59      333
  SINCE SEP 1    397                       338     59      333
  SINCE JAN 1   2964                      2382    582     2492
...................................................................


WIND (MPH)
  HIGHEST WIND SPEED    12   HIGHEST WIND DIRECTION    NW (310)
  HIGHEST GUST SPEED    16   HIGHEST GUST DIRECTION    NW (330)
  AVERAGE WIND SPEED     2.9


SKY COVER
  POSSIBLE SUNSHINE  MM
  AVERAGE SKY COVER 0.0


WEATHER CONDITIONS
THE FOLLOWING WEATHER WAS RECORDED YESTERDAY.
  FOG
  HAZE


RELATIVE HUMIDITY (PERCENT)
 HIGHEST    87           2:00 AM
 LOWEST     33           4:00 PM
 AVERAGE    60

..........................................................


THE ALEXANDRIA CLIMATE NORMALS FOR TODAY
                         NORMAL    RECORD    YEAR
 MAXIMUM TEMPERATURE (F)   86        98      2005
 MINIMUM TEMPERATURE (F)   63        41      1899


SUNRISE AND SUNSET
SEPTEMBER 26 2022.....SUNRISE   7:01 AM CDT   SUNSET   7:01 PM CDT
SEPTEMBER 27 2022.....SUNRISE   7:01 AM CDT   SUNSET   7:00 PM CDT


-  INDICATES NEGATIVE NUMBERS.
R  INDICATES RECORD WAS SET OR TIED.
MM INDICATES DATA IS MISSING.
T  INDICATES TRACE AMOUNT.




$$
