000
CDUS42 KCAE 052123
CLIAGS

CLIMATE REPORT
NATIONAL WEATHER SERVICE COLUMBIA SC
523 PM EDT WED OCT 05 2022

...................................

...THE AUGUSTA BUSH FIELD GA CLIMATE SUMMARY FOR OCTOBER 5 2022...
VALID TODAY AS OF 0500 PM LOCAL TIME.

CLIMATE NORMAL PERIOD: 1991 TO 2020
CLIMATE RECORD PERIOD: 1873 TO 2022


WEATHER ITEM   OBSERVED TIME   RECORD YEAR NORMAL DEPARTURE LAST
                VALUE   (LST)  VALUE       VALUE  FROM      YEAR
                                                  NORMAL
...................................................................
TEMPERATURE (F)
 TODAY
  MAXIMUM         80   3:31 PM  97    1954  83     -3       84
  MINIMUM         42   6:35 AM  35    1974  58    -16       67
  AVERAGE         61                        70     -9       76

PRECIPITATION (IN)
  TODAY            0.00          2.21 1899   0.10  -0.10     0.07
  MONTH TO DATE    0.00                      0.52  -0.52     0.10
  SINCE SEP 1      2.25                      4.12  -1.87     6.75
  SINCE JAN 1     39.32                     35.52   3.80    47.60

SNOWFALL (IN)
  TODAY            0.0          MM      MM   0.0             0.0
  MONTH TO DATE    0.0                       0.0             0.0
  SINCE SEP 1      0.0                       0.0             0.0
  SINCE JUL 1      0.0                       0.0             0.0

DEGREE DAYS
 HEATING
  TODAY            4                         1      3        0
  MONTH TO DATE   15                         4     11        0
  SINCE SEP 1     22                         7     15        0
  SINCE JUL 1     22                         7     15        0

 COOLING
  TODAY            0                         6     -6       11
  MONTH TO DATE    3                        33    -30       52
  SINCE SEP 1    274                       378   -104      363
  SINCE JAN 1   2072                      2262   -190     2182
...................................................................


WIND (MPH)
  HIGHEST WIND SPEED    13   HIGHEST WIND DIRECTION    NW (330)
  HIGHEST GUST SPEED    17   HIGHEST GUST DIRECTION     W (290)
  AVERAGE WIND SPEED     2.8


SKY COVER
  AVERAGE SKY COVER 0.0


WEATHER CONDITIONS
THE FOLLOWING WEATHER WAS RECORDED TODAY.
  FOG


RELATIVE HUMIDITY (PERCENT)
 HIGHEST   100           5:00 AM
 LOWEST     18           2:00 PM
 AVERAGE    59

..........................................................


THE AUGUSTA BUSH FIELD GA CLIMATE NORMALS FOR TOMORROW
                         NORMAL    RECORD    YEAR
 MAXIMUM TEMPERATURE (F)   82        97      1954
 MINIMUM TEMPERATURE (F)   58        39      1961


SUNRISE AND SUNSET
OCTOBER  5 2022.......SUNRISE   7:25 AM EDT   SUNSET   7:07 PM EDT
OCTOBER  6 2022.......SUNRISE   7:26 AM EDT   SUNSET   7:06 PM EDT


-  INDICATES NEGATIVE NUMBERS.
R  INDICATES RECORD WAS SET OR TIED.
MM INDICATES DATA IS MISSING.
T  INDICATES TRACE AMOUNT.




$$
