000
CDUS42 KFFC 260818
CLIAHN

CLIMATE REPORT
NATIONAL WEATHER SERVICE PEACHTREE CITY GA
418 AM EDT MON SEP 26 2022

...................................

...THE ATHENS CLIMATE SUMMARY FOR SEPTEMBER 25 2022...

CLIMATE NORMAL PERIOD: 1991 TO 2020
CLIMATE RECORD PERIOD: 1898 TO 2022


WEATHER ITEM   OBSERVED TIME   RECORD YEAR NORMAL DEPARTURE LAST
                VALUE   (LST)  VALUE       VALUE  FROM      YEAR
                                                  NORMAL
...................................................................
TEMPERATURE (F)
 YESTERDAY
  MAXIMUM         82   4:17 PM  96    1931  82      0       81
  MINIMUM         57   3:31 AM  42    1928  60     -3       52
  AVERAGE         70                        71     -1       67

PRECIPITATION (IN)
  YESTERDAY        0.00          5.34 1956   0.15  -0.15     0.00
  MONTH TO DATE    2.64                      3.15  -0.51     2.02
  SINCE SEP 1      2.64                      3.15  -0.51     2.02
  SINCE JAN 1     32.86                     36.67  -3.81    37.83

DEGREE DAYS
 HEATING
  YESTERDAY        0                         0      0        0
  MONTH TO DATE    0                         0      0        0
  SINCE SEP 1      0                         0      0        0
  SINCE JUL 1      0                         0      0        0

 COOLING
  YESTERDAY        5                         7     -2        2
  MONTH TO DATE  251                       246      5      250
  SINCE SEP 1    251                       246      5      250
  SINCE JAN 1   1970                      1846    124     1947
...................................................................


WIND (MPH)
  RESULTANT WIND SPEED   1   RESULTANT WIND DIRECTION  SE (150)
  HIGHEST WIND SPEED    12   HIGHEST WIND DIRECTION    SW (240)
  HIGHEST GUST SPEED    19   HIGHEST GUST DIRECTION    SW (230)
  AVERAGE WIND SPEED     2.4


SKY COVER
  POSSIBLE SUNSHINE  MM
  AVERAGE SKY COVER 0.2


WEATHER CONDITIONS
THE FOLLOWING WEATHER WAS RECORDED YESTERDAY.
  NO SIGNIFICANT WEATHER WAS OBSERVED.


RELATIVE HUMIDITY (PERCENT)
 HIGHEST    87          11:00 PM
 LOWEST     52           4:00 PM
 AVERAGE    70

..........................................................


THE ATHENS CLIMATE NORMALS FOR TODAY
                         NORMAL    RECORD    YEAR
 MAXIMUM TEMPERATURE (F)   82        96      1925
 MINIMUM TEMPERATURE (F)   60        45      1950
                                             2001


SUNRISE AND SUNSET
SEPTEMBER 26 2022.....SUNRISE   7:24 AM EDT   SUNSET   7:24 PM EDT
SEPTEMBER 27 2022.....SUNRISE   7:25 AM EDT   SUNSET   7:23 PM EDT


-  INDICATES NEGATIVE NUMBERS.
R  INDICATES RECORD WAS SET OR TIED.
MM INDICATES DATA IS MISSING.
T  INDICATES TRACE AMOUNT.




$$
