000
CDUS45 KCYS 010729
CLIAIA

CLIMATE REPORT
NATIONAL WEATHER SERVICE CHEYENNE WY
129 AM MDT SAT OCT 01 2022

...................................

...THE ALLIANCE NEBRASKA AIRPORT CLIMATE SUMMARY FOR SEPTEMBER 30 2022...

CLIMATE NORMAL PERIOD 1991 TO 2020
CLIMATE RECORD PERIOD 1896 TO 2022


WEATHER ITEM   OBSERVED TIME   RECORD YEAR NORMAL DEPARTURE LAST
                VALUE   (LST)  VALUE       VALUE  FROM      YEAR
                                                  NORMAL
...................................................................
TEMPERATURE (F)
 YESTERDAY
  MAXIMUM         85    222 PM  90    1980  70     15       67
  MINIMUM         44    556 AM  18    1985  36      8       40
  AVERAGE         65                        53     12       54

PRECIPITATION (IN)
  YESTERDAY        T             0.84 1904   0.04  -0.04     0.00
  MONTH TO DATE    0.78                      1.26  -0.48     2.57
  SINCE SEP 1      0.78                      1.26  -0.48     2.57
  SINCE JAN 1     11.29                     13.50  -2.21    10.94

DEGREE DAYS
 HEATING
  YESTERDAY        0                        12    -12       11
  MONTH TO DATE  100                       192    -92       89
  SINCE SEP 1    100                       192    -92       89
  SINCE JUL 1    102                       229   -127       96

 COOLING
  YESTERDAY        0                         0      0        0
  MONTH TO DATE   94                        44     50       77
  SINCE SEP 1     94                        44     50       77
  SINCE JAN 1    808                       561    247      806
...................................................................


WIND (MPH)
  HIGHEST WIND SPEED    26   HIGHEST WIND DIRECTION     W (270)
  HIGHEST GUST SPEED    35   HIGHEST GUST DIRECTION    SW (240)
  AVERAGE WIND SPEED     8.7


SKY COVER
  POSSIBLE SUNSHINE  MM
  AVERAGE SKY COVER 0.1


WEATHER CONDITIONS
THE FOLLOWING WEATHER WAS RECORDED YESTERDAY.
  LIGHT RAIN


RELATIVE HUMIDITY (PERCENT)
 HIGHEST    89           600 AM
 LOWEST     23           100 PM
 AVERAGE    56

..........................................................


THE ALLIANCE NEBRASKA AIRPORT CLIMATE NORMALS FOR TODAY
                         NORMAL    RECORD    YEAR
 MAXIMUM TEMPERATURE (F)   70        91      1953
                                             2005
 MINIMUM TEMPERATURE (F)   36        20      1999


SUNRISE AND SUNSET
OCTOBER  1 2022.......SUNRISE   648 AM MDT   SUNSET   633 PM MDT
OCTOBER  2 2022.......SUNRISE   649 AM MDT   SUNSET   631 PM MDT


-  INDICATES NEGATIVE NUMBERS.
R  INDICATES RECORD WAS SET OR TIED.
MM INDICATES DATA IS MISSING.
T  INDICATES TRACE AMOUNT.




$$
