000
CDAK48 PAFC 060049
CLIAKN

CLIMATE REPORT
NATIONAL WEATHER SERVICE ANCHORAGE, AK
449 PM AKDT WED OCT 05 2022

...................................

...THE KING SALMON CLIMATE SUMMARY FOR OCTOBER 5 2022...
VALID TODAY AS OF 0400 PM LOCAL TIME.

CLIMATE NORMAL PERIOD: 1991 TO 2020
CLIMATE RECORD PERIOD: 1917 TO 2022


WEATHER ITEM   OBSERVED TIME   RECORD YEAR NORMAL DEPARTURE LAST
                VALUE   (LST)  VALUE       VALUE  FROM      YEAR
                                                  NORMAL
...................................................................
TEMPERATURE (F)
 TODAY
  MAXIMUM         59R  2:30 PM  59    2018  49     10       49
  MINIMUM         43   8:59 AM  13    1971  34      9       37
  AVERAGE         51                        41     10       43

PRECIPITATION (IN)
  TODAY            T             0.64 1994   0.10  -0.10     0.38
  MONTH TO DATE    1.06                      0.49   0.57     0.40
  SINCE SEP 1      5.75                      3.89   1.86     3.34
  SINCE JAN 1     20.05                     16.52   3.53    16.63

DEGREE DAYS
 HEATING
  TODAY           14                        24    -10       22
  MONTH TO DATE   94                       114    -20      156
  SINCE SEP 1    608                       604      4      802
  SINCE JUL 1   1168                      1153     15     1496

 COOLING
  TODAY            0                         0      0        0
  MONTH TO DATE    0                         0      0        0
  SINCE SEP 1      0                         0      0        0
  SINCE JAN 1      0                         3     -3        0
...................................................................


WIND (MPH)
  RESULTANT WIND SPEED  14   RESULTANT WIND DIRECTION   N (10)
  HIGHEST WIND SPEED    21   HIGHEST WIND DIRECTION     N (360)
  HIGHEST GUST SPEED    25   HIGHEST GUST DIRECTION     N (360)
  AVERAGE WIND SPEED    13.8


SKY COVER
  AVERAGE SKY COVER 0.5


WEATHER CONDITIONS
THE FOLLOWING WEATHER WAS RECORDED TODAY.
  NO SIGNIFICANT WEATHER WAS OBSERVED.


RELATIVE HUMIDITY (PERCENT)
 HIGHEST    96
 LOWEST     67
 AVERAGE    82

..........................................................


THE KING SALMON CLIMATE NORMALS FOR TOMORROW
                         NORMAL    RECORD    YEAR
 MAXIMUM TEMPERATURE (F)   48        59      2003
                                             2018
 MINIMUM TEMPERATURE (F)   33        13      1958
                                             1988


SUNRISE AND SUNSET
OCTOBER  5 2022.......SUNRISE   8:41 AM AKDT  SUNSET   7:48 PM AKDT
OCTOBER  6 2022.......SUNRISE   8:43 AM AKDT  SUNSET   7:45 PM AKDT


-  INDICATES NEGATIVE NUMBERS.
R  INDICATES RECORD WAS SET OR TIED.
MM INDICATES DATA IS MISSING.
T  INDICATES TRACE AMOUNT.




$$
