000
CDUS45 KBOU 020815
CLIAKO

CLIMATE REPORT
NATIONAL WEATHER SERVICE
215 AM MDT SUN OCT 02 2022

...................................

...THE AKRON CO CLIMATE SUMMARY FOR OCTOBER 1 2022...

CLIMATE NORMAL PERIOD 1991 TO 2020
CLIMATE RECORD PERIOD 9999 TO 9999


WEATHER ITEM   OBSERVED TIME   RECORD YEAR NORMAL DEPARTURE LAST
                VALUE   (LST)  VALUE       VALUE  FROM      YEAR
                                                  NORMAL
...................................................................
TEMPERATURE (F)
 YESTERDAY
  MAXIMUM         75        MM  89    1938  71      4
  MINIMUM         51        MM  28    1985  43      8
  AVERAGE         63                        57      6

PRECIPITATION (IN)
  YESTERDAY        0.07          0.89 1994   0.04   0.03     0.00
  MONTH TO DATE    0.07                      0.04   0.03     0.00
  SINCE OCT 1      0.07                      0.04   0.03     0.00
  SINCE JAN 1     10.60                     13.82  -3.22    13.52

SNOWFALL (IN)
  YESTERDAY       MM
  SNOW DEPTH      MM

DEGREE DAYS
 HEATING
  YESTERDAY        2
  MONTH TO DATE    2

 COOLING
  YESTERDAY        0
  MONTH TO DATE    0
...................................................................


WIND (MPH)
  HIGHEST WIND SPEED    35   HIGHEST WIND DIRECTION    SW (220)
  HIGHEST GUST SPEED    62   HIGHEST GUST DIRECTION     S (190)


RELATIVE HUMIDITY (PERCENT)
 HIGHEST   100
 LOWEST     37
 AVERAGE    69

..........................................................


THE AKRON CO CLIMATE NORMALS FOR TODAY
                         NORMAL    RECORD    YEAR
 MAXIMUM TEMPERATURE (F)   71        91      1954
 MINIMUM TEMPERATURE (F)   43        29      1959


SUNRISE AND SUNSET
OCTOBER  2 2022.......SUNRISE   650 AM MDT   SUNSET   633 PM MDT
OCTOBER  3 2022.......SUNRISE   651 AM MDT   SUNSET   632 PM MDT


-  INDICATES NEGATIVE NUMBERS.
R  INDICATES RECORD WAS SET OR TIED.
MM INDICATES DATA IS MISSING.
T  INDICATES TRACE AMOUNT.




$$
